{"id":85,"date":"2023-10-25T15:18:26","date_gmt":"2023-10-25T18:18:26","guid":{"rendered":"https:\/\/sites.uel.br\/cpcb\/?page_id=85"},"modified":"2026-04-06T08:54:32","modified_gmt":"2026-04-06T11:54:32","slug":"submissao-de-trabalhos","status":"publish","type":"page","link":"https:\/\/sites.uel.br\/cpcb\/submissao-de-trabalhos\/","title":{"rendered":"Submiss\u00e3o de trabalhos"},"content":{"rendered":"\n<div style=\"height:35px\" aria-hidden=\"true\" class=\"wp-block-spacer\"><\/div>\n\n\n\n<h3 class=\"wp-block-heading has-text-align-center is-style-default has-text-color has-link-color has-large-font-size wp-elements-90ae4fbc20248d28897340502d80fe7e\" style=\"color:#000000\">Resumos<\/h3>\n\n\n\n<p class=\"has-text-align-center\">O per\u00edodo de submiss\u00e3o de resumos \u00e9 de&nbsp;<strong>09 de fevereiro de 2026 &nbsp;<\/strong>a <strong>24 de abril de 2026.<\/strong><\/p>\n\n\n\n<div class=\"wp-block-buttons is-vertical is-content-justification-stretch is-layout-flex wp-container-core-buttons-is-layout-17fa3ba5 wp-block-buttons-is-layout-flex\">\n<div class=\"wp-block-button has-custom-width wp-block-button__width-100 is-style-outline is-style-outline--1\"><a class=\"wp-block-button__link has-text-color has-background wp-element-button\" href=\"https:\/\/sites.uel.br\/cpcb\/wp-content\/uploads\/2026\/04\/Normas_Resumo_14CPCB_Corrigido.pdf\" style=\"color:#ffffff;background-color:#766da7\" target=\"_blank\" rel=\"noreferrer noopener\"><strong>Normas para elabora\u00e7\u00e3o de Resumos<\/strong><\/a><\/div>\n\n\n\n<div class=\"wp-block-button has-custom-width wp-block-button__width-100 is-style-outline is-style-outline--2\"><a class=\"wp-block-button__link has-text-color has-background wp-element-button\" href=\"https:\/\/sites.uel.br\/cpcb\/wp-content\/uploads\/2026\/02\/Modelo-de-Resumo-14\u00b0-CPCB-1.docx\" style=\"color:#ffffff;background-color:#766da7\" target=\"_blank\" rel=\"noreferrer noopener\"><strong>Modelo de Resumo do 1<\/strong>4<strong>\u00ba CPCB<\/strong><\/a><\/div>\n\n\n\n<div class=\"wp-block-button has-custom-width wp-block-button__width-100 is-style-outline is-style-outline--3\"><a class=\"wp-block-button__link has-text-color has-background wp-element-button\" href=\"https:\/\/sites.uel.br\/cpcb\/wp-content\/uploads\/2026\/02\/Modelo-de-Resumo-14\u00b0-CPCB-sem-dados.docx\" style=\"color:#ffffff;background-color:#766da7\"><strong>Modelo de Resumo do 14\u00ba CPCB<\/strong> sem dados<\/a><\/div>\n<\/div>\n\n\n\n<p><\/p>\n","protected":false},"excerpt":{"rendered":"<p>Resumos O per\u00edodo de submiss\u00e3o de resumos \u00e9 de&nbsp;09 de fevereiro de 2026 &nbsp;a 24 de abril de 2026.<\/p>\n","protected":false},"author":7,"featured_media":0,"parent":0,"menu_order":0,"comment_status":"closed","ping_status":"closed","template":"","meta":{"footnotes":""},"class_list":["post-85","page","type-page","status-publish","hentry"],"acf":[],"_links":{"self":[{"href":"https:\/\/sites.uel.br\/cpcb\/wp-json\/wp\/v2\/pages\/85","targetHints":{"allow":["GET"]}}],"collection":[{"href":"https:\/\/sites.uel.br\/cpcb\/wp-json\/wp\/v2\/pages"}],"about":[{"href":"https:\/\/sites.uel.br\/cpcb\/wp-json\/wp\/v2\/types\/page"}],"author":[{"embeddable":true,"href":"https:\/\/sites.uel.br\/cpcb\/wp-json\/wp\/v2\/users\/7"}],"replies":[{"embeddable":true,"href":"https:\/\/sites.uel.br\/cpcb\/wp-json\/wp\/v2\/comments?post=85"}],"version-history":[{"count":104,"href":"https:\/\/sites.uel.br\/cpcb\/wp-json\/wp\/v2\/pages\/85\/revisions"}],"predecessor-version":[{"id":1044,"href":"https:\/\/sites.uel.br\/cpcb\/wp-json\/wp\/v2\/pages\/85\/revisions\/1044"}],"wp:attachment":[{"href":"https:\/\/sites.uel.br\/cpcb\/wp-json\/wp\/v2\/media?parent=85"}],"curies":[{"name":"wp","href":"https:\/\/api.w.org\/{rel}","templated":true}]}}