{"id":73,"date":"2023-11-10T10:34:29","date_gmt":"2023-11-10T13:34:29","guid":{"rendered":"https:\/\/sites.uel.br\/cpa\/?page_id=73"},"modified":"2024-03-20T15:02:52","modified_gmt":"2024-03-20T18:02:52","slug":"relatorio-cpa-2021-2023","status":"publish","type":"page","link":"https:\/\/sites.uel.br\/cpa\/relatorio-cpa-2021-2023\/","title":{"rendered":"Relat\u00f3rio CPA 2021-2023"},"content":{"rendered":"\n<p><\/p>\n\n\n\n<p><strong>Relat\u00f3rio de Autoavalia\u00e7\u00e3o Institucional da Universidade Estadual de Londrina: Tri\u00eanio 2021-2023<\/strong><\/p>\n\n\n\n<p>a)\u00a0<a href=\"https:\/\/sites.uel.br\/cpa\/wp-content\/uploads\/2024\/03\/RELATORIO-CPA-ano-base-2021.pdf\" target=\"_blank\" rel=\"noreferrer noopener\">Relat\u00f3rio Parcial 01<\/a>: Ano base 2021<\/p>\n","protected":false},"excerpt":{"rendered":"<p>Relat\u00f3rio de Autoavalia\u00e7\u00e3o Institucional da Universidade Estadual de Londrina: Tri\u00eanio 2021-2023 a)\u00a0Relat\u00f3rio Parcial 01: Ano base 2021<\/p>\n","protected":false},"author":6,"featured_media":0,"parent":0,"menu_order":0,"comment_status":"closed","ping_status":"closed","template":"","meta":{"_acf_changed":false,"_themeisle_gutenberg_block_has_review":false,"footnotes":""},"class_list":["post-73","page","type-page","status-publish","hentry"],"acf":[],"_links":{"self":[{"href":"https:\/\/sites.uel.br\/cpa\/wp-json\/wp\/v2\/pages\/73","targetHints":{"allow":["GET"]}}],"collection":[{"href":"https:\/\/sites.uel.br\/cpa\/wp-json\/wp\/v2\/pages"}],"about":[{"href":"https:\/\/sites.uel.br\/cpa\/wp-json\/wp\/v2\/types\/page"}],"author":[{"embeddable":true,"href":"https:\/\/sites.uel.br\/cpa\/wp-json\/wp\/v2\/users\/6"}],"replies":[{"embeddable":true,"href":"https:\/\/sites.uel.br\/cpa\/wp-json\/wp\/v2\/comments?post=73"}],"version-history":[{"count":3,"href":"https:\/\/sites.uel.br\/cpa\/wp-json\/wp\/v2\/pages\/73\/revisions"}],"predecessor-version":[{"id":173,"href":"https:\/\/sites.uel.br\/cpa\/wp-json\/wp\/v2\/pages\/73\/revisions\/173"}],"wp:attachment":[{"href":"https:\/\/sites.uel.br\/cpa\/wp-json\/wp\/v2\/media?parent=73"}],"curies":[{"name":"wp","href":"https:\/\/api.w.org\/{rel}","templated":true}]}}