{"id":21,"date":"2023-11-10T10:01:55","date_gmt":"2023-11-10T13:01:55","guid":{"rendered":"https:\/\/sites.uel.br\/cpa\/?page_id=21"},"modified":"2026-04-27T15:20:49","modified_gmt":"2026-04-27T18:20:49","slug":"composicao-2","status":"publish","type":"page","link":"https:\/\/sites.uel.br\/cpa\/composicao-2\/","title":{"rendered":"Composi\u00e7\u00e3o"},"content":{"rendered":"\n<p><\/p>\n\n\n\n<p>A atual Comiss\u00e3o Pr\u00f3pria de Avalia\u00e7\u00e3o da UEL (CPA\/UEL) foi constitu\u00edda pela\u00a0Portaria n\u00ba 3589, de 15 de dezembro de 2025<\/p>\n\n\n\n<blockquote class=\"wp-block-quote is-layout-flow wp-block-quote-is-layout-flow\">\n<p><strong>PRESIDENTE<\/strong><\/p>\n\n\n\n<p>Prof\u00aa.\u00a0Jacques Du\u00edlio Brancher &#8211; CCE\u00a0<\/p>\n\n\n\n<p><strong>VICE PRESIDENTE<\/strong><\/p>\n\n\n\n<p>Profa. Ester Massae Okamoto Dalla Costa (CCS)<\/p>\n<\/blockquote>\n\n\n\n<blockquote class=\"wp-block-quote is-layout-flow wp-block-quote-is-layout-flow\">\n<p><strong><u>TITULARES<\/u><\/strong>&nbsp;<\/p>\n\n\n\n<p><strong>Docentes<\/strong><\/p>\n\n\n\n<p>Profa. Ana Paula Frederico Rodrigues Loureiro (CCA)<\/p>\n\n\n\n<p>Profa. Angela Lamas Rodrigues (CLCH)<\/p>\n\n\n\n<p>Profa. C\u00e2ndida Alayde Carvalho Bittencourt (CECA)<\/p>\n\n\n\n<p>Prof. Dalberto Luiz De Santo (CEFE)<\/p>\n\n\n\n<p>Profa. Denise Maria Fank de Almeida (CESA)<\/p>\n\n\n\n<p>Profa. Ester Massae Okamoto Dalla Costa (CCS)<\/p>\n\n\n\n<p>Prof. Jacques Du\u00edlio Brancher (CCE)<\/p>\n\n\n\n<p>Profa. Luciane Marcela Filizola de Oliveira (CTU)<\/p>\n\n\n\n<p>Prof. Maiango Dias&nbsp;(CCB)<\/p>\n\n\n\n<p><\/p>\n<\/blockquote>\n\n\n\n<blockquote class=\"wp-block-quote is-layout-flow wp-block-quote-is-layout-flow\">\n<p><strong>T\u00e9cnicos-Administrativos<\/strong><\/p>\n\n\n\n<p>Alexandre do Nascimento Mar\u00e7al (PROAF)<\/p>\n\n\n\n<p>Graciele Al\u00edpio (PROAF)<\/p>\n<\/blockquote>\n\n\n\n<blockquote class=\"wp-block-quote is-layout-flow wp-block-quote-is-layout-flow\">\n<p><strong>Representante da Sociedade Civil Organizada<\/strong><\/p>\n\n\n\n<p>Lacier Da Costa Dias J\u00fanior (CMCTI)<\/p>\n<\/blockquote>\n\n\n\n<p><\/p>\n\n\n\n<blockquote class=\"wp-block-quote is-layout-flow wp-block-quote-is-layout-flow\">\n<p><strong>Representante Discente<\/strong><\/p>\n\n\n\n<p>Sem indica\u00e7\u00e3o at\u00e9 o presente momento.<\/p>\n<\/blockquote>\n\n\n\n<p><\/p>\n\n\n\n<blockquote class=\"wp-block-quote is-layout-flow wp-block-quote-is-layout-flow\">\n<p><strong>SUPLENTES<\/strong>&nbsp;<\/p>\n\n\n\n<p>&nbsp;<strong>Docentes<\/strong><\/p>\n\n\n\n<p>Profa. Catia Campaner Ferrari Bernardy (CCS)<\/p>\n\n\n\n<p>Profa. D\u00e9bora Luise Xavier (CLCH)<\/p>\n\n\n\n<p>Prof. Laurival Antonio Vilas Boas (CCB)<\/p>\n\n\n\n<p>Profa. Simone Vinhas de Oliveira (CESA)<\/p>\n\n\n\n<p>Prof. Valter Harry Bumbieris Junior (CCA)<\/p>\n\n\n\n<p>CTU &#8211; Sem indica\u00e7\u00e3o at\u00e9 o presente momento.<\/p>\n\n\n\n<p>CCE &#8211; Sem indica\u00e7\u00e3o at\u00e9 o presente momento.<\/p>\n\n\n\n<p>CEFE &#8211; Sem indica\u00e7\u00e3o at\u00e9 o presente momento.<\/p>\n<\/blockquote>\n\n\n\n<blockquote class=\"wp-block-quote is-layout-flow wp-block-quote-is-layout-flow\">\n<p>&nbsp;<strong>T\u00e9cnicos-Administrativos<\/strong><\/p>\n\n\n\n<p>Claudinea Ang\u00e9lica dos Santos (LABTED)<\/p>\n\n\n\n<p>Zaneti Corr\u00eaa da Silva (CESA)<\/p>\n<\/blockquote>\n\n\n\n<p><\/p>\n\n\n\n<blockquote class=\"wp-block-quote is-layout-flow wp-block-quote-is-layout-flow\">\n<p><strong>Representante da Sociedade Civil Organizada<\/strong><\/p>\n\n\n\n<p>&nbsp;Sem indica\u00e7\u00e3o at\u00e9 o presente momento.<\/p>\n<\/blockquote>\n\n\n\n<blockquote class=\"wp-block-quote is-layout-flow wp-block-quote-is-layout-flow\">\n<p><strong>Representante Discente<\/strong><\/p>\n\n\n\n<p>Sem indica\u00e7\u00e3o at\u00e9 o presente momento.<\/p>\n<\/blockquote>\n\n\n\n<blockquote class=\"wp-block-quote is-layout-flow wp-block-quote-is-layout-flow\">\n<p><strong>&nbsp;MANDATO: at\u00e9 27.12.2025<\/strong>&nbsp;&nbsp;<\/p>\n<\/blockquote>\n","protected":false},"excerpt":{"rendered":"<p>A atual Comiss\u00e3o Pr\u00f3pria de Avalia\u00e7\u00e3o da UEL (CPA\/UEL) foi constitu\u00edda pela\u00a0Portaria n\u00ba 3589, de 15 de dezembro de 2025 PRESIDENTE Prof\u00aa.\u00a0Jacques Du\u00edlio Brancher &#8211; CCE\u00a0 VICE PRESIDENTE Profa. Ester Massae Okamoto Dalla Costa (CCS) TITULARES&nbsp; Docentes Profa. Ana Paula Frederico Rodrigues Loureiro (CCA) Profa. Angela Lamas Rodrigues (CLCH) Profa. C\u00e2ndida Alayde Carvalho Bittencourt (CECA) [&hellip;]<\/p>\n","protected":false},"author":6,"featured_media":0,"parent":0,"menu_order":0,"comment_status":"closed","ping_status":"closed","template":"","meta":{"_acf_changed":false,"_themeisle_gutenberg_block_has_review":false,"footnotes":""},"class_list":["post-21","page","type-page","status-publish","hentry"],"acf":[],"_links":{"self":[{"href":"https:\/\/sites.uel.br\/cpa\/wp-json\/wp\/v2\/pages\/21","targetHints":{"allow":["GET"]}}],"collection":[{"href":"https:\/\/sites.uel.br\/cpa\/wp-json\/wp\/v2\/pages"}],"about":[{"href":"https:\/\/sites.uel.br\/cpa\/wp-json\/wp\/v2\/types\/page"}],"author":[{"embeddable":true,"href":"https:\/\/sites.uel.br\/cpa\/wp-json\/wp\/v2\/users\/6"}],"replies":[{"embeddable":true,"href":"https:\/\/sites.uel.br\/cpa\/wp-json\/wp\/v2\/comments?post=21"}],"version-history":[{"count":24,"href":"https:\/\/sites.uel.br\/cpa\/wp-json\/wp\/v2\/pages\/21\/revisions"}],"predecessor-version":[{"id":358,"href":"https:\/\/sites.uel.br\/cpa\/wp-json\/wp\/v2\/pages\/21\/revisions\/358"}],"wp:attachment":[{"href":"https:\/\/sites.uel.br\/cpa\/wp-json\/wp\/v2\/media?parent=21"}],"curies":[{"name":"wp","href":"https:\/\/api.w.org\/{rel}","templated":true}]}}

Composição

<p></p>



<p>A atual Comissão Própria de Avaliação da UEL (CPA/UEL) foi constituída pela Portaria nº 3589, de 15 de dezembro de 2025</p>



<blockquote class="wp-block-quote is-layout-flow wp-block-quote-is-layout-flow">
<p><strong>PRESIDENTE</strong></p>



<p>Profª. Jacques Duílio Brancher &#8211; CCE </p>



<p><strong>VICE PRESIDENTE</strong></p>



<p>Profa. Ester Massae Okamoto Dalla Costa (CCS)</p>
</blockquote>



<blockquote class="wp-block-quote is-layout-flow wp-block-quote-is-layout-flow">
<p><strong><u>TITULARES</u></strong>&nbsp;</p>



<p><strong>Docentes</strong></p>



<p>Profa. Ana Paula Frederico Rodrigues Loureiro (CCA)</p>



<p>Profa. Angela Lamas Rodrigues (CLCH)</p>



<p>Profa. Cândida Alayde Carvalho Bittencourt (CECA)</p>



<p>Prof. Dalberto Luiz De Santo (CEFE)</p>



<p>Profa. Denise Maria Fank de Almeida (CESA)</p>



<p>Profa. Ester Massae Okamoto Dalla Costa (CCS)</p>



<p>Prof. Jacques Duílio Brancher (CCE)</p>



<p>Profa. Luciane Marcela Filizola de Oliveira (CTU)</p>



<p>Prof. Maiango Dias&nbsp;(CCB)</p>



<p></p>
</blockquote>



<blockquote class="wp-block-quote is-layout-flow wp-block-quote-is-layout-flow">
<p><strong>Técnicos-Administrativos</strong></p>



<p>Alexandre do Nascimento Marçal (PROAF)</p>



<p>Graciele Alípio (PROAF)</p>
</blockquote>



<blockquote class="wp-block-quote is-layout-flow wp-block-quote-is-layout-flow">
<p><strong>Representante da Sociedade Civil Organizada</strong></p>



<p>Lacier Da Costa Dias Júnior (CMCTI)</p>
</blockquote>



<p></p>



<blockquote class="wp-block-quote is-layout-flow wp-block-quote-is-layout-flow">
<p><strong>Representante Discente</strong></p>



<p>Sem indicação até o presente momento.</p>
</blockquote>



<p></p>



<blockquote class="wp-block-quote is-layout-flow wp-block-quote-is-layout-flow">
<p><strong>SUPLENTES</strong>&nbsp;</p>



<p>&nbsp;<strong>Docentes</strong></p>



<p>Profa. Catia Campaner Ferrari Bernardy (CCS)</p>



<p>Profa. Débora Luise Xavier (CLCH)</p>



<p>Prof. Laurival Antonio Vilas Boas (CCB)</p>



<p>Profa. Simone Vinhas de Oliveira (CESA)</p>



<p>Prof. Valter Harry Bumbieris Junior (CCA)</p>



<p>CTU &#8211; Sem indicação até o presente momento.</p>



<p>CCE &#8211; Sem indicação até o presente momento.</p>



<p>CEFE &#8211; Sem indicação até o presente momento.</p>
</blockquote>



<blockquote class="wp-block-quote is-layout-flow wp-block-quote-is-layout-flow">
<p>&nbsp;<strong>Técnicos-Administrativos</strong></p>



<p>Claudinea Angélica dos Santos (LABTED)</p>



<p>Zaneti Corrêa da Silva (CESA)</p>
</blockquote>



<p></p>



<blockquote class="wp-block-quote is-layout-flow wp-block-quote-is-layout-flow">
<p><strong>Representante da Sociedade Civil Organizada</strong></p>



<p>&nbsp;Sem indicação até o presente momento.</p>
</blockquote>



<blockquote class="wp-block-quote is-layout-flow wp-block-quote-is-layout-flow">
<p><strong>Representante Discente</strong></p>



<p>Sem indicação até o presente momento.</p>
</blockquote>



<blockquote class="wp-block-quote is-layout-flow wp-block-quote-is-layout-flow">
<p><strong>&nbsp;MANDATO: até 27.12.2025</strong>&nbsp;&nbsp;</p>
</blockquote>

<p>A atual Comissão Própria de Avaliação da UEL (CPA/UEL) foi constituída pela Portaria nº 3589, de 15 de dezembro de 2025 PRESIDENTE Profª. Jacques Duílio Brancher &#8211; CCE  VICE PRESIDENTE Profa. Ester Massae Okamoto Dalla Costa (CCS) TITULARES&nbsp; Docentes Profa. Ana Paula Frederico Rodrigues Loureiro (CCA) Profa. Angela Lamas Rodrigues (CLCH) Profa. Cândida Alayde Carvalho Bittencourt (CECA) [&hellip;]</p>
