{"id":194,"date":"2024-10-16T10:54:42","date_gmt":"2024-10-16T13:54:42","guid":{"rendered":"https:\/\/sites.uel.br\/cpa\/?page_id=194"},"modified":"2024-11-21T11:08:22","modified_gmt":"2024-11-21T14:08:22","slug":"forumcpasparana","status":"publish","type":"page","link":"https:\/\/sites.uel.br\/cpa\/forumcpasparana\/","title":{"rendered":"I F\u00f3rum Estadual das CPAs do Paran\u00e1"},"content":{"rendered":"\n<figure class=\"wp-block-image size-full is-resized\"><img loading=\"lazy\" decoding=\"async\" width=\"8192\" height=\"966\" src=\"https:\/\/sites.uel.br\/cpa\/wp-content\/uploads\/2024\/10\/faixaCPAsite1.png\" alt=\"\" class=\"wp-image-200\" style=\"width:1062px;height:auto\" srcset=\"https:\/\/sites.uel.br\/cpa\/wp-content\/uploads\/2024\/10\/faixaCPAsite1.png 8192w, https:\/\/sites.uel.br\/cpa\/wp-content\/uploads\/2024\/10\/faixaCPAsite1-300x35.png 300w, https:\/\/sites.uel.br\/cpa\/wp-content\/uploads\/2024\/10\/faixaCPAsite1-1024x121.png 1024w, https:\/\/sites.uel.br\/cpa\/wp-content\/uploads\/2024\/10\/faixaCPAsite1-768x91.png 768w, https:\/\/sites.uel.br\/cpa\/wp-content\/uploads\/2024\/10\/faixaCPAsite1-1536x181.png 1536w, https:\/\/sites.uel.br\/cpa\/wp-content\/uploads\/2024\/10\/faixaCPAsite1-2048x242.png 2048w\" sizes=\"auto, (max-width: 8192px) 100vw, 8192px\" \/><\/figure>\n\n\n\n<div class=\"wp-block-cover is-light has-custom-content-position is-position-top-center\"><span aria-hidden=\"true\" class=\"wp-block-cover__background has-background-dim-0 has-background-dim\" style=\"background-color:#f6f7ed\"><\/span><img loading=\"lazy\" decoding=\"async\" width=\"2595\" height=\"2829\" class=\"wp-block-cover__image-background wp-image-201\" alt=\"\" src=\"https:\/\/sites.uel.br\/cpa\/wp-content\/uploads\/2024\/10\/fundo-site.png\" data-object-fit=\"cover\" srcset=\"https:\/\/sites.uel.br\/cpa\/wp-content\/uploads\/2024\/10\/fundo-site.png 2595w, https:\/\/sites.uel.br\/cpa\/wp-content\/uploads\/2024\/10\/fundo-site-275x300.png 275w, https:\/\/sites.uel.br\/cpa\/wp-content\/uploads\/2024\/10\/fundo-site-939x1024.png 939w, https:\/\/sites.uel.br\/cpa\/wp-content\/uploads\/2024\/10\/fundo-site-768x837.png 768w, https:\/\/sites.uel.br\/cpa\/wp-content\/uploads\/2024\/10\/fundo-site-1409x1536.png 1409w, https:\/\/sites.uel.br\/cpa\/wp-content\/uploads\/2024\/10\/fundo-site-1879x2048.png 1879w\" sizes=\"auto, (max-width: 2595px) 100vw, 2595px\" \/><div class=\"wp-block-cover__inner-container is-layout-constrained wp-block-cover-is-layout-constrained\">\n<figure class=\"wp-block-image size-full\"><img loading=\"lazy\" decoding=\"async\" width=\"3903\" height=\"1220\" src=\"https:\/\/sites.uel.br\/cpa\/wp-content\/uploads\/2024\/10\/TituloEvento.png\" alt=\"\" class=\"wp-image-206\" srcset=\"https:\/\/sites.uel.br\/cpa\/wp-content\/uploads\/2024\/10\/TituloEvento.png 3903w, https:\/\/sites.uel.br\/cpa\/wp-content\/uploads\/2024\/10\/TituloEvento-300x94.png 300w, https:\/\/sites.uel.br\/cpa\/wp-content\/uploads\/2024\/10\/TituloEvento-1024x320.png 1024w, https:\/\/sites.uel.br\/cpa\/wp-content\/uploads\/2024\/10\/TituloEvento-768x240.png 768w, https:\/\/sites.uel.br\/cpa\/wp-content\/uploads\/2024\/10\/TituloEvento-1536x480.png 1536w, https:\/\/sites.uel.br\/cpa\/wp-content\/uploads\/2024\/10\/TituloEvento-2048x640.png 2048w\" sizes=\"auto, (max-width: 3903px) 100vw, 3903px\" \/><\/figure>\n\n\n\n<div style=\"height:75px\" aria-hidden=\"true\" class=\"wp-block-spacer\"><\/div>\n\n\n\n<div class=\"wp-block-buttons is-content-justification-center is-layout-flex wp-container-core-buttons-is-layout-16018d1d wp-block-buttons-is-layout-flex\">\n<div class=\"wp-block-button has-custom-width wp-block-button__width-75\"><a class=\"wp-block-button__link has-cinza-claro-color has-verde-background-color has-text-color has-background has-link-color has-text-align-center wp-element-button\" href=\"https:\/\/www.sistemasweb.uel.br\/index.php?contents=system\/insc\/index.php&amp;pagina=view\/inscricoes\/seleciona_evento.php&amp;cod_evento=9682\" target=\"_blank\" rel=\"noreferrer noopener\">Inscri\u00e7\u00f5es abertas<\/a><\/div>\n<\/div>\n\n\n\n<div style=\"height:100px\" aria-hidden=\"true\" class=\"wp-block-spacer\"><\/div>\n\n\n\n<hr class=\"wp-block-separator has-text-color has-cinza-escuro-color has-alpha-channel-opacity has-cinza-escuro-background-color has-background is-style-dots\" \/>\n\n\n\n<div style=\"height:100px\" aria-hidden=\"true\" class=\"wp-block-spacer\"><\/div>\n\n\n\n<div class=\"wp-block-columns is-layout-flex wp-container-core-columns-is-layout-9d6595d7 wp-block-columns-is-layout-flex\">\n<div class=\"wp-block-column is-layout-flow wp-block-column-is-layout-flow\" style=\"flex-basis:25%\"><div class=\"wp-block-image\">\n<figure class=\"alignleft size-full is-resized\"><img loading=\"lazy\" decoding=\"async\" width=\"200\" height=\"1300\" src=\"https:\/\/sites.uel.br\/cpa\/wp-content\/uploads\/2024\/10\/cantoEsq2.png\" alt=\"\" class=\"wp-image-199\" style=\"width:80px\" srcset=\"https:\/\/sites.uel.br\/cpa\/wp-content\/uploads\/2024\/10\/cantoEsq2.png 200w, https:\/\/sites.uel.br\/cpa\/wp-content\/uploads\/2024\/10\/cantoEsq2-46x300.png 46w\" sizes=\"auto, (max-width: 200px) 100vw, 200px\" \/><\/figure>\n<\/div><\/div>\n\n\n\n<div class=\"wp-block-column is-layout-flow wp-block-column-is-layout-flow\" style=\"flex-basis:50%\">\n<h1 class=\"wp-block-heading has-text-align-center has-verde-escuro-color has-text-color has-link-color has-medium-font-size wp-elements-c41a5599ae0d7db902500a6fccd5b4dc\">APRESENTA\u00c7\u00c3O<\/h1>\n\n\n\n<div style=\"height:50px\" aria-hidden=\"true\" class=\"wp-block-spacer\"><\/div>\n\n\n\n<p class=\"has-text-align-center\">O <em>I F\u00f3rum Estadual das CPAs do Paran\u00e1<\/em> celebra os 20 anos do SINAES com a tem\u00e1tica &#8220;<em>Conhecer para Avan\u00e7ar<\/em>&#8220;. O evento tem como objetivos: promover a discuss\u00e3o sobre a autoavalia\u00e7\u00e3o; propiciar espa\u00e7os de trocas de experi\u00eancias, di\u00e1logos e reflex\u00f5es; tra\u00e7ar metas e a\u00e7\u00f5es para o desenvolvimento das Comiss\u00f5es Pr\u00f3prias de Avalia\u00e7\u00e3o (CPAs); al\u00e9m de contribuir com a promo\u00e7\u00e3o da cultura de autoavalia\u00e7\u00e3o dessas institui\u00e7\u00f5es. Tais objetivos contribuem para a qualidade e a sustentabilidade do trabalho das CPAs estaduais, com a participa\u00e7\u00e3o da comunidade acad\u00eamica e expoentes da \u00e1rea de avalia\u00e7\u00e3o institucional no cen\u00e1rio nacional.<\/p>\n<\/div>\n\n\n\n<div class=\"wp-block-column is-layout-flow wp-block-column-is-layout-flow\" style=\"flex-basis:25%\"><div class=\"wp-block-image\">\n<figure class=\"alignright size-full is-resized\"><img loading=\"lazy\" decoding=\"async\" width=\"200\" height=\"1300\" src=\"https:\/\/sites.uel.br\/cpa\/wp-content\/uploads\/2024\/10\/cantoDir2.png\" alt=\"\" class=\"wp-image-197\" style=\"width:80px\" srcset=\"https:\/\/sites.uel.br\/cpa\/wp-content\/uploads\/2024\/10\/cantoDir2.png 200w, https:\/\/sites.uel.br\/cpa\/wp-content\/uploads\/2024\/10\/cantoDir2-46x300.png 46w\" sizes=\"auto, (max-width: 200px) 100vw, 200px\" \/><\/figure>\n<\/div><\/div>\n<\/div>\n\n\n\n<div style=\"height:150px\" aria-hidden=\"true\" class=\"wp-block-spacer\"><\/div>\n\n\n\n<div class=\"wp-block-columns is-layout-flex wp-container-core-columns-is-layout-9d6595d7 wp-block-columns-is-layout-flex\">\n<div class=\"wp-block-column is-layout-flow wp-block-column-is-layout-flow\">\n<h1 class=\"wp-block-heading has-text-align-center has-verde-escuro-color has-text-color has-link-color has-medium-font-size wp-elements-7729258669bc7fbc32ed13e894745b13\">P\u00daBLICO-ALVO<\/h1>\n\n\n\n<p class=\"has-text-align-center\">Presidentes e membros das Comiss\u00f5es Pr\u00f3prias de Avalia\u00e7\u00e3o (CPAs), gestores, professores e estudantes das Institui\u00e7\u00f5es de Ensino Superior do estado do Paran\u00e1.<\/p>\n<\/div>\n\n\n\n<div class=\"wp-block-column is-layout-flow wp-block-column-is-layout-flow\">\n<h1 class=\"wp-block-heading has-text-align-center has-verde-escuro-color has-text-color has-link-color has-medium-font-size wp-elements-a7bee861df6b72cc75cb3d716a229e79\">FORMATO DO EVENTO<\/h1>\n\n\n\n<p class=\"has-text-align-center\">H\u00edbrido (Presencial e On-line)<\/p>\n<\/div>\n<\/div>\n\n\n\n<div style=\"height:150px\" aria-hidden=\"true\" class=\"wp-block-spacer\"><\/div>\n\n\n\n<div class=\"wp-block-columns is-layout-flex wp-container-core-columns-is-layout-9d6595d7 wp-block-columns-is-layout-flex\">\n<div class=\"wp-block-column is-layout-flow wp-block-column-is-layout-flow\" style=\"flex-basis:25%\"><div class=\"wp-block-image\">\n<figure class=\"alignleft size-full is-resized\"><img loading=\"lazy\" decoding=\"async\" width=\"200\" height=\"1300\" src=\"https:\/\/sites.uel.br\/cpa\/wp-content\/uploads\/2024\/10\/cantoEsq1.png\" alt=\"\" class=\"wp-image-198\" style=\"width:95px\" srcset=\"https:\/\/sites.uel.br\/cpa\/wp-content\/uploads\/2024\/10\/cantoEsq1.png 200w, https:\/\/sites.uel.br\/cpa\/wp-content\/uploads\/2024\/10\/cantoEsq1-46x300.png 46w\" sizes=\"auto, (max-width: 200px) 100vw, 200px\" \/><\/figure>\n<\/div><\/div>\n\n\n\n<div class=\"wp-block-column is-layout-flow wp-block-column-is-layout-flow\" style=\"flex-basis:50%\">\n<h1 class=\"wp-block-heading has-text-align-center has-verde-escuro-color has-text-color has-link-color has-medium-font-size wp-elements-ad0ec3319cbd9ee770ffbd661e3d1251\">OBJETIVOS<\/h1>\n\n\n\n<div style=\"height:100px\" aria-hidden=\"true\" class=\"wp-block-spacer\"><\/div>\n\n\n\n<p class=\"has-text-align-left\">\u2022 Contribuir para a promo\u00e7\u00e3o da cultura de autoavalia\u00e7\u00e3o;<\/p>\n\n\n\n<p class=\"has-text-align-left\">\u2022 Discutir a autoavalia\u00e7\u00e3o institucional no estado do Paran\u00e1;<\/p>\n\n\n\n<p class=\"has-text-align-left\">\u2022 Analisar e refletir sobre o processo de autoavalia\u00e7\u00e3o institucional;<\/p>\n\n\n\n<p class=\"has-text-align-left\">\u2022 Propiciar espa\u00e7os de trocas de experi\u00eancias das CPAs do estado;<\/p>\n\n\n\n<p class=\"has-text-align-left\">\u2022 Diagnosticar a situa\u00e7\u00e3o das CPAs do Paran\u00e1;<\/p>\n\n\n\n<p class=\"has-text-align-left\">\u2022 Tra\u00e7ar a\u00e7\u00f5es para o desenvolvimento da autoavalia\u00e7\u00e3o institucional;<\/p>\n\n\n\n<p class=\"has-text-align-left\">\u2022 Publicizar os resultados do F\u00f3rum a reguladores, mantenedores, gestores e comunidade acad\u00eamica.<\/p>\n<\/div>\n\n\n\n<div class=\"wp-block-column is-layout-flow wp-block-column-is-layout-flow\" style=\"flex-basis:25%\"><div class=\"wp-block-image\">\n<figure class=\"alignright size-full is-resized\"><img loading=\"lazy\" decoding=\"async\" width=\"200\" height=\"1300\" src=\"https:\/\/sites.uel.br\/cpa\/wp-content\/uploads\/2024\/10\/cantoDir1.png\" alt=\"\" class=\"wp-image-196\" style=\"width:95px\" srcset=\"https:\/\/sites.uel.br\/cpa\/wp-content\/uploads\/2024\/10\/cantoDir1.png 200w, https:\/\/sites.uel.br\/cpa\/wp-content\/uploads\/2024\/10\/cantoDir1-46x300.png 46w\" sizes=\"auto, (max-width: 200px) 100vw, 200px\" \/><\/figure>\n<\/div><\/div>\n<\/div>\n\n\n\n<div style=\"height:50px\" aria-hidden=\"true\" class=\"wp-block-spacer\"><\/div>\n\n\n\n<hr class=\"wp-block-separator has-text-color has-cinza-escuro-color has-alpha-channel-opacity has-cinza-escuro-background-color has-background is-style-dots\" \/>\n\n\n\n<div style=\"height:100px\" aria-hidden=\"true\" class=\"wp-block-spacer\"><\/div>\n\n\n\n<h1 class=\"wp-block-heading has-text-align-center has-verde-escuro-color has-text-color has-link-color has-medium-font-size wp-elements-107baf559fdd1594a7983db27aa509f0\">PROGRAMA\u00c7\u00c3O<\/h1>\n\n\n\n<div style=\"height:50px\" aria-hidden=\"true\" class=\"wp-block-spacer\"><\/div>\n\n\n\n<figure class=\"wp-block-table is-style-stripes\"><table><thead><tr><th class=\"has-text-align-left\" data-align=\"left\">26 de novembro<\/th><\/tr><\/thead><tbody><tr><td class=\"has-text-align-left\" data-align=\"left\">8:00 &#8211; Credenciamento<\/td><\/tr><tr><td class=\"has-text-align-left\" data-align=\"left\"><br>9:30 &#8211; <strong>Cerim\u00f4nia de abertura<\/strong><br><br>Momento Cultural: Regional N\u00d3 na Madeira &#8211; choro e brasilidades<br><br>Profa. Dra. Marta Regina Gimenez Favaro (Reitora\/UEL)<br>Prof. Dr. Aldo Nelson Bona (Secret\u00e1rio de Estado da Seti\/PR)<br>Prof. Dra. Maria Nilza da Silva ( Gerente de Projetos &#8211; MEC\/SESU)<br>Profa. Dra. Maria das Gra\u00e7as Figueiredo Saad (Presidente da C\u00e2mara da Educa\u00e7\u00e3o Superior &#8211; CEE\/PR) <br>Profa. Dra. Roberta Puccetti (Presidente da CPA\/UEL)<br><\/td><\/tr><tr><td class=\"has-text-align-left\" data-align=\"left\">9:45 &#8211; Momento cultural<\/td><\/tr><tr><td class=\"has-text-align-left\" data-align=\"left\"><br>10:00 &#8211; Palestra de abertura: <strong>&#8220;Conhecer para avan\u00e7ar&#8221;<\/strong><br>Prof. Dr. Dilvo Ilvo Ristoff<br><\/td><\/tr><tr><td class=\"has-text-align-left\" data-align=\"left\">12:00 &#8211; Intervalo<\/td><\/tr><tr><td class=\"has-text-align-left\" data-align=\"left\"><br>14:00 &#8211; Roda de Conversa 1: <strong>Desafios e possibilidades da avalia\u00e7\u00e3o institucional<\/strong><br><br>Prof. Dr. M\u00e1rio C\u00e2ndido de Athayde Junior (Chefe da Divis\u00e3o de Regula\u00e7\u00e3o e Avalia\u00e7\u00e3o &#8211; Seti\/PR)<br>Prof. Dr. Fabiano Gon\u00e7alves Costa (Coordenador de Ensino Superior &#8211; Seti\/PR)<br>Prof. Me. Maiango Dias (CPA\/UEL)<br><br>Mediadora: Profa. Dra. Ester Dalla Costa<br>Relator: Prof. Dr. Dalberto Luiz de Santo<br><\/td><\/tr><tr><td class=\"has-text-align-left\" data-align=\"left\">16:00 &#8211; Roda de Conversa 2: <strong>Avalia\u00e7\u00e3o Institucional, para qu\u00ea?<\/strong><br><br>Profa. Dra. Nelci Janete (Unioeste)<br>Prof. Angelo Andr\u00e9 Marafon (Unicentro)<br>Prof. Dr. Alexandre Urbano (UEL)<br>Profa. Dra. Mary Angela Brandalise (UEPG)<br>\u00a0<br>Mediador: Prof. Dr. Jacques Brancher<br>Relator: Profa. Dra. Ester Dalla Costa<\/td><\/tr><\/tbody><\/table><\/figure>\n\n\n\n<figure class=\"wp-block-table is-style-stripes\"><table><thead><tr><th><br>27 de novembro<\/th><\/tr><\/thead><tbody><tr><td>9:00 &#8211; Roda de Conversa 3: <strong>Relatos de experi\u00eancias das CPAs e os desafios da autoavalia\u00e7\u00e3o institucional<\/strong><br><br>Grupo 1:<br>Profa. Dra. Ana Paula Millet Evangelista dos Santos (UENP)<br>Prof. Dr. Cezar Augusto de Oliveira Franco (UFPR)<br>Prof. Dr. Diocl\u00e9cio Camelo (UEM)<br>Profa. Dra. Mariana de Lara Hermann (Unioeste)<br>Profa. Dra. Elenita Conegero Pastor (Unioeste)<br><br>Mediadora: Profa. Dra. Claudia Lopes<br>Relator: Prof. Dr. Dalberto Luiz de Santo<\/td><\/tr><tr><td><br>10:30 &#8211; Roda de Conversa 4: <strong>Relatos de experi\u00eancias das CPAs e os desafios da autoavalia\u00e7\u00e3o institucional<\/strong><br><br>Grupo 2:<br>Profa. Dra. Roberta Puccetti (UEL)<br>Prof. Dr. Marcos dos Reis (UFFS)<br>Profa. Sara Durau Lima (Unicentro)<br>Profa. Dra. Raquel Abdalla da Rocha Oliveira (UEPG)<br><br>Mediadora: Profa. Dra. Luciane Filizola<br>Relator: Prof. Dr. Dalberto Luiz de Santo<br><\/td><\/tr><tr><td>12:00 &#8211; Intervalo<\/td><\/tr><tr><td><br>14:00 &#8211; Plen\u00e1ria de Encerramento: <strong>Relatos e apresenta\u00e7\u00e3o do documento final gerado pelos GTs e&nbsp;Planejamento do II F\u00f3rum<\/strong><br><br>Mediadora: Profa. Dra. Roberta Puccetti<br><\/td><\/tr><tr><td>16:00 &#8211; Encerramento<\/td><\/tr><tr><td><\/td><\/tr><\/tbody><\/table><\/figure>\n\n\n\n<div style=\"height:100px\" aria-hidden=\"true\" class=\"wp-block-spacer\"><\/div>\n\n\n\n<div class=\"wp-block-buttons is-content-justification-center is-layout-flex wp-container-core-buttons-is-layout-16018d1d wp-block-buttons-is-layout-flex\">\n<div class=\"wp-block-button has-custom-width wp-block-button__width-75\"><a class=\"wp-block-button__link has-cinza-claro-color has-verde-background-color has-text-color has-background has-link-color has-text-align-center wp-element-button\" href=\"https:\/\/www.youtube.com\/@CPAUEL\" target=\"_blank\" rel=\"noreferrer noopener\">Acompanhe a transmiss\u00e3o ao vivo<\/a><\/div>\n<\/div>\n\n\n\n<div style=\"height:150px\" aria-hidden=\"true\" class=\"wp-block-spacer\"><\/div>\n\n\n\n<div class=\"wp-block-columns is-layout-flex wp-container-core-columns-is-layout-9d6595d7 wp-block-columns-is-layout-flex\">\n<div class=\"wp-block-column is-layout-flow wp-block-column-is-layout-flow\" style=\"flex-basis:25%\"><\/div>\n\n\n\n<div class=\"wp-block-column is-layout-flow wp-block-column-is-layout-flow\" style=\"flex-basis:50%\">\n<h1 class=\"wp-block-heading has-text-align-center has-verde-escuro-color has-text-color has-link-color has-medium-font-size wp-elements-2a38bbd653e8742a2dcca7ee50dc17cc\">LOCAL DO EVENTO<\/h1>\n\n\n\n<p class=\"has-text-align-center\">Anfiteatro do Cesa\/UEL<br>Centro de Estudos Sociais Aplicados<br>Universidade Estadual de Londrina<br>Rodovia Celso Garcia Cid | PR 445 Km 380<br>Campus Universit\u00e1rio | CEP 86055-900<\/p>\n<\/div>\n\n\n\n<div class=\"wp-block-column is-layout-flow wp-block-column-is-layout-flow\" style=\"flex-basis:25%\"><\/div>\n<\/div>\n\n\n\n<div style=\"height:20px\" aria-hidden=\"true\" class=\"wp-block-spacer\"><\/div>\n\n\n<div class=\"wp-block-image\">\n<figure class=\"aligncenter size-full is-resized\"><a href=\"https:\/\/www.google.com\/maps\/place\/CESA+-+Centro+de+Estudos+Sociais+Aplicados\/@-23.3261438,-51.203316,17z\/data=!4m6!3m5!1s0x94eb5c9e6edb06cb:0xad650f515f9a4cd2!8m2!3d-23.3263409!4d-51.2046678!16s%2Fg%2F1ptyx9vdk?entry=ttu&amp;g_ep=EgoyMDI0MDgyMy4wIKXMDSoASAFQAw%3D%3D\" target=\"_blank\" rel=\"noreferrer noopener\"><img loading=\"lazy\" decoding=\"async\" width=\"1511\" height=\"608\" src=\"https:\/\/sites.uel.br\/cpa\/wp-content\/uploads\/2024\/10\/Mapa-Cesa.png\" alt=\"\" class=\"wp-image-205\" style=\"width:700px\" srcset=\"https:\/\/sites.uel.br\/cpa\/wp-content\/uploads\/2024\/10\/Mapa-Cesa.png 1511w, https:\/\/sites.uel.br\/cpa\/wp-content\/uploads\/2024\/10\/Mapa-Cesa-300x121.png 300w, https:\/\/sites.uel.br\/cpa\/wp-content\/uploads\/2024\/10\/Mapa-Cesa-1024x412.png 1024w, https:\/\/sites.uel.br\/cpa\/wp-content\/uploads\/2024\/10\/Mapa-Cesa-768x309.png 768w\" sizes=\"auto, (max-width: 1511px) 100vw, 1511px\" \/><\/a><\/figure>\n<\/div>\n\n\n<div style=\"height:150px\" aria-hidden=\"true\" class=\"wp-block-spacer\"><\/div>\n\n\n\n<div class=\"wp-block-columns is-layout-flex wp-container-core-columns-is-layout-9d6595d7 wp-block-columns-is-layout-flex\">\n<div class=\"wp-block-column is-layout-flow wp-block-column-is-layout-flow\" style=\"flex-basis:25%\"><\/div>\n\n\n\n<div class=\"wp-block-column is-layout-flow wp-block-column-is-layout-flow\" style=\"flex-basis:50%\">\n<h1 class=\"wp-block-heading has-text-align-center has-verde-escuro-color has-text-color has-link-color has-medium-font-size wp-elements-0d45e7152ebea22bcde96aac819d8bf1\">HOSPEDAGEM<\/h1>\n\n\n\n<p class=\"has-text-align-center has-cinza-escuro-color has-text-color has-link-color wp-elements-516aaea1199296afa0f5d1291a3dae3c\"><a href=\"https:\/\/londristar.com.br\/\" target=\"_blank\" rel=\"noreferrer noopener\">Hotel LondriStar<\/a><\/p>\n\n\n\n<p class=\"has-text-align-center has-cinza-escuro-color has-text-color has-link-color wp-elements-8447a15c6c8e50a387d82300178205c8\"><a href=\"https:\/\/www.letsatlantica.com.br\/hotel\/comfort-suites-londrina?utm_source=gmb&amp;utm_medium=organic&amp;utm_campaign=google-my-business\" target=\"_blank\" rel=\"noreferrer noopener\">Hotel Comfort Suits<\/a><\/p>\n\n\n\n<p class=\"has-text-align-center has-cinza-escuro-color has-text-color has-link-color wp-elements-1529c808d9592fa016e66949429b7580\"><a href=\"https:\/\/www.hoteldolago.com.br\/\" target=\"_blank\" rel=\"noreferrer noopener\">Hotel do Lago<\/a><\/p>\n<\/div>\n\n\n\n<div class=\"wp-block-column is-layout-flow wp-block-column-is-layout-flow\" style=\"flex-basis:25%\"><\/div>\n<\/div>\n\n\n\n<div style=\"height:150px\" aria-hidden=\"true\" class=\"wp-block-spacer\"><\/div>\n\n\n\n<div class=\"wp-block-columns is-layout-flex wp-container-core-columns-is-layout-9d6595d7 wp-block-columns-is-layout-flex\">\n<div class=\"wp-block-column is-layout-flow wp-block-column-is-layout-flow\" style=\"flex-basis:25%\"><\/div>\n\n\n\n<div class=\"wp-block-column is-layout-flow wp-block-column-is-layout-flow\" style=\"flex-basis:50%\">\n<h1 class=\"wp-block-heading has-text-align-center has-verde-escuro-color has-text-color has-link-color has-medium-font-size wp-elements-1b60d547a6fedc1d6702ad0cee197c95\">REALIZA\u00c7\u00c3O<\/h1>\n\n\n<div class=\"wp-block-image\">\n<figure class=\"aligncenter size-full is-resized\"><a href=\"https:\/\/portal.uel.br\/home\/\" target=\"_blank\" rel=\"noreferrer noopener\"><img loading=\"lazy\" decoding=\"async\" width=\"339\" height=\"227\" src=\"https:\/\/sites.uel.br\/cpa\/wp-content\/uploads\/2024\/10\/LogoUel.png\" alt=\"\" class=\"wp-image-204\" style=\"object-fit:contain;width:250px;height:250px\" srcset=\"https:\/\/sites.uel.br\/cpa\/wp-content\/uploads\/2024\/10\/LogoUel.png 339w, https:\/\/sites.uel.br\/cpa\/wp-content\/uploads\/2024\/10\/LogoUel-300x201.png 300w\" sizes=\"auto, (max-width: 339px) 100vw, 339px\" \/><\/a><\/figure>\n<\/div><\/div>\n\n\n\n<div class=\"wp-block-column is-layout-flow wp-block-column-is-layout-flow\" style=\"flex-basis:25%\"><\/div>\n<\/div>\n\n\n\n<div style=\"height:150px\" aria-hidden=\"true\" class=\"wp-block-spacer\"><\/div>\n\n\n\n<h1 class=\"wp-block-heading has-text-align-center has-verde-escuro-color has-text-color has-link-color has-medium-font-size wp-elements-65a6dfd983aff41d427c5b9682fd9b9a\">APOIO<\/h1>\n\n\n\n<div style=\"height:25px\" aria-hidden=\"true\" class=\"wp-block-spacer\"><\/div>\n\n\n\n<figure class=\"wp-block-image size-full\"><img loading=\"lazy\" decoding=\"async\" width=\"2638\" height=\"1244\" src=\"https:\/\/sites.uel.br\/cpa\/wp-content\/uploads\/2024\/10\/LogosUniv.png\" alt=\"\" class=\"wp-image-203\" srcset=\"https:\/\/sites.uel.br\/cpa\/wp-content\/uploads\/2024\/10\/LogosUniv.png 2638w, https:\/\/sites.uel.br\/cpa\/wp-content\/uploads\/2024\/10\/LogosUniv-300x141.png 300w, https:\/\/sites.uel.br\/cpa\/wp-content\/uploads\/2024\/10\/LogosUniv-1024x483.png 1024w, https:\/\/sites.uel.br\/cpa\/wp-content\/uploads\/2024\/10\/LogosUniv-768x362.png 768w, https:\/\/sites.uel.br\/cpa\/wp-content\/uploads\/2024\/10\/LogosUniv-1536x724.png 1536w, https:\/\/sites.uel.br\/cpa\/wp-content\/uploads\/2024\/10\/LogosUniv-2048x966.png 2048w\" sizes=\"auto, (max-width: 2638px) 100vw, 2638px\" \/><\/figure>\n\n\n\n<div style=\"height:150px\" aria-hidden=\"true\" class=\"wp-block-spacer\"><\/div>\n\n\n\n<div class=\"wp-block-columns is-layout-flex wp-container-core-columns-is-layout-9d6595d7 wp-block-columns-is-layout-flex\">\n<div class=\"wp-block-column is-layout-flow wp-block-column-is-layout-flow\" style=\"flex-basis:25%\"><\/div>\n\n\n\n<div class=\"wp-block-column is-layout-flow wp-block-column-is-layout-flow\" style=\"flex-basis:50%\">\n<h1 class=\"wp-block-heading has-text-align-center has-verde-escuro-color has-text-color has-link-color has-medium-font-size wp-elements-c3fd63cf4091b909b7132b81fb53255b\">APOIO T\u00c9CNICO<\/h1>\n\n\n<div class=\"wp-block-image\">\n<figure class=\"aligncenter size-full\"><a href=\"https:\/\/sites.uel.br\/nead\/\" target=\"_blank\" rel=\"noreferrer noopener\"><img loading=\"lazy\" decoding=\"async\" width=\"599\" height=\"208\" src=\"https:\/\/sites.uel.br\/cpa\/wp-content\/uploads\/2024\/10\/LogosApoioT.png\" alt=\"\" class=\"wp-image-202\" srcset=\"https:\/\/sites.uel.br\/cpa\/wp-content\/uploads\/2024\/10\/LogosApoioT.png 599w, https:\/\/sites.uel.br\/cpa\/wp-content\/uploads\/2024\/10\/LogosApoioT-300x104.png 300w\" sizes=\"auto, (max-width: 599px) 100vw, 599px\" \/><\/a><\/figure>\n<\/div><\/div>\n\n\n\n<div class=\"wp-block-column is-layout-flow wp-block-column-is-layout-flow\" style=\"flex-basis:25%\"><\/div>\n<\/div>\n\n\n\n<div style=\"height:100px\" aria-hidden=\"true\" class=\"wp-block-spacer\"><\/div>\n\n\n\n<div class=\"wp-block-columns is-layout-flex wp-container-core-columns-is-layout-9d6595d7 wp-block-columns-is-layout-flex\">\n<div class=\"wp-block-column is-layout-flow wp-block-column-is-layout-flow\" style=\"flex-basis:25%\"><\/div>\n\n\n\n<div class=\"wp-block-column is-layout-flow wp-block-column-is-layout-flow\" style=\"flex-basis:50%\">\n<div class=\"wp-block-buttons is-content-justification-center is-layout-flex wp-container-core-buttons-is-layout-16018d1d wp-block-buttons-is-layout-flex\">\n<div class=\"wp-block-button has-custom-width wp-block-button__width-75\"><a class=\"wp-block-button__link has-cinza-claro-color has-verde-background-color has-text-color has-background has-link-color has-text-align-center wp-element-button\" href=\"https:\/\/sites.uel.br\/cpa\/apresentacao\/\" target=\"_blank\" rel=\"noreferrer noopener\">Conhe\u00e7a a CPA\/UEL<\/a><\/div>\n<\/div>\n\n\n\n<div style=\"height:50px\" aria-hidden=\"true\" class=\"wp-block-spacer\"><\/div>\n\n\n\n<h1 class=\"wp-block-heading has-text-align-center has-verde-escuro-color has-text-color has-link-color has-medium-font-size wp-elements-f82c066041d3495711325bf2a04d330d\">FALE CONOSCO<\/h1>\n\n\n\n<p class=\"has-text-align-center\">cpa.uel@uel.br<\/p>\n<\/div>\n\n\n\n<div class=\"wp-block-column is-layout-flow wp-block-column-is-layout-flow\" style=\"flex-basis:25%\"><\/div>\n<\/div>\n\n\n\n<div style=\"height:50px\" aria-hidden=\"true\" class=\"wp-block-spacer\"><\/div>\n<\/div><\/div>\n","protected":false},"excerpt":{"rendered":"","protected":false},"author":6,"featured_media":0,"parent":0,"menu_order":0,"comment_status":"closed","ping_status":"closed","template":"","meta":{"_acf_changed":false,"_themeisle_gutenberg_block_has_review":false,"footnotes":"[]"},"class_list":["post-194","page","type-page","status-publish","hentry"],"acf":[],"_links":{"self":[{"href":"https:\/\/sites.uel.br\/cpa\/wp-json\/wp\/v2\/pages\/194","targetHints":{"allow":["GET"]}}],"collection":[{"href":"https:\/\/sites.uel.br\/cpa\/wp-json\/wp\/v2\/pages"}],"about":[{"href":"https:\/\/sites.uel.br\/cpa\/wp-json\/wp\/v2\/types\/page"}],"author":[{"embeddable":true,"href":"https:\/\/sites.uel.br\/cpa\/wp-json\/wp\/v2\/users\/6"}],"replies":[{"embeddable":true,"href":"https:\/\/sites.uel.br\/cpa\/wp-json\/wp\/v2\/comments?post=194"}],"version-history":[{"count":41,"href":"https:\/\/sites.uel.br\/cpa\/wp-json\/wp\/v2\/pages\/194\/revisions"}],"predecessor-version":[{"id":257,"href":"https:\/\/sites.uel.br\/cpa\/wp-json\/wp\/v2\/pages\/194\/revisions\/257"}],"wp:attachment":[{"href":"https:\/\/sites.uel.br\/cpa\/wp-json\/wp\/v2\/media?parent=194"}],"curies":[{"name":"wp","href":"https:\/\/api.w.org\/{rel}","templated":true}]}}