{"id":132,"date":"2023-11-10T13:34:08","date_gmt":"2023-11-10T16:34:08","guid":{"rendered":"https:\/\/sites.uel.br\/cpa\/?page_id=132"},"modified":"2025-11-07T10:04:12","modified_gmt":"2025-11-07T13:04:12","slug":"contatos-2","status":"publish","type":"page","link":"https:\/\/sites.uel.br\/cpa\/contatos-2\/","title":{"rendered":"Contatos"},"content":{"rendered":"\n<p><\/p>\n\n\n\n<p><strong>Universidade Estadual de Londrina (UEL)<\/strong><\/p>\n\n\n\n<p><strong>CPA \u2013 Comiss\u00e3o Pr\u00f3pria de Avali\u00e7\u00e3o<\/strong><\/p>\n\n\n\n<p>Rodovia Celso Garcia Cid | PR 445 Km 380<br>Campus Universit\u00e1rio<br>Cx. Postal 10.011 | CEP 86.057-970 | Londrina \u2013 PR | Brasil<br>e-mail: cpa.uel@uel.br<\/p>\n\n\n\n<p><strong>Localizado no LABESC &#8211; UEL<\/strong><\/p>\n\n\n\n<iframe src=\"https:\/\/www.google.com\/maps\/embed?pb=!1m18!1m12!1m3!1d3663.7437098680543!2d-51.20170142483405!3d-23.325055852952964!2m3!1f0!2f0!3f0!3m2!1i1024!2i768!4f13.1!3m3!1m2!1s0x94eb5ca047803d07%3A0xb8e1e8570519a3d7!2sLABESC%20-%20Laborat%C3%B3rio%20Escola%20de%20P%C3%B3s-Gradua%C3%A7%C3%A3o!5e0!3m2!1spt-BR!2sbr!4v1762520315224!5m2!1spt-BR!2sbr\" width=\"400\" height=\"300\" style=\"border:0;\" allowfullscreen=\"\" loading=\"lazy\" referrerpolicy=\"no-referrer-when-downgrade\"><\/iframe>\n\n\n\n<p><\/p>\n","protected":false},"excerpt":{"rendered":"<p>Universidade Estadual de Londrina (UEL) CPA \u2013 Comiss\u00e3o Pr\u00f3pria de Avali\u00e7\u00e3o Rodovia Celso Garcia Cid | PR 445 Km 380Campus Universit\u00e1rioCx. Postal 10.011 | CEP 86.057-970 | Londrina \u2013 PR | Brasile-mail: cpa.uel@uel.br Localizado no LABESC &#8211; UEL<\/p>\n","protected":false},"author":6,"featured_media":0,"parent":0,"menu_order":0,"comment_status":"closed","ping_status":"closed","template":"","meta":{"_acf_changed":false,"_themeisle_gutenberg_block_has_review":false,"footnotes":""},"class_list":["post-132","page","type-page","status-publish","hentry"],"acf":[],"_links":{"self":[{"href":"https:\/\/sites.uel.br\/cpa\/wp-json\/wp\/v2\/pages\/132","targetHints":{"allow":["GET"]}}],"collection":[{"href":"https:\/\/sites.uel.br\/cpa\/wp-json\/wp\/v2\/pages"}],"about":[{"href":"https:\/\/sites.uel.br\/cpa\/wp-json\/wp\/v2\/types\/page"}],"author":[{"embeddable":true,"href":"https:\/\/sites.uel.br\/cpa\/wp-json\/wp\/v2\/users\/6"}],"replies":[{"embeddable":true,"href":"https:\/\/sites.uel.br\/cpa\/wp-json\/wp\/v2\/comments?post=132"}],"version-history":[{"count":6,"href":"https:\/\/sites.uel.br\/cpa\/wp-json\/wp\/v2\/pages\/132\/revisions"}],"predecessor-version":[{"id":287,"href":"https:\/\/sites.uel.br\/cpa\/wp-json\/wp\/v2\/pages\/132\/revisions\/287"}],"wp:attachment":[{"href":"https:\/\/sites.uel.br\/cpa\/wp-json\/wp\/v2\/media?parent=132"}],"curies":[{"name":"wp","href":"https:\/\/api.w.org\/{rel}","templated":true}]}}