{"id":414,"date":"2025-02-04T08:32:09","date_gmt":"2025-02-04T11:32:09","guid":{"rendered":"https:\/\/sites.uel.br\/contraoracismo\/?page_id=414"},"modified":"2025-02-04T18:54:49","modified_gmt":"2025-02-04T21:54:49","slug":"eixo-4","status":"publish","type":"page","link":"https:\/\/sites.uel.br\/contraoracismo\/eixo-4\/","title":{"rendered":"Eixo 4"},"content":{"rendered":"\n<p><strong>Den\u00fancia de atitudes racistas; (Fortalecimento \u2013 Canais de den\u00fancia \u2013 Criminaliza\u00e7\u00e3o \u2013 Prote\u00e7\u00e3o e Apoio)<\/strong><\/p>\n\n\n\n<p><a href=\"https:\/\/operobal.uel.br\/institucional\/2023\/08\/24\/ouvidoria-lanca-novo-portal-como-foco-na-legislacao-e-no-atendimento-a-comunidade\/\">Ouvidoria lan\u00e7a novo portal como foco na legisla\u00e7\u00e3o e no atendimento \u00e0 comunidade<\/a><\/p>\n\n\n\n<p><\/p>\n\n\n\n<p>Onde denunciar ou procurar ajuda?<\/p>\n\n\n\n<p>Registrando B.O. nas delegacias.<\/p>\n\n\n\n<figure class=\"wp-block-image is-resized\"><img decoding=\"async\" src=\"https:\/\/lh7-rt.googleusercontent.com\/docsz\/AD_4nXcI7psCzPEdVxoMwdl_3uO1aU77DAFAe5Rd5k-x9jHT3VNEpRfT7mdDJOcrvY4C_IA1OaforcNf6aXBuygd-YsNUs1aSVxyaRdhbJyZKuYEnb2kpEa1a1KenN2sG7ktN0oUhuZ6?key=qaTZFIPaUfEVYP7EGSaT4pNI\" alt=\"\" style=\"width:191px;height:auto\" \/><\/figure>\n\n\n\n<p><a href=\"http:\/\/www.uel.br\/ouvidoria\/wb\/pages\/denuncia---racismo-e-injuria-racial.php\"><strong>Ouvidoria UEL<\/strong><\/a> <\/p>\n\n\n\n<p><strong>Telefone<\/strong>: (43)3371-4405. <strong>E-mail<\/strong>: ouvidoria@uel.br&nbsp;<\/p>\n\n\n\n<p><strong><a href=\"https:\/\/www.semipi.pr.gov.br\/Pagina\/Programa-SOS-RACISMO#:~:text=Programa%20SOS%20Racismo%20%2D%20ligue%2008006420345,%2C%20cor%2C%20etnia%20ou%20religi%C3%A3o.\">Programa SOS Racismo<\/a> <\/strong>recebe den\u00fancias de discrimina\u00e7\u00e3o em raz\u00e3o de origem, ra\u00e7a, cor, etnia ou religi\u00e3o.<\/p>\n\n\n\n<p>SOS Racismo<\/p>\n\n\n\n<p><strong>Telefone<\/strong>: 0800-642-0345. O atendimento \u00e9 de segunda \u00e0 sexta, das 9h \u00e0s 17h.<strong> E-mail<\/strong>: sosracismo@sejuf.pr.gov.br<\/p>\n\n\n\n<p><a href=\"https:\/\/portal.londrina.pr.gov.br\/localizacao-cons-igualdade-racial\"><strong>Conselho Municipal da Promo\u00e7\u00e3o da Igualdade Racial \u2013 CMPIR<\/strong><\/a><\/p>\n\n\n\n<p><strong>Telefone<\/strong>: (43)3372-4370. <strong>E-mail<\/strong>: cmpir@londrina.pr.gov.br&nbsp;<\/p>\n","protected":false},"excerpt":{"rendered":"<p>Den\u00fancia de atitudes racistas; (Fortalecimento \u2013 Canais de den\u00fancia \u2013 Criminaliza\u00e7\u00e3o \u2013 Prote\u00e7\u00e3o e Apoio) Ouvidoria lan\u00e7a novo portal como foco na legisla\u00e7\u00e3o e no atendimento \u00e0 comunidade Onde denunciar ou procurar ajuda? Registrando B.O. nas delegacias. Ouvidoria UEL Telefone: (43)3371-4405. E-mail: ouvidoria@uel.br&nbsp; Programa SOS Racismo recebe den\u00fancias de discrimina\u00e7\u00e3o em raz\u00e3o de origem, ra\u00e7a, [&hellip;]<\/p>\n","protected":false},"author":11,"featured_media":0,"parent":0,"menu_order":0,"comment_status":"closed","ping_status":"closed","template":"","meta":{"footnotes":""},"class_list":["post-414","page","type-page","status-publish","hentry"],"acf":[],"_links":{"self":[{"href":"https:\/\/sites.uel.br\/contraoracismo\/wp-json\/wp\/v2\/pages\/414","targetHints":{"allow":["GET"]}}],"collection":[{"href":"https:\/\/sites.uel.br\/contraoracismo\/wp-json\/wp\/v2\/pages"}],"about":[{"href":"https:\/\/sites.uel.br\/contraoracismo\/wp-json\/wp\/v2\/types\/page"}],"author":[{"embeddable":true,"href":"https:\/\/sites.uel.br\/contraoracismo\/wp-json\/wp\/v2\/users\/11"}],"replies":[{"embeddable":true,"href":"https:\/\/sites.uel.br\/contraoracismo\/wp-json\/wp\/v2\/comments?post=414"}],"version-history":[{"count":3,"href":"https:\/\/sites.uel.br\/contraoracismo\/wp-json\/wp\/v2\/pages\/414\/revisions"}],"predecessor-version":[{"id":431,"href":"https:\/\/sites.uel.br\/contraoracismo\/wp-json\/wp\/v2\/pages\/414\/revisions\/431"}],"wp:attachment":[{"href":"https:\/\/sites.uel.br\/contraoracismo\/wp-json\/wp\/v2\/media?parent=414"}],"curies":[{"name":"wp","href":"https:\/\/api.w.org\/{rel}","templated":true}]}}