{"id":408,"date":"2025-02-04T08:31:00","date_gmt":"2025-02-04T11:31:00","guid":{"rendered":"https:\/\/sites.uel.br\/contraoracismo\/?page_id=408"},"modified":"2025-02-04T18:31:47","modified_gmt":"2025-02-04T21:31:47","slug":"eixo-1","status":"publish","type":"page","link":"https:\/\/sites.uel.br\/contraoracismo\/eixo-1\/","title":{"rendered":"Eixo 1"},"content":{"rendered":"\n<p><strong>Reconhecimento da exist\u00eancia do racismo no cotidiano<\/strong><\/p>\n\n\n\n<p><a href=\"https:\/\/drive.google.com\/file\/d\/1KpQOIX-C-hU0LLAY0zTCBv1zEEg7DZxU\/view?usp=drive_link\">Micro v\u00eddeo produzido para C\u00e1tedra da Unesco<\/a><\/p>\n\n\n\n<p><a href=\"https:\/\/youtu.be\/i2SCNf06D9A\">V\u00eddeo de lan\u00e7amento da campanha permanente UEL na luta contra o racismo<\/a><br><\/p>\n\n\n\n<p><a href=\"https:\/\/youtu.be\/CmcLU2v5tVg\">Comunidade universit\u00e1ria marcha contra o racismo<\/a><\/p>\n\n\n\n<p><a href=\"https:\/\/www.youtube.com\/watch?v=uMnrSc5Wbws\">UEL lan\u00e7a campanha contra o racismo<\/a><\/p>\n\n\n\n<p><\/p>\n","protected":false},"excerpt":{"rendered":"<p>Reconhecimento da exist\u00eancia do racismo no cotidiano Micro v\u00eddeo produzido para C\u00e1tedra da Unesco V\u00eddeo de lan\u00e7amento da campanha permanente UEL na luta contra o racismo Comunidade universit\u00e1ria marcha contra o racismo UEL lan\u00e7a campanha contra o racismo<\/p>\n","protected":false},"author":11,"featured_media":0,"parent":0,"menu_order":0,"comment_status":"closed","ping_status":"closed","template":"","meta":{"footnotes":""},"class_list":["post-408","page","type-page","status-publish","hentry"],"acf":[],"_links":{"self":[{"href":"https:\/\/sites.uel.br\/contraoracismo\/wp-json\/wp\/v2\/pages\/408","targetHints":{"allow":["GET"]}}],"collection":[{"href":"https:\/\/sites.uel.br\/contraoracismo\/wp-json\/wp\/v2\/pages"}],"about":[{"href":"https:\/\/sites.uel.br\/contraoracismo\/wp-json\/wp\/v2\/types\/page"}],"author":[{"embeddable":true,"href":"https:\/\/sites.uel.br\/contraoracismo\/wp-json\/wp\/v2\/users\/11"}],"replies":[{"embeddable":true,"href":"https:\/\/sites.uel.br\/contraoracismo\/wp-json\/wp\/v2\/comments?post=408"}],"version-history":[{"count":3,"href":"https:\/\/sites.uel.br\/contraoracismo\/wp-json\/wp\/v2\/pages\/408\/revisions"}],"predecessor-version":[{"id":424,"href":"https:\/\/sites.uel.br\/contraoracismo\/wp-json\/wp\/v2\/pages\/408\/revisions\/424"}],"wp:attachment":[{"href":"https:\/\/sites.uel.br\/contraoracismo\/wp-json\/wp\/v2\/media?parent=408"}],"curies":[{"name":"wp","href":"https:\/\/api.w.org\/{rel}","templated":true}]}}