{"id":200,"date":"2023-05-04T17:20:50","date_gmt":"2023-05-04T20:20:50","guid":{"rendered":"https:\/\/sites.uel.br\/contraoracismo\/?page_id=200"},"modified":"2025-02-09T13:49:30","modified_gmt":"2025-02-09T16:49:30","slug":"memoria","status":"publish","type":"page","link":"https:\/\/sites.uel.br\/contraoracismo\/memoria\/","title":{"rendered":"Mem\u00f3ria"},"content":{"rendered":"\n<p class=\"has-text-align-center\"><strong>\u201cUEL na Luta Contra o Racismo\u201d teve <a href=\"https:\/\/www.youtube.com\/watch?v=DTMbKJK-sg0\">evento que marca o pr\u00e9-lan\u00e7amento da campanha<\/a><\/strong>, em 17 de outubro de 2022.<\/p>\n\n\n\n<p class=\"has-text-align-center\">Idealizada por professores e alunos de v\u00e1rios Centros de Estudos, a campanha de mobiliza\u00e7\u00e3o permanente \u201cUEL na Luta Contra o Racismo\u201d surgiu em 2020. Ela foi criada para integrar a Iniciativa para a Erradica\u00e7\u00e3o do Racismo na Educa\u00e7\u00e3o Superior \u2013&nbsp;<a rel=\"noreferrer noopener\" href=\"http:\/\/unesco.untref.edu.ar\/\" target=\"_blank\"><em>Iniciativa para la Erradicaci\u00f3n del Racismo en la Educaci\u00f3n Superior<\/em><\/a>&nbsp;\u2013 proposta pela C\u00e1tedra da UNESCO para Educa\u00e7\u00e3o Superior, Povos Ind\u00edgenas e Afrodescendentes na Am\u00e9rica Latina (ESIAL). A Campanha contou com uma s\u00e9rie de atividades, como rodas de conversas e microv\u00eddeos, promovidas em colabora\u00e7\u00e3o com estudantes afrodescendentes e ind\u00edgenas da Universidade.<\/p>\n\n\n\n<p><\/p>\n\n\n\n<p class=\"has-text-align-center\"><strong>Refer\u00eancia no Movimento Negro, Ya Mukumby recebe t\u00edtulo de doutora Honoris Causa <em>in memorian<\/em><\/strong><\/p>\n\n\n\n<figure class=\"wp-block-embed is-type-video is-provider-youtube wp-block-embed-youtube wp-embed-aspect-16-9 wp-has-aspect-ratio\"><div class=\"wp-block-embed__wrapper\">\n<iframe loading=\"lazy\" title=\"UEL concede t\u00edtulo de Doutora Honoris Causa in memorian \u00e0 Y\u00e1 Mukumby\" width=\"500\" height=\"281\" src=\"https:\/\/www.youtube.com\/embed\/3L5-bht_rnI?feature=oembed\" frameborder=\"0\" allow=\"accelerometer; autoplay; clipboard-write; encrypted-media; gyroscope; picture-in-picture; web-share\" referrerpolicy=\"strict-origin-when-cross-origin\" allowfullscreen><\/iframe>\n<\/div><\/figure>\n\n\n\n<p class=\"has-text-align-center\">Em uma cerim\u00f4nia que reuniu lideran\u00e7as do movimento negro, autoridades e convidados, o Conselho Universit\u00e1rio da UEL homenageou uma das maiores refer\u00eancias da popula\u00e7\u00e3o negra de Londrina, dona Vilma Santos de Oliveira, Y\u00e1 Mukumby. Falecida em 2013 e com uma trajet\u00f3ria dedicada \u00e0 luta pelas a\u00e7\u00f5es afirmativas, dentre elas as cotas raciais, implantadas em 2005, Y\u00e1 Mukumby recebeu o t\u00edtulo de Doutora Honoris Causa&nbsp;<em>in memorian<\/em>&nbsp;por meio do filho, Victor Jubiaba dos Santos.<\/p>\n\n\n\n<p><strong>A\u00e7\u00f5es da campanha em 2022 e 2023<\/strong><\/p>\n\n\n\n<ul class=\"wp-block-list\">\n<li>Constru\u00e7\u00e3o da p\u00e1gina na rede mundial de computadores com informa\u00e7\u00f5es sobre o enfrentamento ao racismo;<\/li>\n\n\n\n<li>Elabora\u00e7\u00e3o de plano estrat\u00e9gico de comunica\u00e7\u00e3o para redes sociais e imprensa;<\/li>\n\n\n\n<li>Divulga\u00e7\u00e3o do Estatuto da Igualdade Racial;<\/li>\n\n\n\n<li>Produ\u00e7\u00e3o de guia antirracista;<\/li>\n\n\n\n<li>Rodas de Conversas com a comunidade universit\u00e1ria sobre a tem\u00e1tica;<\/li>\n\n\n\n<li>Constru\u00e7\u00e3o de Calend\u00e1rio Permanente para as a\u00e7\u00f5es da Campanha;<\/li>\n\n\n\n<li>Exposi\u00e7\u00e3o Itinerante de Fotografias: \u201cO que fazemos na Universidade? Olhar por uma lente\u201d;<\/li>\n\n\n\n<li>Elabora\u00e7\u00e3o de panfletos e mobiliza\u00e7\u00f5es em pontos diversos da UEL sobre o vocabul\u00e1rio, as express\u00f5es e l\u00e9xicos cotidianos do racismo, narrativas e viv\u00eancias do racismo;<\/li>\n\n\n\n<li>Realiza\u00e7\u00e3o de programa\u00e7\u00e3o da r\u00e1dio universidade \u2013 \u201cVozes negras e ind\u00edgenas\u201d;<\/li>\n\n\n\n<li>Promo\u00e7\u00e3o de a\u00e7\u00f5es art\u00edsticas e culturais;<\/li>\n\n\n\n<li>Forma\u00e7\u00e3o da comunidade interna (docentes, agentes universit\u00e1rios, estudantes de gradua\u00e7\u00e3o e p\u00f3s-gradua\u00e7\u00e3o da UEL) sobre o tema \u00e9tnico-racial institucional;<\/li>\n\n\n\n<li>A\u00e7\u00f5es descentralizadas nos centros de estudos; mobiliza\u00e7\u00e3o dos centros (departamentos) para propor ciclos de discuss\u00f5es ou cursos de extens\u00e3o sobre o tema;<\/li>\n\n\n\n<li>Levantamentos de demandas pedag\u00f3gicas;<\/li>\n\n\n\n<li>Potencializar o acolhimento de v\u00edtimas de racismo;<\/li>\n\n\n\n<li>Reestudo do regimento geral da UEL, com base na nova lei de processo disciplinar administrativo;<\/li>\n\n\n\n<li>Divulga\u00e7\u00e3o dos <em>links<\/em> da Ouvidoria para registro de \u201cDen\u00fancia: Racismo e Inj\u00faria Racial\u201d e \u201cDen\u00fancia: Preconceito de G\u00eanero\u201d.<\/li>\n<\/ul>\n\n\n\n<p><strong>A\u00e7\u00f5es da campanha em 2024<\/strong>&nbsp;<\/p>\n\n\n\n<ul class=\"wp-block-list\">\n<li>Cria\u00e7\u00e3o de comiss\u00f5es para planejar a\u00e7\u00f5es em tr\u00eas comiss\u00f5es: 1&nbsp; &#8211; Comunica\u00e7\u00e3o e visibilidade, 2 &#8211; Forma\u00e7\u00e3o Permanente, 3 &#8211; Den\u00fancias e acolhida;&nbsp;<\/li>\n\n\n\n<li>Forma\u00e7\u00e3o do GT \u201cUEL na luta contra o racismo\u201d;<\/li>\n\n\n\n<li>&nbsp;Constru\u00e7\u00e3o de uma agenda de forma\u00e7\u00e3o interna do GT;<\/li>\n\n\n\n<li>Oferta do Curso de Letramento racial para&nbsp; servidores &#8211; UEL e PML\/RH. Data:&nbsp; 10, 17, 24 31 de outubro de 2024 Local: Prefeitura Municipal de Londrina;&nbsp;<\/li>\n\n\n\n<li>Levantamento de dados sobre a presen\u00e7a da quest\u00e3o \u00e9tnico-racial nos Projetos Pedag\u00f3gicos dos Cursos de Gradua\u00e7\u00e3o da UEL.<\/li>\n<\/ul>\n","protected":false},"excerpt":{"rendered":"<p>\u201cUEL na Luta Contra o Racismo\u201d teve evento que marca o pr\u00e9-lan\u00e7amento da campanha, em 17 de outubro de 2022. Idealizada por professores e alunos de v\u00e1rios Centros de Estudos, a campanha de mobiliza\u00e7\u00e3o permanente \u201cUEL na Luta Contra o Racismo\u201d surgiu em 2020. Ela foi criada para integrar a Iniciativa para a Erradica\u00e7\u00e3o do [&hellip;]<\/p>\n","protected":false},"author":7,"featured_media":0,"parent":0,"menu_order":0,"comment_status":"open","ping_status":"closed","template":"","meta":{"footnotes":""},"class_list":["post-200","page","type-page","status-publish","hentry"],"acf":[],"_links":{"self":[{"href":"https:\/\/sites.uel.br\/contraoracismo\/wp-json\/wp\/v2\/pages\/200","targetHints":{"allow":["GET"]}}],"collection":[{"href":"https:\/\/sites.uel.br\/contraoracismo\/wp-json\/wp\/v2\/pages"}],"about":[{"href":"https:\/\/sites.uel.br\/contraoracismo\/wp-json\/wp\/v2\/types\/page"}],"author":[{"embeddable":true,"href":"https:\/\/sites.uel.br\/contraoracismo\/wp-json\/wp\/v2\/users\/7"}],"replies":[{"embeddable":true,"href":"https:\/\/sites.uel.br\/contraoracismo\/wp-json\/wp\/v2\/comments?post=200"}],"version-history":[{"count":9,"href":"https:\/\/sites.uel.br\/contraoracismo\/wp-json\/wp\/v2\/pages\/200\/revisions"}],"predecessor-version":[{"id":434,"href":"https:\/\/sites.uel.br\/contraoracismo\/wp-json\/wp\/v2\/pages\/200\/revisions\/434"}],"wp:attachment":[{"href":"https:\/\/sites.uel.br\/contraoracismo\/wp-json\/wp\/v2\/media?parent=200"}],"curies":[{"name":"wp","href":"https:\/\/api.w.org\/{rel}","templated":true}]}}