{"id":141,"date":"2022-09-20T08:43:42","date_gmt":"2022-09-20T11:43:42","guid":{"rendered":"https:\/\/sites.uel.br\/contraoracismo\/?page_id=141"},"modified":"2025-02-03T20:45:22","modified_gmt":"2025-02-03T23:45:22","slug":"grupo-de-trabalho","status":"publish","type":"page","link":"https:\/\/sites.uel.br\/contraoracismo\/grupo-de-trabalho\/","title":{"rendered":"Grupo de Trabalho"},"content":{"rendered":"<div class=\"wp-block-image\">\n<figure class=\"aligncenter size-full is-resized\"><img loading=\"lazy\" decoding=\"async\" width=\"742\" height=\"464\" src=\"https:\/\/sites.uel.br\/contraoracismo\/wp-content\/uploads\/2022\/09\/uel-na-luta.png\" alt=\"\" class=\"wp-image-99\" style=\"width:289px;height:181px\" srcset=\"https:\/\/sites.uel.br\/contraoracismo\/wp-content\/uploads\/2022\/09\/uel-na-luta.png 742w, https:\/\/sites.uel.br\/contraoracismo\/wp-content\/uploads\/2022\/09\/uel-na-luta-300x188.png 300w\" sizes=\"auto, (max-width: 742px) 100vw, 742px\" \/><\/figure>\n<\/div>\n\n\n<p>O grupo de trabalho foi definido pela portaria N\u00ba 4126\/2022, com a seguinte resolu\u00e7\u00e3o:<\/p>\n\n\n\n<p class=\"has-text-align-left\">Constituir comiss\u00e3o para realiza\u00e7\u00e3o de campanha de enfrentamento ao racismo na UEL, tendo como eixos de atua\u00e7\u00e3o: Reconhecimento da exist\u00eancia do racismo no cotidiano; visibilidade para a\u00e7\u00f5es de enfrentamento e supera\u00e7\u00e3o<br>do racismo; forma\u00e7\u00e3o de uma comunidade antirracista e den\u00fancia de atitudes racistas, composta pelos seguintes membros:<\/p>\n\n\n\n<p><\/p>\n\n\n\n<p class=\"has-text-align-center\">Ana L\u00facia Ortiz Martins &#8211; ARTEIN<br>Ana Lu\u00edsa Boavista Lustosa Cavalcante &#8211; PROEX<br>Ana Marcia Fernandes Tucci de Carvalho &#8211; PROGRAD<br>Angela Maria de Sousa Lima &#8211; SEBEC<br>Antonio Edson Amaral &#8211; Ouvidoria<br>Beatriz Batista Silva &#8211; Prefeitura de Londrina<br>Beatriz Silv\u00e9rio Botelho &#8211; COM<br>Carla Maria Canalle Pagnossim &#8211; SEBEC<br>C\u00e9lio dos Santos Costa &#8211; TV UEL<br>D\u00e9bora Ferreira &#8211; CMPIR<br>Edyr Pedro da Silva &#8211; R\u00e1dio UEL<br>Elo\u00e1 Soares Dutra Kastelic &#8211; CUIA<br>Fiama Helo\u00edsa Silva dos Santos &#8211; TV UEL<br>Jamile Carla Baptista &#8211; PROGRAD<br>Jefferson Olivatto da Silva &#8211; CCB\/Psicologia<br>Kennedy Piau Ferreira &#8211; CECA<br>Leandro Ricardo Altimari &#8211; PRORH<br>L\u00edcia Maria Munhoz Manzano &#8211; PROPLAN<br>Marcelo Silveira &#8211; CUIA<br>Marco Ant\u00f3nio de Barros Junior &#8211; TV UEL<br>Margarida de C\u00e1ssia Campos &#8211; PROPE<br>Maria de F\u00e1tima Beraldo &#8211; CMPIR<br>Maria Elisa Wotzasek Cestari &#8211; PROGRAD<br>Marleide Rodrigues da Silva Perrude &#8211; NEAB<br>M\u00f4nica Panis Kaseker &#8211; CUIA<br>Sergio Henrique Gerelus &#8211; PROPLAN<br>Sidnei Santos da Silva &#8211; CMPIR<br>Silvia M\u00e1rcia Ferreira Meletti &#8211; PROPPG<br>T\u00e2nia Lobo Muniz &#8211; PJU<br>Viviane Aparecida Bagio Furtoso &#8211; ARI<br>Wagner Roberto do Amaral &#8211; CUIA<br>Welisson Vieira de Aguiar &#8211; CMPIR<br>Zilda Aparecida Freitas de Andrade &#8211; PROEX<\/p>\n","protected":false},"excerpt":{"rendered":"<p>O grupo de trabalho foi definido pela portaria N\u00ba 4126\/2022, com a seguinte resolu\u00e7\u00e3o: Constituir comiss\u00e3o para realiza\u00e7\u00e3o de campanha de enfrentamento ao racismo na UEL, tendo como eixos de atua\u00e7\u00e3o: Reconhecimento da exist\u00eancia do racismo no cotidiano; visibilidade para a\u00e7\u00f5es de enfrentamento e supera\u00e7\u00e3odo racismo; forma\u00e7\u00e3o de uma comunidade antirracista e den\u00fancia de atitudes [&hellip;]<\/p>\n","protected":false},"author":5,"featured_media":0,"parent":0,"menu_order":0,"comment_status":"closed","ping_status":"closed","template":"","meta":{"footnotes":""},"class_list":["post-141","page","type-page","status-publish","hentry"],"acf":[],"_links":{"self":[{"href":"https:\/\/sites.uel.br\/contraoracismo\/wp-json\/wp\/v2\/pages\/141","targetHints":{"allow":["GET"]}}],"collection":[{"href":"https:\/\/sites.uel.br\/contraoracismo\/wp-json\/wp\/v2\/pages"}],"about":[{"href":"https:\/\/sites.uel.br\/contraoracismo\/wp-json\/wp\/v2\/types\/page"}],"author":[{"embeddable":true,"href":"https:\/\/sites.uel.br\/contraoracismo\/wp-json\/wp\/v2\/users\/5"}],"replies":[{"embeddable":true,"href":"https:\/\/sites.uel.br\/contraoracismo\/wp-json\/wp\/v2\/comments?post=141"}],"version-history":[{"count":7,"href":"https:\/\/sites.uel.br\/contraoracismo\/wp-json\/wp\/v2\/pages\/141\/revisions"}],"predecessor-version":[{"id":392,"href":"https:\/\/sites.uel.br\/contraoracismo\/wp-json\/wp\/v2\/pages\/141\/revisions\/392"}],"wp:attachment":[{"href":"https:\/\/sites.uel.br\/contraoracismo\/wp-json\/wp\/v2\/media?parent=141"}],"curies":[{"name":"wp","href":"https:\/\/api.w.org\/{rel}","templated":true}]}}

<div class="wp-block-image">
<figure class="aligncenter size-full is-resized"><img loading="lazy" decoding="async" width="742" height="464" src="https://sites.uel.br/contraoracismo/wp-content/uploads/2022/09/uel-na-luta.png" alt="" class="wp-image-99" style="width:289px;height:181px" srcset="https://sites.uel.br/contraoracismo/wp-content/uploads/2022/09/uel-na-luta.png 742w, https://sites.uel.br/contraoracismo/wp-content/uploads/2022/09/uel-na-luta-300x188.png 300w" sizes="auto, (max-width: 742px) 100vw, 742px" /></figure>
</div>


<p>O grupo de trabalho foi definido pela portaria Nº 4126/2022, com a seguinte resolução:</p>



<p class="has-text-align-left">Constituir comissão para realização de campanha de enfrentamento ao racismo na UEL, tendo como eixos de atuação: Reconhecimento da existência do racismo no cotidiano; visibilidade para ações de enfrentamento e superação<br>do racismo; formação de uma comunidade antirracista e denúncia de atitudes racistas, composta pelos seguintes membros:</p>



<p></p>



<p class="has-text-align-center">Ana Lúcia Ortiz Martins &#8211; ARTEIN<br>Ana Luísa Boavista Lustosa Cavalcante &#8211; PROEX<br>Ana Marcia Fernandes Tucci de Carvalho &#8211; PROGRAD<br>Angela Maria de Sousa Lima &#8211; SEBEC<br>Antonio Edson Amaral &#8211; Ouvidoria<br>Beatriz Batista Silva &#8211; Prefeitura de Londrina<br>Beatriz Silvério Botelho &#8211; COM<br>Carla Maria Canalle Pagnossim &#8211; SEBEC<br>Célio dos Santos Costa &#8211; TV UEL<br>Débora Ferreira &#8211; CMPIR<br>Edyr Pedro da Silva &#8211; Rádio UEL<br>Eloá Soares Dutra Kastelic &#8211; CUIA<br>Fiama Heloísa Silva dos Santos &#8211; TV UEL<br>Jamile Carla Baptista &#8211; PROGRAD<br>Jefferson Olivatto da Silva &#8211; CCB/Psicologia<br>Kennedy Piau Ferreira &#8211; CECA<br>Leandro Ricardo Altimari &#8211; PRORH<br>Lícia Maria Munhoz Manzano &#8211; PROPLAN<br>Marcelo Silveira &#8211; CUIA<br>Marco António de Barros Junior &#8211; TV UEL<br>Margarida de Cássia Campos &#8211; PROPE<br>Maria de Fátima Beraldo &#8211; CMPIR<br>Maria Elisa Wotzasek Cestari &#8211; PROGRAD<br>Marleide Rodrigues da Silva Perrude &#8211; NEAB<br>Mônica Panis Kaseker &#8211; CUIA<br>Sergio Henrique Gerelus &#8211; PROPLAN<br>Sidnei Santos da Silva &#8211; CMPIR<br>Silvia Márcia Ferreira Meletti &#8211; PROPPG<br>Tânia Lobo Muniz &#8211; PJU<br>Viviane Aparecida Bagio Furtoso &#8211; ARI<br>Wagner Roberto do Amaral &#8211; CUIA<br>Welisson Vieira de Aguiar &#8211; CMPIR<br>Zilda Aparecida Freitas de Andrade &#8211; PROEX</p>

<p>O grupo de trabalho foi definido pela portaria Nº 4126/2022, com a seguinte resolução: Constituir comissão para realização de campanha de enfrentamento ao racismo na UEL, tendo como eixos de atuação: Reconhecimento da existência do racismo no cotidiano; visibilidade para ações de enfrentamento e superaçãodo racismo; formação de uma comunidade antirracista e denúncia de atitudes [&hellip;]</p>
