{"id":278,"date":"2023-11-12T22:56:39","date_gmt":"2023-11-13T01:56:39","guid":{"rendered":"https:\/\/sites.uel.br\/congressoservicosocialuel\/?page_id=278"},"modified":"2025-12-02T16:43:52","modified_gmt":"2025-12-02T19:43:52","slug":"lancamento-de-livros","status":"publish","type":"page","link":"https:\/\/sites.uel.br\/congressoservicosocialuel\/lancamento-de-livros\/","title":{"rendered":"Lan\u00e7amento de livros"},"content":{"rendered":"\n<h2 class=\"wp-block-heading\">NORMAS PARA LAN\u00c7AMENTO DE LIVROS<\/h2>\n\n\n\n<p>Poder\u00e3o ser inscritas publica\u00e7\u00f5es vinculadas ao Servi\u00e7o Social, Pol\u00edticas Sociais,<br>Direito e Geografia, que estabele\u00e7am conex\u00f5es com as tem\u00e1ticas debatidas no<br>evento, com edi\u00e7\u00e3o no per\u00edodo de maio de 2024 a maio de 2026.<\/p>\n\n\n\n<p>As inscri\u00e7\u00f5es dever\u00e3o ser realizadas no link: <strong>https:\/\/forms.gle\/Lpu2LWcxKVFkQW5F6<\/strong><\/p>\n\n\n\n<p>As propostas devem apresentar:<br><strong>a) <\/strong>T\u00edtulo do livro, colet\u00e2nea ou e-book;<br><strong>b)<\/strong> Capa e ficha catalogr\u00e1fica do livro, colet\u00e2nea ou e-book;<br><strong>c) <\/strong>Nome dos(as) autores(as)\/organizadores(as);<br><strong>d) <\/strong>Mini curr\u00edculo dos(as) autores e (as)\/organizadores(as);<br><strong>e) <\/strong>Nome da editora;<br><strong>f) <\/strong>Data de publica\u00e7\u00e3o da obra;<br><strong>g) <\/strong>Resumo (m\u00e1ximo 100 palavras);<br><\/p>\n\n\n\n<p>Indicamos que para a confirma\u00e7\u00e3o da participa\u00e7\u00e3o nas Sess\u00f5es de Lan\u00e7amentos de<br>Livros pelo menos um dos autores(as)\/organizadores(as) dever\u00e1 estar inscrito no<br>evento, com a efetiva\u00e7\u00e3o do pagamento da inscri\u00e7\u00e3o at\u00e9 <strong>07\/04\/2026.<\/strong><\/p>\n\n\n\n<p><strong>ORIENTA\u00c7\u00d5ES PARA LAN\u00c7AMENTOS DE LIVROS<\/strong><\/p>\n\n\n\n<p>1) O Lan\u00e7amento de Livros acontecer\u00e1 no dia (a definir) de maio de 2026 das 17h00 \u00e0s 19h00 no Anfiteatro do CESA.<\/p>\n\n\n\n<p>2) Para o lan\u00e7amento do livro ao menos um(a) dos(as) autores(as)\/organizadores(as) dever\u00e1 estar presente.<\/p>\n\n\n\n<p>3) A Comiss\u00e3o Organizadora do Congresso apenas disponibilizar\u00e1 mesas e cadeiras para a exposi\u00e7\u00e3o dos exemplares, a comercializa\u00e7\u00e3o ou a elabora\u00e7\u00e3o de materiais de divulga\u00e7\u00e3o ser\u00e1 de responsabilidade dos(as) autores(as)\/organizadores(as).<\/p>\n\n\n\n<p><\/p>\n\n\n\n<p class=\"has-text-align-center\">LIVROS APROVADOS PARA LAN\u00c7AMENTO NO EVENTO<\/p>\n\n\n\n<div class=\"wp-block-columns is-layout-flex wp-container-core-columns-is-layout-9d6595d7 wp-block-columns-is-layout-flex\">\n<div class=\"wp-block-column is-layout-flow wp-block-column-is-layout-flow\" style=\"flex-basis:100%\"><\/div>\n<\/div>\n\n\n\n<div style=\"height:19px\" aria-hidden=\"true\" class=\"wp-block-spacer\"><\/div>\n\n\n\n<div class=\"wp-block-group\"><div class=\"wp-block-group__inner-container is-layout-constrained wp-block-group-is-layout-constrained\">\n<div class=\"wp-block-buttons is-layout-flex wp-block-buttons-is-layout-flex\"><\/div>\n<\/div><\/div>\n\n\n\n<p><\/p>\n","protected":false},"excerpt":{"rendered":"<p>NORMAS PARA LAN\u00c7AMENTO DE LIVROS Poder\u00e3o ser inscritas publica\u00e7\u00f5es vinculadas ao Servi\u00e7o Social, Pol\u00edticas Sociais,Direito e Geografia, que estabele\u00e7am conex\u00f5es com as tem\u00e1ticas debatidas noevento, com edi\u00e7\u00e3o no per\u00edodo de maio de 2024 a maio de 2026. As inscri\u00e7\u00f5es dever\u00e3o ser realizadas no link: https:\/\/forms.gle\/Lpu2LWcxKVFkQW5F6 As propostas devem apresentar:a) T\u00edtulo do livro, colet\u00e2nea ou e-book;b) [&hellip;]<\/p>\n","protected":false},"author":6,"featured_media":0,"parent":0,"menu_order":0,"comment_status":"closed","ping_status":"closed","template":"","meta":{"_acf_changed":false,"_themeisle_gutenberg_block_has_review":false,"footnotes":""},"class_list":["post-278","page","type-page","status-publish","hentry"],"acf":[],"_links":{"self":[{"href":"https:\/\/sites.uel.br\/congressoservicosocialuel\/wp-json\/wp\/v2\/pages\/278","targetHints":{"allow":["GET"]}}],"collection":[{"href":"https:\/\/sites.uel.br\/congressoservicosocialuel\/wp-json\/wp\/v2\/pages"}],"about":[{"href":"https:\/\/sites.uel.br\/congressoservicosocialuel\/wp-json\/wp\/v2\/types\/page"}],"author":[{"embeddable":true,"href":"https:\/\/sites.uel.br\/congressoservicosocialuel\/wp-json\/wp\/v2\/users\/6"}],"replies":[{"embeddable":true,"href":"https:\/\/sites.uel.br\/congressoservicosocialuel\/wp-json\/wp\/v2\/comments?post=278"}],"version-history":[{"count":27,"href":"https:\/\/sites.uel.br\/congressoservicosocialuel\/wp-json\/wp\/v2\/pages\/278\/revisions"}],"predecessor-version":[{"id":1114,"href":"https:\/\/sites.uel.br\/congressoservicosocialuel\/wp-json\/wp\/v2\/pages\/278\/revisions\/1114"}],"wp:attachment":[{"href":"https:\/\/sites.uel.br\/congressoservicosocialuel\/wp-json\/wp\/v2\/media?parent=278"}],"curies":[{"name":"wp","href":"https:\/\/api.w.org\/{rel}","templated":true}]}}