{"id":64,"date":"2023-12-01T15:56:10","date_gmt":"2023-12-01T18:56:10","guid":{"rendered":"https:\/\/sites.uel.br\/congresso-imunologia-aplicada\/?page_id=64"},"modified":"2024-02-23T10:04:07","modified_gmt":"2024-02-23T13:04:07","slug":"programacao","status":"publish","type":"page","link":"https:\/\/sites.uel.br\/congresso-imunologia-aplicada\/programacao\/","title":{"rendered":"Programa\u00e7\u00e3o"},"content":{"rendered":"<div class=\"wp-block-image\">\n<figure class=\"aligncenter size-full is-resized\"><img loading=\"lazy\" decoding=\"async\" width=\"898\" height=\"562\" src=\"https:\/\/sites.uel.br\/congresso-imunologia-aplicada\/wp-content\/uploads\/2024\/02\/cronograma-dia-1.png\" alt=\"\" class=\"wp-image-133\" style=\"width:1046px;height:auto\" srcset=\"https:\/\/sites.uel.br\/congresso-imunologia-aplicada\/wp-content\/uploads\/2024\/02\/cronograma-dia-1.png 898w, https:\/\/sites.uel.br\/congresso-imunologia-aplicada\/wp-content\/uploads\/2024\/02\/cronograma-dia-1-300x188.png 300w, https:\/\/sites.uel.br\/congresso-imunologia-aplicada\/wp-content\/uploads\/2024\/02\/cronograma-dia-1-768x481.png 768w\" sizes=\"auto, (max-width: 898px) 100vw, 898px\" \/><\/figure>\n<\/div>\n\n<div class=\"wp-block-image\">\n<figure class=\"aligncenter size-full\"><img loading=\"lazy\" decoding=\"async\" width=\"1059\" height=\"550\" src=\"https:\/\/sites.uel.br\/congresso-imunologia-aplicada\/wp-content\/uploads\/2024\/02\/cronograma-dia-2.png\" alt=\"\" class=\"wp-image-134\" srcset=\"https:\/\/sites.uel.br\/congresso-imunologia-aplicada\/wp-content\/uploads\/2024\/02\/cronograma-dia-2.png 1059w, https:\/\/sites.uel.br\/congresso-imunologia-aplicada\/wp-content\/uploads\/2024\/02\/cronograma-dia-2-300x156.png 300w, https:\/\/sites.uel.br\/congresso-imunologia-aplicada\/wp-content\/uploads\/2024\/02\/cronograma-dia-2-1024x532.png 1024w, https:\/\/sites.uel.br\/congresso-imunologia-aplicada\/wp-content\/uploads\/2024\/02\/cronograma-dia-2-768x399.png 768w\" sizes=\"auto, (max-width: 1059px) 100vw, 1059px\" \/><\/figure>\n<\/div>\n\n<div class=\"wp-block-image\">\n<figure class=\"aligncenter size-full\"><img loading=\"lazy\" decoding=\"async\" width=\"1054\" height=\"591\" src=\"https:\/\/sites.uel.br\/congresso-imunologia-aplicada\/wp-content\/uploads\/2024\/02\/cronograma-dia-3.png\" alt=\"\" class=\"wp-image-135\" srcset=\"https:\/\/sites.uel.br\/congresso-imunologia-aplicada\/wp-content\/uploads\/2024\/02\/cronograma-dia-3.png 1054w, https:\/\/sites.uel.br\/congresso-imunologia-aplicada\/wp-content\/uploads\/2024\/02\/cronograma-dia-3-300x168.png 300w, https:\/\/sites.uel.br\/congresso-imunologia-aplicada\/wp-content\/uploads\/2024\/02\/cronograma-dia-3-1024x574.png 1024w, https:\/\/sites.uel.br\/congresso-imunologia-aplicada\/wp-content\/uploads\/2024\/02\/cronograma-dia-3-768x431.png 768w\" sizes=\"auto, (max-width: 1054px) 100vw, 1054px\" \/><\/figure>\n<\/div>\n\n\n<p class=\"has-text-align-center\"><a href=\"https:\/\/www.sistemasweb.uel.br\/index.php?contents=system\/insc\/index.php&amp;pagina=view\/inscricoes\/seleciona_evento.php&amp;cod_evento=8584\"><mark style=\"background-color:#c697f5\" class=\"has-inline-color\"><strong>Fa\u00e7a sua inscri\u00e7\u00e3o!<\/strong><\/mark><\/a><\/p>\n","protected":false},"excerpt":{"rendered":"<p>Fa\u00e7a sua inscri\u00e7\u00e3o!<\/p>\n","protected":false},"author":8,"featured_media":0,"parent":0,"menu_order":0,"comment_status":"closed","ping_status":"closed","template":"","meta":{"footnotes":""},"class_list":["post-64","page","type-page","status-publish","hentry"],"acf":[],"_links":{"self":[{"href":"https:\/\/sites.uel.br\/congresso-imunologia-aplicada\/wp-json\/wp\/v2\/pages\/64","targetHints":{"allow":["GET"]}}],"collection":[{"href":"https:\/\/sites.uel.br\/congresso-imunologia-aplicada\/wp-json\/wp\/v2\/pages"}],"about":[{"href":"https:\/\/sites.uel.br\/congresso-imunologia-aplicada\/wp-json\/wp\/v2\/types\/page"}],"author":[{"embeddable":true,"href":"https:\/\/sites.uel.br\/congresso-imunologia-aplicada\/wp-json\/wp\/v2\/users\/8"}],"replies":[{"embeddable":true,"href":"https:\/\/sites.uel.br\/congresso-imunologia-aplicada\/wp-json\/wp\/v2\/comments?post=64"}],"version-history":[{"count":11,"href":"https:\/\/sites.uel.br\/congresso-imunologia-aplicada\/wp-json\/wp\/v2\/pages\/64\/revisions"}],"predecessor-version":[{"id":137,"href":"https:\/\/sites.uel.br\/congresso-imunologia-aplicada\/wp-json\/wp\/v2\/pages\/64\/revisions\/137"}],"wp:attachment":[{"href":"https:\/\/sites.uel.br\/congresso-imunologia-aplicada\/wp-json\/wp\/v2\/media?parent=64"}],"curies":[{"name":"wp","href":"https:\/\/api.w.org\/{rel}","templated":true}]}}

Programação

<div class="wp-block-image">
<figure class="aligncenter size-full is-resized"><img loading="lazy" decoding="async" width="898" height="562" src="https://sites.uel.br/congresso-imunologia-aplicada/wp-content/uploads/2024/02/cronograma-dia-1.png" alt="" class="wp-image-133" style="width:1046px;height:auto" srcset="https://sites.uel.br/congresso-imunologia-aplicada/wp-content/uploads/2024/02/cronograma-dia-1.png 898w, https://sites.uel.br/congresso-imunologia-aplicada/wp-content/uploads/2024/02/cronograma-dia-1-300x188.png 300w, https://sites.uel.br/congresso-imunologia-aplicada/wp-content/uploads/2024/02/cronograma-dia-1-768x481.png 768w" sizes="auto, (max-width: 898px) 100vw, 898px" /></figure>
</div>

<div class="wp-block-image">
<figure class="aligncenter size-full"><img loading="lazy" decoding="async" width="1059" height="550" src="https://sites.uel.br/congresso-imunologia-aplicada/wp-content/uploads/2024/02/cronograma-dia-2.png" alt="" class="wp-image-134" srcset="https://sites.uel.br/congresso-imunologia-aplicada/wp-content/uploads/2024/02/cronograma-dia-2.png 1059w, https://sites.uel.br/congresso-imunologia-aplicada/wp-content/uploads/2024/02/cronograma-dia-2-300x156.png 300w, https://sites.uel.br/congresso-imunologia-aplicada/wp-content/uploads/2024/02/cronograma-dia-2-1024x532.png 1024w, https://sites.uel.br/congresso-imunologia-aplicada/wp-content/uploads/2024/02/cronograma-dia-2-768x399.png 768w" sizes="auto, (max-width: 1059px) 100vw, 1059px" /></figure>
</div>

<div class="wp-block-image">
<figure class="aligncenter size-full"><img loading="lazy" decoding="async" width="1054" height="591" src="https://sites.uel.br/congresso-imunologia-aplicada/wp-content/uploads/2024/02/cronograma-dia-3.png" alt="" class="wp-image-135" srcset="https://sites.uel.br/congresso-imunologia-aplicada/wp-content/uploads/2024/02/cronograma-dia-3.png 1054w, https://sites.uel.br/congresso-imunologia-aplicada/wp-content/uploads/2024/02/cronograma-dia-3-300x168.png 300w, https://sites.uel.br/congresso-imunologia-aplicada/wp-content/uploads/2024/02/cronograma-dia-3-1024x574.png 1024w, https://sites.uel.br/congresso-imunologia-aplicada/wp-content/uploads/2024/02/cronograma-dia-3-768x431.png 768w" sizes="auto, (max-width: 1054px) 100vw, 1054px" /></figure>
</div>


<p class="has-text-align-center"><a href="https://www.sistemasweb.uel.br/index.php?contents=system/insc/index.php&amp;pagina=view/inscricoes/seleciona_evento.php&amp;cod_evento=8584"><mark style="background-color:#c697f5" class="has-inline-color"><strong>Faça sua inscrição!</strong></mark></a></p>

<p>Faça sua inscrição!</p>
