{"id":85,"date":"2025-07-24T14:09:41","date_gmt":"2025-07-24T17:09:41","guid":{"rendered":"https:\/\/sites.uel.br\/com\/?page_id=85"},"modified":"2025-09-17T14:47:10","modified_gmt":"2025-09-17T17:47:10","slug":"galeria-de-fotos","status":"publish","type":"page","link":"https:\/\/sites.uel.br\/com\/jornalismo\/galeria-de-fotos\/","title":{"rendered":"Banco de Imagens"},"content":{"rendered":"\n<div style=\"height:15px\" aria-hidden=\"true\" class=\"wp-block-spacer\"><\/div>\n\n\n\n<p>As fotos aqui disponibilizadas podem ser utilizadas, para fins n\u00e3o comerciais, desde que citada a fonte.<\/p>\n\n\n\n<div style=\"height:20px\" aria-hidden=\"true\" class=\"wp-block-spacer\"><\/div>\n\n\n\n<h3 class=\"wp-block-heading\">Campus Universit\u00e1rio:<\/h3>\n\n\n\n<div style=\"height:15px\" aria-hidden=\"true\" class=\"wp-block-spacer\"><\/div>\n\n\n\n<div class=\"wp-block-columns is-layout-flex wp-container-core-columns-is-layout-9d6595d7 wp-block-columns-is-layout-flex\">\n<div class=\"wp-block-column is-layout-flow wp-block-column-is-layout-flow\">\n<div class=\"wp-block-buttons is-content-justification-center is-layout-flex wp-container-core-buttons-is-layout-16018d1d wp-block-buttons-is-layout-flex\">\n<div class=\"wp-block-button has-custom-width wp-block-button__width-100\"><a class=\"wp-block-button__link has-verde-escuro-background-color has-text-color has-background has-link-color has-medium-font-size has-custom-font-size wp-element-button\" href=\"https:\/\/drive.google.com\/drive\/folders\/1d2L5sFtFpmus54Zgq1CronfvW5Zj_QQE?usp=sharing\" style=\"border-radius:0px;color:#ffffff\" target=\"_blank\" rel=\"noreferrer noopener\">Cal\u00e7ad\u00e3o<\/a><\/div>\n<\/div>\n<\/div>\n\n\n\n<div class=\"wp-block-column is-layout-flow wp-block-column-is-layout-flow\">\n<div class=\"wp-block-buttons is-layout-flex wp-block-buttons-is-layout-flex\">\n<div class=\"wp-block-button has-custom-width wp-block-button__width-100\"><a class=\"wp-block-button__link has-verde-escuro-background-color has-text-color has-background has-link-color has-medium-font-size has-custom-font-size wp-element-button\" href=\"https:\/\/drive.google.com\/drive\/folders\/1atwTjNJOsrkp3fGFPC9LcF6KEuh1fDj9?usp=sharing\" style=\"border-radius:0px;color:#ffffff\" target=\"_blank\" rel=\"noreferrer noopener\">Letreiros<\/a><\/div>\n<\/div>\n<\/div>\n\n\n\n<div class=\"wp-block-column is-layout-flow wp-block-column-is-layout-flow\">\n<div class=\"wp-block-buttons is-layout-flex wp-block-buttons-is-layout-flex\">\n<div class=\"wp-block-button has-custom-width wp-block-button__width-100\"><a class=\"wp-block-button__link has-verde-escuro-background-color has-text-color has-background has-link-color has-medium-font-size has-custom-font-size wp-element-button\" href=\"https:\/\/drive.google.com\/drive\/folders\/1QJt-0dCA30Mqjz8fXwPhdt4T-tAFD9sG?usp=sharing\" style=\"border-radius:0px;color:#ffffff\" target=\"_blank\" rel=\"noreferrer noopener\">Fotos A\u00e9reas<\/a><\/div>\n<\/div>\n<\/div>\n<\/div>\n\n\n\n<div style=\"height:20px\" aria-hidden=\"true\" class=\"wp-block-spacer\"><\/div>\n\n\n\n<h3 class=\"wp-block-heading\">Pr\u00f3-Reitorias, \u00d3rg\u00e3os de Apoio e \u00d3rg\u00e3os Suplementares:<\/h3>\n\n\n\n<div style=\"height:15px\" aria-hidden=\"true\" class=\"wp-block-spacer\"><\/div>\n\n\n\n<div class=\"wp-block-columns is-layout-flex wp-container-core-columns-is-layout-9d6595d7 wp-block-columns-is-layout-flex\">\n<div class=\"wp-block-column is-layout-flow wp-block-column-is-layout-flow\">\n<div class=\"wp-block-buttons is-horizontal is-content-justification-center is-layout-flex wp-container-core-buttons-is-layout-769315fb wp-block-buttons-is-layout-flex\">\n<div class=\"wp-block-button has-custom-width wp-block-button__width-100\"><a class=\"wp-block-button__link has-verde-escuro-background-color has-text-color has-background has-link-color has-medium-font-size has-custom-font-size wp-element-button\" href=\"https:\/\/drive.google.com\/drive\/folders\/13X-b6I1uP86FnOO7EuwuQpz51WGmUlbD?usp=sharing\" style=\"border-radius:0px;color:#ffffff\" target=\"_blank\" rel=\"noreferrer noopener\">Pr\u00f3-Reitorias<\/a><\/div>\n<\/div>\n<\/div>\n\n\n\n<div class=\"wp-block-column is-layout-flow wp-block-column-is-layout-flow\">\n<div class=\"wp-block-buttons is-content-justification-center is-layout-flex wp-container-core-buttons-is-layout-16018d1d wp-block-buttons-is-layout-flex\">\n<div class=\"wp-block-button has-custom-width wp-block-button__width-100\"><a class=\"wp-block-button__link has-verde-escuro-background-color has-text-color has-background has-link-color has-medium-font-size has-custom-font-size wp-element-button\" href=\"https:\/\/drive.google.com\/drive\/folders\/1kVwi5S84brT8PfMa_0kOE5aZWWcrcilO?usp=sharing\" style=\"border-radius:0px;color:#ffffff\" target=\"_blank\" rel=\"noreferrer noopener\">\u00d3rg\u00e3os de Apoio<\/a><\/div>\n<\/div>\n<\/div>\n\n\n\n<div class=\"wp-block-column is-layout-flow wp-block-column-is-layout-flow\">\n<div class=\"wp-block-buttons is-layout-flex wp-block-buttons-is-layout-flex\">\n<div class=\"wp-block-button has-custom-width wp-block-button__width-100\"><a class=\"wp-block-button__link has-verde-escuro-background-color has-text-color has-background has-link-color has-medium-font-size has-custom-font-size wp-element-button\" href=\"https:\/\/drive.google.com\/drive\/folders\/1XaI57DHE4kt2UvP8Vx1bxmKUj-gwa2lX?usp=sharing\" style=\"border-radius:0px;color:#ffffff\" target=\"_blank\" rel=\"noreferrer noopener\">\u00d3rg\u00e3os Suplementares<\/a><\/div>\n<\/div>\n<\/div>\n<\/div>\n\n\n\n<div style=\"height:20px\" aria-hidden=\"true\" class=\"wp-block-spacer\"><\/div>\n\n\n\n<h3 class=\"wp-block-heading\">Centros de Estudo:<\/h3>\n\n\n\n<div style=\"height:15px\" aria-hidden=\"true\" class=\"wp-block-spacer\"><\/div>\n\n\n\n<div class=\"wp-block-columns is-layout-flex wp-container-core-columns-is-layout-9d6595d7 wp-block-columns-is-layout-flex\">\n<div class=\"wp-block-column is-layout-flow wp-block-column-is-layout-flow\">\n<div class=\"wp-block-buttons is-content-justification-center is-layout-flex wp-container-core-buttons-is-layout-16018d1d wp-block-buttons-is-layout-flex\">\n<div class=\"wp-block-button has-custom-width wp-block-button__width-100\"><a class=\"wp-block-button__link has-verde-escuro-background-color has-text-color has-background has-link-color has-medium-font-size has-text-align-center has-custom-font-size wp-element-button\" href=\"https:\/\/drive.google.com\/drive\/folders\/1-HgiQXsNDTA0VQGap9MvxvGaza2Xl-2P?usp=sharing\" style=\"border-radius:0px;color:#ffffff\" target=\"_blank\" rel=\"noreferrer noopener\"><strong>CCA<\/strong> &#8211; Centro de Ci\u00eancias Agr\u00e1rias<\/a><\/div>\n\n\n\n<div class=\"wp-block-button\"><a class=\"wp-block-button__link has-verde-escuro-background-color has-text-color has-background has-link-color has-medium-font-size has-text-align-center has-custom-font-size wp-element-button\" href=\"https:\/\/drive.google.com\/drive\/folders\/188lEyw2Y8Y1sVr-ngEX9B9uGhJCb_CM4?usp=sharing\" style=\"border-radius:0px;color:#ffffff\" target=\"_blank\" rel=\"noreferrer noopener\"><strong>CCS<\/strong> &#8211; Centro de Ci\u00eancias da Sa\u00fade<\/a><\/div>\n\n\n\n<div class=\"wp-block-button\"><a class=\"wp-block-button__link has-verde-escuro-background-color has-text-color has-background has-link-color has-medium-font-size has-text-align-center has-custom-font-size wp-element-button\" href=\"https:\/\/drive.google.com\/drive\/folders\/1gLTS1nQdbAlqKkKxW1gpfgdZjnWGm1uK?usp=sharing\" style=\"border-radius:0px;color:#ffffff\" target=\"_blank\" rel=\"noreferrer noopener\"><strong>CESA<\/strong> &#8211; Centro de Estudos Sociais Aplicados<\/a><\/div>\n<\/div>\n<\/div>\n\n\n\n<div class=\"wp-block-column is-layout-flow wp-block-column-is-layout-flow\">\n<div class=\"wp-block-buttons is-content-justification-center is-layout-flex wp-container-core-buttons-is-layout-16018d1d wp-block-buttons-is-layout-flex\">\n<div class=\"wp-block-button has-custom-width wp-block-button__width-100\"><a class=\"wp-block-button__link has-verde-escuro-background-color has-text-color has-background has-link-color has-medium-font-size has-custom-font-size wp-element-button\" href=\"https:\/\/drive.google.com\/drive\/folders\/19SQYKjiBf9SXzSDkdwYLuKQ7KqgzNIUp?usp=sharing\" style=\"border-radius:0px;color:#ffffff\" target=\"_blank\" rel=\"noreferrer noopener\"><strong>CCB <\/strong>&#8211; Centro de Ci\u00eancias Biol\u00f3gicas<\/a><\/div>\n\n\n\n<div class=\"wp-block-button has-custom-width wp-block-button__width-100\"><a class=\"wp-block-button__link has-verde-escuro-background-color has-text-color has-background has-link-color has-medium-font-size has-custom-font-size wp-element-button\" href=\"https:\/\/drive.google.com\/drive\/folders\/1j078jjs-XY53gNupiArlEEQoCdKbZaKv?usp=sharing\" style=\"border-radius:0px;color:#ffffff\" target=\"_blank\" rel=\"noreferrer noopener\"><strong>CECA<\/strong> &#8211; Centro de Educa\u00e7\u00e3o, Comunica\u00e7\u00e3o e Artes<\/a><\/div>\n\n\n\n<div class=\"wp-block-button has-custom-width wp-block-button__width-100\"><a class=\"wp-block-button__link has-verde-escuro-background-color has-text-color has-background has-link-color has-medium-font-size has-custom-font-size wp-element-button\" href=\"https:\/\/drive.google.com\/drive\/folders\/1s4ebb_xAxUa5mlOyIjquvKryJdWLBGpK?usp=sharing\" style=\"border-radius:0px;color:#ffffff\" target=\"_blank\" rel=\"noreferrer noopener\"><strong>CLCH <\/strong>&#8211; Centro de Letras e Ci\u00eancias Humanas<\/a><\/div>\n<\/div>\n<\/div>\n\n\n\n<div class=\"wp-block-column is-layout-flow wp-block-column-is-layout-flow\">\n<div class=\"wp-block-buttons is-content-justification-center is-layout-flex wp-container-core-buttons-is-layout-16018d1d wp-block-buttons-is-layout-flex\">\n<div class=\"wp-block-button has-custom-width wp-block-button__width-100 is-style-fill\"><a class=\"wp-block-button__link has-verde-escuro-background-color has-text-color has-background has-link-color has-medium-font-size has-custom-font-size wp-element-button\" href=\"https:\/\/drive.google.com\/drive\/folders\/1A2T4RD3G5xEuiY7POIDQwFaJg9m-WvBg?usp=sharing\" style=\"border-radius:0px;color:#ffffff\" target=\"_blank\" rel=\"noreferrer noopener\"><strong>CCE <\/strong>&#8211; Centro de Ci\u00eancias Exatas<\/a><\/div>\n\n\n\n<div class=\"wp-block-button has-custom-width wp-block-button__width-100 is-style-fill\"><a class=\"wp-block-button__link has-verde-escuro-background-color has-text-color has-background has-link-color has-medium-font-size has-custom-font-size wp-element-button\" href=\"https:\/\/drive.google.com\/drive\/folders\/1EHxZM_FKkgzC-beUr2lvlmJRA5bBZaO-?usp=sharing\" style=\"border-radius:0px;color:#ffffff\" target=\"_blank\" rel=\"noreferrer noopener\"><strong>CEFE <\/strong>&#8211; Centro de Educa\u00e7\u00e3o F\u00edsica e Esportes<\/a><\/div>\n\n\n\n<div class=\"wp-block-button has-custom-width wp-block-button__width-100 is-style-fill\"><a class=\"wp-block-button__link has-verde-escuro-background-color has-text-color has-background has-link-color has-medium-font-size has-custom-font-size wp-element-button\" href=\"https:\/\/drive.google.com\/drive\/folders\/1Gw2rNDjN-gcu9P0WWzKTUmlga5igVoFz?usp=sharing\" style=\"border-radius:0px;color:#ffffff\" target=\"_blank\" rel=\"noreferrer noopener\"><strong>CTU <\/strong>&#8211; Centro de Tecnologia e Urbanismo<\/a><\/div>\n<\/div>\n<\/div>\n<\/div>\n\n\n\n<p><\/p>\n\n\n\n<p class=\"has-text-align-center\"><\/p>\n\n\n\n<p><\/p>\n","protected":false},"excerpt":{"rendered":"<p>As fotos aqui disponibilizadas podem ser utilizadas, para fins n\u00e3o comerciais, desde que citada a fonte. Campus Universit\u00e1rio: Pr\u00f3-Reitorias, \u00d3rg\u00e3os de Apoio e \u00d3rg\u00e3os Suplementares: Centros de Estudo:<\/p>\n","protected":false},"author":10,"featured_media":0,"parent":57,"menu_order":0,"comment_status":"closed","ping_status":"closed","template":"","meta":{"_acf_changed":false,"_themeisle_gutenberg_block_has_review":false,"footnotes":""},"class_list":["post-85","page","type-page","status-publish","hentry"],"acf":[],"_links":{"self":[{"href":"https:\/\/sites.uel.br\/com\/wp-json\/wp\/v2\/pages\/85","targetHints":{"allow":["GET"]}}],"collection":[{"href":"https:\/\/sites.uel.br\/com\/wp-json\/wp\/v2\/pages"}],"about":[{"href":"https:\/\/sites.uel.br\/com\/wp-json\/wp\/v2\/types\/page"}],"author":[{"embeddable":true,"href":"https:\/\/sites.uel.br\/com\/wp-json\/wp\/v2\/users\/10"}],"replies":[{"embeddable":true,"href":"https:\/\/sites.uel.br\/com\/wp-json\/wp\/v2\/comments?post=85"}],"version-history":[{"count":38,"href":"https:\/\/sites.uel.br\/com\/wp-json\/wp\/v2\/pages\/85\/revisions"}],"predecessor-version":[{"id":714,"href":"https:\/\/sites.uel.br\/com\/wp-json\/wp\/v2\/pages\/85\/revisions\/714"}],"up":[{"embeddable":true,"href":"https:\/\/sites.uel.br\/com\/wp-json\/wp\/v2\/pages\/57"}],"wp:attachment":[{"href":"https:\/\/sites.uel.br\/com\/wp-json\/wp\/v2\/media?parent=85"}],"curies":[{"name":"wp","href":"https:\/\/api.w.org\/{rel}","templated":true}]}}