{"id":101,"date":"2025-07-24T15:08:49","date_gmt":"2025-07-24T18:08:49","guid":{"rendered":"https:\/\/sites.uel.br\/com\/?page_id=101"},"modified":"2025-09-16T15:44:45","modified_gmt":"2025-09-16T18:44:45","slug":"divisao-de-relacoes-publicas","status":"publish","type":"page","link":"https:\/\/sites.uel.br\/com\/relacoes-publicas\/divisao-de-relacoes-publicas\/","title":{"rendered":"Divis\u00e3o de Rela\u00e7\u00f5es P\u00fablicas"},"content":{"rendered":"\n<div style=\"height:15px\" aria-hidden=\"true\" class=\"wp-block-spacer\"><\/div>\n\n\n\n<p>A Divis\u00e3o de Rela\u00e7\u00f5es P\u00fablicas da COM \u00e9 respons\u00e1vel por planejar, divulgar e executar os eventos institucionais, em conjunto com o solicitante, assim como a provid\u00eancia de toda a estrutura necess\u00e1ria, envio de convites, o acompanhamento e o suporte ao evento durante seu andamento, al\u00e9m do suporte \u00e0 participa\u00e7\u00e3o do reitor ou de gestor representante da UEL.<\/p>\n\n\n\n<p>O setor de eventos pode atuar tamb\u00e9m na orienta\u00e7\u00e3o para realiza\u00e7\u00e3o de eventos acad\u00eamicos, orienta\u00e7\u00e3o e execu\u00e7\u00e3o de cerimonial de todos os Centros, indicando os pontos de aten\u00e7\u00e3o, materiais e equipamentos b\u00e1sicos para solenidades e aux\u00edlio sobre cerimonial e protocolo.<\/p>\n\n\n\n<div style=\"height:15px\" aria-hidden=\"true\" class=\"wp-block-spacer\"><\/div>\n\n\n\n<hr class=\"wp-block-separator has-alpha-channel-opacity\" \/>\n\n\n\n<h3 class=\"wp-block-heading\">Orienta\u00e7\u00e3o de eventos:<\/h3>\n\n\n\n<p>As solicita\u00e7\u00f5es de orienta\u00e7\u00e3o de eventos devem ser enviadas diretamente ao e-mail institucional da Divis\u00e3o de Rela\u00e7\u00f5es P\u00fablicas. O e-mail deve indicar:<\/p>\n\n\n\n<div class=\"wp-block-columns is-layout-flex wp-container-core-columns-is-layout-9d6595d7 wp-block-columns-is-layout-flex\">\n<div class=\"wp-block-column is-vertically-aligned-center is-layout-flow wp-block-column-is-layout-flow\" style=\"flex-basis:66.66%\">\n<p>\u2022 Nome do evento;<br><strong>\u2022 <\/strong>Descri\u00e7\u00e3o do evento (programa\u00e7\u00e3o do evento, lista de autoridades convidadas);<br>\u2022 Data e local;<br>\u2022 A quem se destina (p\u00fablico-alvo);<br>\u2022 Dados para contato (nome completo, fun\u00e7\u00e3o, setor, e-mail e telefone);<br>\u2022 Qual o seu v\u00ednculo (palestrante, coordenador do evento).<\/p>\n<\/div>\n\n\n\n<div class=\"wp-block-column is-layout-flow wp-block-column-is-layout-flow\" style=\"flex-basis:33.33%\">\n<div class=\"wp-block-uel-card\">\n<p><strong>Dados para envio:<\/strong><\/p>\n\n\n\n<p><strong>E-mail:<\/strong>&nbsp;cerimonial@uel.br<\/p>\n\n\n\n<p>O apoio para organiza\u00e7\u00e3o de eventos deve ser solicitado com <strong>at\u00e9 30 (trinta) dias \u00fateis<\/strong> de anteced\u00eancia \u00e0 sua data de realiza\u00e7\u00e3o.<\/p>\n<\/div>\n<\/div>\n<\/div>\n\n\n\n<p>Os eventos podem ser atendidos de forma remota e\/ou presencial. Todos os eventos que solicitam orienta\u00e7\u00e3o s\u00e3o atendidos de forma remota (pelo e-mail ou por telefone). A decis\u00e3o para o atendimento pelo modo presencial ser\u00e1 tomada pela Divis\u00e3o de Rela\u00e7\u00f5es P\u00fablicas com base em sua disponibilidade de agenda e necessidades informadas pela comiss\u00e3o organizadora do evento.<\/p>\n\n\n\n<div style=\"height:15px\" aria-hidden=\"true\" class=\"wp-block-spacer\"><\/div>\n\n\n\n<p class=\"has-text-align-center\"><strong>Para solicitar divulga\u00e7\u00e3o de eventos institucionais,<\/strong> <a href=\"https:\/\/sites.uel.br\/com\/jornalismo\/divisao-de-jornalismo\/\"><strong>clique aqui<\/strong>.<\/a><\/p>\n","protected":false},"excerpt":{"rendered":"<p>A Divis\u00e3o de Rela\u00e7\u00f5es P\u00fablicas da COM \u00e9 respons\u00e1vel por planejar, divulgar e executar os eventos institucionais, em conjunto com o solicitante, assim como a provid\u00eancia de toda a estrutura necess\u00e1ria, envio de convites, o acompanhamento e o suporte ao evento durante seu andamento, al\u00e9m do suporte \u00e0 participa\u00e7\u00e3o do reitor ou de gestor representante [&hellip;]<\/p>\n","protected":false},"author":10,"featured_media":0,"parent":60,"menu_order":0,"comment_status":"closed","ping_status":"closed","template":"","meta":{"_acf_changed":false,"_themeisle_gutenberg_block_has_review":false,"footnotes":""},"class_list":["post-101","page","type-page","status-publish","hentry"],"acf":[],"_links":{"self":[{"href":"https:\/\/sites.uel.br\/com\/wp-json\/wp\/v2\/pages\/101","targetHints":{"allow":["GET"]}}],"collection":[{"href":"https:\/\/sites.uel.br\/com\/wp-json\/wp\/v2\/pages"}],"about":[{"href":"https:\/\/sites.uel.br\/com\/wp-json\/wp\/v2\/types\/page"}],"author":[{"embeddable":true,"href":"https:\/\/sites.uel.br\/com\/wp-json\/wp\/v2\/users\/10"}],"replies":[{"embeddable":true,"href":"https:\/\/sites.uel.br\/com\/wp-json\/wp\/v2\/comments?post=101"}],"version-history":[{"count":24,"href":"https:\/\/sites.uel.br\/com\/wp-json\/wp\/v2\/pages\/101\/revisions"}],"predecessor-version":[{"id":686,"href":"https:\/\/sites.uel.br\/com\/wp-json\/wp\/v2\/pages\/101\/revisions\/686"}],"up":[{"embeddable":true,"href":"https:\/\/sites.uel.br\/com\/wp-json\/wp\/v2\/pages\/60"}],"wp:attachment":[{"href":"https:\/\/sites.uel.br\/com\/wp-json\/wp\/v2\/media?parent=101"}],"curies":[{"name":"wp","href":"https:\/\/api.w.org\/{rel}","templated":true}]}}