{"id":49,"date":"2025-12-15T15:57:30","date_gmt":"2025-12-15T18:57:30","guid":{"rendered":"https:\/\/sites.uel.br\/clinicapsicologica\/?page_id=49"},"modified":"2025-12-17T14:49:38","modified_gmt":"2025-12-17T17:49:38","slug":"publicacoes-da-clinica","status":"publish","type":"page","link":"https:\/\/sites.uel.br\/clinicapsicologica\/publicacoes-da-clinica\/","title":{"rendered":"Publica\u00e7\u00f5es da Cl\u00ednica"},"content":{"rendered":"\n<hr class=\"wp-block-separator has-text-color has-verde-escuro-color has-alpha-channel-opacity has-verde-escuro-background-color has-background is-style-wide\"\/>\n\n\n\n<p>Abaixo seguem algumas publica\u00e7\u00f5es vinculadas a atividades e projetos da Cl\u00ednica Psicol\u00f3gica da UEL:<\/p>\n\n\n\n<div class=\"wp-block-columns is-layout-flex wp-container-core-columns-is-layout-9d6595d7 wp-block-columns-is-layout-flex\">\n<div class=\"wp-block-column is-layout-flow wp-block-column-is-layout-flow\">\n<div data-wp-interactive=\"core\/file\" class=\"wp-block-file\"><object data-wp-bind--hidden=\"!state.hasPdfPreview\" hidden class=\"wp-block-file__embed\" data=\"https:\/\/sites.uel.br\/clinicapsicologica\/wp-content\/uploads\/2025\/12\/livrosag-new.pdf\" type=\"application\/pdf\" style=\"width:100%;height:600px\" aria-label=\"Incorporado de livrosag-new.\"><\/object><a id=\"wp-block-file--media-caf14754-3e42-4eae-b97e-3af152164915\" href=\"https:\/\/sites.uel.br\/clinicapsicologica\/wp-content\/uploads\/2025\/12\/livrosag-new.pdf\">livrosag-new<\/a><a href=\"https:\/\/sites.uel.br\/clinicapsicologica\/wp-content\/uploads\/2025\/12\/livrosag-new.pdf\" class=\"wp-block-file__button wp-element-button\" download aria-describedby=\"wp-block-file--media-caf14754-3e42-4eae-b97e-3af152164915\">Baixar<\/a><\/div>\n<\/div>\n\n\n\n<div class=\"wp-block-column is-layout-flow wp-block-column-is-layout-flow\">\n<div data-wp-interactive=\"core\/file\" class=\"wp-block-file\"><object data-wp-bind--hidden=\"!state.hasPdfPreview\" hidden class=\"wp-block-file__embed\" data=\"https:\/\/sites.uel.br\/clinicapsicologica\/wp-content\/uploads\/2025\/12\/Livro-Plantao-psicologico-retrato-de-acoes1.pdf\" type=\"application\/pdf\" style=\"width:100%;height:600px\" aria-label=\"Incorporado de Livro - Plantao psicologico - retrato de acoes1.\"><\/object><a id=\"wp-block-file--media-618f9131-2523-45bf-994e-edaa768a5b74\" href=\"https:\/\/sites.uel.br\/clinicapsicologica\/wp-content\/uploads\/2025\/12\/Livro-Plantao-psicologico-retrato-de-acoes1.pdf\">Livro &#8211; Plantao psicologico &#8211; retrato de acoes1<\/a><a href=\"https:\/\/sites.uel.br\/clinicapsicologica\/wp-content\/uploads\/2025\/12\/Livro-Plantao-psicologico-retrato-de-acoes1.pdf\" class=\"wp-block-file__button wp-element-button\" download aria-describedby=\"wp-block-file--media-618f9131-2523-45bf-994e-edaa768a5b74\">Baixar<\/a><\/div>\n<\/div>\n\n\n\n<div class=\"wp-block-column is-layout-flow wp-block-column-is-layout-flow\">\n<div data-wp-interactive=\"core\/file\" class=\"wp-block-file\"><object data-wp-bind--hidden=\"!state.hasPdfPreview\" hidden class=\"wp-block-file__embed\" data=\"https:\/\/sites.uel.br\/clinicapsicologica\/wp-content\/uploads\/2025\/12\/Clinica-de-grupos-de-inspiracao-psicanalitica-teoria-pratica-e-pesquisa.pdf\" type=\"application\/pdf\" style=\"width:100%;height:600px\" aria-label=\"Incorporado de Clinica de grupos de inspiracao psicanalitica - teoria pratica e pesquisa.\"><\/object><a id=\"wp-block-file--media-4e9635ae-d260-41fb-b13e-9b0fc6e46bf0\" href=\"https:\/\/sites.uel.br\/clinicapsicologica\/wp-content\/uploads\/2025\/12\/Clinica-de-grupos-de-inspiracao-psicanalitica-teoria-pratica-e-pesquisa.pdf\">Clinica de grupos de inspiracao psicanalitica &#8211; teoria pratica e pesquisa<\/a><a href=\"https:\/\/sites.uel.br\/clinicapsicologica\/wp-content\/uploads\/2025\/12\/Clinica-de-grupos-de-inspiracao-psicanalitica-teoria-pratica-e-pesquisa.pdf\" class=\"wp-block-file__button wp-element-button\" download aria-describedby=\"wp-block-file--media-4e9635ae-d260-41fb-b13e-9b0fc6e46bf0\">Baixar<\/a><\/div>\n<\/div>\n<\/div>\n\n\n\n<div class=\"wp-block-columns is-layout-flex wp-container-core-columns-is-layout-9d6595d7 wp-block-columns-is-layout-flex\">\n<div class=\"wp-block-column is-layout-flow wp-block-column-is-layout-flow\">\n<div data-wp-interactive=\"core\/file\" class=\"wp-block-file\"><object data-wp-bind--hidden=\"!state.hasPdfPreview\" hidden class=\"wp-block-file__embed\" data=\"https:\/\/sites.uel.br\/clinicapsicologica\/wp-content\/uploads\/2025\/12\/Livro-Intervencoes-psicologicas-on-line-reflexoes-e-retrato-de-acoes-on-line.pdf\" type=\"application\/pdf\" style=\"width:100%;height:600px\" aria-label=\"Incorporado de Livro - Intervencoes psicologicas on-line - reflexoes e retrato de acoes on-line.\"><\/object><a id=\"wp-block-file--media-14c3d888-9748-4a5f-b7af-b1be5a13f98c\" href=\"https:\/\/sites.uel.br\/clinicapsicologica\/wp-content\/uploads\/2025\/12\/Livro-Intervencoes-psicologicas-on-line-reflexoes-e-retrato-de-acoes-on-line.pdf\">Livro &#8211; Intervencoes psicologicas on-line &#8211; reflexoes e retrato de acoes on-line<\/a><a href=\"https:\/\/sites.uel.br\/clinicapsicologica\/wp-content\/uploads\/2025\/12\/Livro-Intervencoes-psicologicas-on-line-reflexoes-e-retrato-de-acoes-on-line.pdf\" class=\"wp-block-file__button wp-element-button\" download aria-describedby=\"wp-block-file--media-14c3d888-9748-4a5f-b7af-b1be5a13f98c\">Baixar<\/a><\/div>\n<\/div>\n\n\n\n<div class=\"wp-block-column is-layout-flow wp-block-column-is-layout-flow\">\n<div data-wp-interactive=\"core\/file\" class=\"wp-block-file\"><object data-wp-bind--hidden=\"!state.hasPdfPreview\" hidden class=\"wp-block-file__embed\" data=\"https:\/\/sites.uel.br\/clinicapsicologica\/wp-content\/uploads\/2025\/12\/Livro-Formacao-pesquisa-e-a-clinica-psicanalitica-de-casais-e-familias-1.pdf\" type=\"application\/pdf\" style=\"width:100%;height:600px\" aria-label=\"Incorporado de Livro - Formacao pesquisa e a clinica psicanalitica de casais e familias (1).\"><\/object><a id=\"wp-block-file--media-241607f1-321c-4fc6-984b-0c77bead14af\" href=\"https:\/\/sites.uel.br\/clinicapsicologica\/wp-content\/uploads\/2025\/12\/Livro-Formacao-pesquisa-e-a-clinica-psicanalitica-de-casais-e-familias-1.pdf\">Livro &#8211; Formacao pesquisa e a clinica psicanalitica de casais e familias (1)<\/a><a href=\"https:\/\/sites.uel.br\/clinicapsicologica\/wp-content\/uploads\/2025\/12\/Livro-Formacao-pesquisa-e-a-clinica-psicanalitica-de-casais-e-familias-1.pdf\" class=\"wp-block-file__button wp-element-button\" download aria-describedby=\"wp-block-file--media-241607f1-321c-4fc6-984b-0c77bead14af\">Baixar<\/a><\/div>\n<\/div>\n\n\n\n<div class=\"wp-block-column is-layout-flow wp-block-column-is-layout-flow\">\n<div data-wp-interactive=\"core\/file\" class=\"wp-block-file\"><object data-wp-bind--hidden=\"!state.hasPdfPreview\" hidden class=\"wp-block-file__embed\" data=\"https:\/\/sites.uel.br\/clinicapsicologica\/wp-content\/uploads\/2025\/12\/Suicidio-ja-parou-para-pensar-2ordf-edicao.pdf\" type=\"application\/pdf\" style=\"width:100%;height:600px\" aria-label=\"Incorporado de Suicidio - ja parou para pensar 2ordf edicao.\"><\/object><a id=\"wp-block-file--media-00feedd4-4abb-4656-85d0-3a144e801b73\" href=\"https:\/\/sites.uel.br\/clinicapsicologica\/wp-content\/uploads\/2025\/12\/Suicidio-ja-parou-para-pensar-2ordf-edicao.pdf\">Suicidio &#8211; ja parou para pensar 2ordf edicao<\/a><a href=\"https:\/\/sites.uel.br\/clinicapsicologica\/wp-content\/uploads\/2025\/12\/Suicidio-ja-parou-para-pensar-2ordf-edicao.pdf\" class=\"wp-block-file__button wp-element-button\" download aria-describedby=\"wp-block-file--media-00feedd4-4abb-4656-85d0-3a144e801b73\">Baixar<\/a><\/div>\n<\/div>\n<\/div>\n","protected":false},"excerpt":{"rendered":"<p>Abaixo seguem algumas publica\u00e7\u00f5es vinculadas a atividades e projetos da Cl\u00ednica Psicol\u00f3gica da UEL:<\/p>\n","protected":false},"author":6,"featured_media":0,"parent":0,"menu_order":0,"comment_status":"closed","ping_status":"closed","template":"","meta":{"_acf_changed":false,"_themeisle_gutenberg_block_has_review":false,"footnotes":""},"class_list":["post-49","page","type-page","status-publish","hentry"],"acf":[],"_links":{"self":[{"href":"https:\/\/sites.uel.br\/clinicapsicologica\/wp-json\/wp\/v2\/pages\/49","targetHints":{"allow":["GET"]}}],"collection":[{"href":"https:\/\/sites.uel.br\/clinicapsicologica\/wp-json\/wp\/v2\/pages"}],"about":[{"href":"https:\/\/sites.uel.br\/clinicapsicologica\/wp-json\/wp\/v2\/types\/page"}],"author":[{"embeddable":true,"href":"https:\/\/sites.uel.br\/clinicapsicologica\/wp-json\/wp\/v2\/users\/6"}],"replies":[{"embeddable":true,"href":"https:\/\/sites.uel.br\/clinicapsicologica\/wp-json\/wp\/v2\/comments?post=49"}],"version-history":[{"count":4,"href":"https:\/\/sites.uel.br\/clinicapsicologica\/wp-json\/wp\/v2\/pages\/49\/revisions"}],"predecessor-version":[{"id":111,"href":"https:\/\/sites.uel.br\/clinicapsicologica\/wp-json\/wp\/v2\/pages\/49\/revisions\/111"}],"wp:attachment":[{"href":"https:\/\/sites.uel.br\/clinicapsicologica\/wp-json\/wp\/v2\/media?parent=49"}],"curies":[{"name":"wp","href":"https:\/\/api.w.org\/{rel}","templated":true}]}}