{"id":35,"date":"2025-12-15T14:24:31","date_gmt":"2025-12-15T17:24:31","guid":{"rendered":"https:\/\/sites.uel.br\/clinicapsicologica\/?page_id=35"},"modified":"2026-02-02T16:45:44","modified_gmt":"2026-02-02T19:45:44","slug":"sobre-a-clinica","status":"publish","type":"page","link":"https:\/\/sites.uel.br\/clinicapsicologica\/sobre-a-clinica\/","title":{"rendered":"Sobre a Cl\u00ednica"},"content":{"rendered":"\n<hr class=\"wp-block-separator has-text-color has-verde-escuro-color has-alpha-channel-opacity has-verde-escuro-background-color has-background is-style-wide\"\/>\n\n\n\n<p>A Cl\u00ednica Psicol\u00f3gica da Universidade Estadual de Londrina &#8211; UEL configura-se como um servi\u00e7o-escola de Psicologia ligado ao curso de gradua\u00e7\u00e3o em Psicologia da referida Universidade. Tal servi\u00e7o congrega a\u00e7\u00f5es dos departamentos Psicologia Geral e An\u00e1lise do Comportamento (PGAC), Psicologia e Psican\u00e1lise (PPSIC) e Psicologia Social e Institucional (PSI), por meio de atividades ofertadas em est\u00e1gios curriculares, projetos de ensino, pesquisa e extens\u00e3o.<\/p>\n\n\n\n<p><strong>Popula\u00e7\u00e3o-alvo:<\/strong>&nbsp;comunidade interna e externa \u00e0 UEL, em suas diferentes faixas et\u00e1rias (crian\u00e7as, adolescentes, adultos e pessoa idosa),&nbsp;benefici\u00e1rios do Sistema \u00danico de Sa\u00fade (SUS).<\/p>\n\n\n\n<p><strong>Servi\u00e7os oferecidos:<\/strong>&nbsp;psicoterapia individual&nbsp;de crian\u00e7as, adolescentes, adultos e pessoa idosa.&nbsp;Demais atividades, tais como avalia\u00e7\u00e3o psicol\u00f3gica, psicoterapia de grupo, casal e fam\u00edlia, dentre outros s\u00e3o oferecidos por meio de projetos de ensino, pesquisa e extens\u00e3o, conforme interesse e disponibilidade de docentes e pesquisadores da Universidade Estadual de Londrina.<\/p>\n\n\n\n<hr class=\"wp-block-separator has-text-color has-verde-escuro-color has-alpha-channel-opacity has-verde-escuro-background-color has-background is-style-wide\"\/>\n\n\n\n<p class=\"has-verde-escuro-color has-text-color has-link-color wp-elements-05819fcbc83d7664b865496f1b104d87\"><strong>HIST\u00d3RICO<\/strong><\/p>\n\n\n\n<p>A&nbsp;Cl\u00ednica Psicol\u00f3gica&nbsp;foi instalada em 1976, com a implanta\u00e7\u00e3o do 5\u00ba ano no curso de Psicologia da UEL (Habilita\u00e7\u00e3o: Forma\u00e7\u00e3o de Psic\u00f3logo).<\/p>\n\n\n\n<p>Em 1992, a Cl\u00ednica Psicol\u00f3gica atuava como um servi\u00e7o de extens\u00e3o da Universidade Estadual de Londrina, denominando-se Servi\u00e7o de Psicologia Aplicada (S.P.A.), vinculada aos departamentos de Psicologia, principalmente aos departamentos de Psicologia Geral e An\u00e1lise do Comportamento e de Psicologia e Psican\u00e1lise, que ofereciam est\u00e1gios na \u00e1rea de Psicologia Cl\u00ednica aos alunos do curso de Psicologia. Esses dois departamentos tinham tamb\u00e9m a responsabilidade de coordenar o Servi\u00e7o de Psicologia Cl\u00ednica, atrav\u00e9s de revezamento. Assim como tradicionalmente os alunos desenvolviam seu est\u00e1gio em cl\u00ednica neste \u00f3rg\u00e3o, o mesmo era conhecido como Cl\u00ednica Psicol\u00f3gica (conforme Informativo da coordena\u00e7\u00e3o do Servi\u00e7o de Psicologia Aplicada, de 10\/03\/1992).<\/p>\n\n\n\n<p>Em 1999, o Servi\u00e7o de Psicologia Aplicada (Cl\u00ednica Psicol\u00f3gica) foi transformado em N\u00facleo de Psicologia Cl\u00ednica (Resolu\u00e7\u00e3o CA n\u00ba 198\/99, de 11\/11\/1999), vinculado acad\u00eamica e administrativamente ao Centro de Ci\u00eancias Biol\u00f3gicas. Desde ent\u00e3o, o Diretor deste \u00f3rg\u00e3o passou a ser eleito pelos alunos da 5\u00aa s\u00e9rie do curso de Psicologia e pelos docentes que atuavam como supervisores de est\u00e1gio na \u00e1rea de Psicologia Cl\u00ednica.<\/p>\n\n\n\n<p>Em 2009, o N\u00facleo de Psicologia Cl\u00ednica foi institucionalizado como \u00d3rg\u00e3o Suplementar da Universidade Estadual de Londrina (Resolu\u00e7\u00e3o CU n\u00ba 0159\/2009, de 31\/07\/2009), passando a denominar-se Cl\u00ednica Psicol\u00f3gica (CP-UEL), subordinado administrativamente \u00e0 Reitoria da UEL e academicamente ao Centro de Ci\u00eancias Biol\u00f3gicas, regendo-se pelo disposto no Estatuto e Regimento da UEL e pelas disposi\u00e7\u00f5es de seu Regimento, aprovado pela Resolu\u00e7\u00e3o CU n\u00ba 0260\/2009, de 15\/12\/2009.<\/p>\n\n\n\n<p>A partir de 2014, a Dire\u00e7\u00e3o da Cl\u00ednica Psicol\u00f3gica passou a ser escolhida por meio de elei\u00e7\u00e3o com votos de representante dos estudantes de Psicologia, representante dos servidores do servi\u00e7o, al\u00e9m de votos dos docentes dos departamentos de Psicologia Geral e An\u00e1lise do Comportamento (PGAC), Psicologia e Psican\u00e1lise (PPSIC) e Psicologia Social e Institucional (PSI).&nbsp;<\/p>\n\n\n\n<div class=\"wp-block-columns is-layout-flex wp-container-core-columns-is-layout-9d6595d7 wp-block-columns-is-layout-flex\">\n<div class=\"wp-block-column is-layout-flow wp-block-column-is-layout-flow\"><\/div>\n<\/div>\n\n\n\n<div class=\"wp-block-columns is-layout-flex wp-container-core-columns-is-layout-9d6595d7 wp-block-columns-is-layout-flex\">\n<div class=\"wp-block-column is-layout-flow wp-block-column-is-layout-flow\">\n<figure class=\"wp-block-image size-full\"><img loading=\"lazy\" decoding=\"async\" width=\"1022\" height=\"670\" src=\"https:\/\/sites.uel.br\/clinicapsicologica\/wp-content\/uploads\/2026\/02\/entrada-clinica.png\" alt=\"\" class=\"wp-image-131\" srcset=\"https:\/\/sites.uel.br\/clinicapsicologica\/wp-content\/uploads\/2026\/02\/entrada-clinica.png 1022w, https:\/\/sites.uel.br\/clinicapsicologica\/wp-content\/uploads\/2026\/02\/entrada-clinica-300x197.png 300w, https:\/\/sites.uel.br\/clinicapsicologica\/wp-content\/uploads\/2026\/02\/entrada-clinica-768x503.png 768w\" sizes=\"auto, (max-width: 1022px) 100vw, 1022px\" \/><\/figure>\n<\/div>\n\n\n\n<div class=\"wp-block-column is-layout-flow wp-block-column-is-layout-flow\">\n<figure class=\"wp-block-image size-full is-resized\"><img loading=\"lazy\" decoding=\"async\" width=\"1022\" height=\"687\" src=\"https:\/\/sites.uel.br\/clinicapsicologica\/wp-content\/uploads\/2026\/02\/sala-de-recepcao-clinica-1.png\" alt=\"\" class=\"wp-image-133\" style=\"aspect-ratio:1.487651775486827;width:495px;height:auto\" srcset=\"https:\/\/sites.uel.br\/clinicapsicologica\/wp-content\/uploads\/2026\/02\/sala-de-recepcao-clinica-1.png 1022w, https:\/\/sites.uel.br\/clinicapsicologica\/wp-content\/uploads\/2026\/02\/sala-de-recepcao-clinica-1-300x202.png 300w, https:\/\/sites.uel.br\/clinicapsicologica\/wp-content\/uploads\/2026\/02\/sala-de-recepcao-clinica-1-768x516.png 768w\" sizes=\"auto, (max-width: 1022px) 100vw, 1022px\" \/><\/figure>\n<\/div>\n<\/div>\n\n\n\n<p><\/p>\n","protected":false},"excerpt":{"rendered":"<p>A Cl\u00ednica Psicol\u00f3gica da Universidade Estadual de Londrina &#8211; UEL configura-se como um servi\u00e7o-escola de Psicologia ligado ao curso de gradua\u00e7\u00e3o em Psicologia da referida Universidade. Tal servi\u00e7o congrega a\u00e7\u00f5es dos departamentos Psicologia Geral e An\u00e1lise do Comportamento (PGAC), Psicologia e Psican\u00e1lise (PPSIC) e Psicologia Social e Institucional (PSI), por meio de atividades ofertadas em [&hellip;]<\/p>\n","protected":false},"author":6,"featured_media":0,"parent":0,"menu_order":0,"comment_status":"closed","ping_status":"closed","template":"","meta":{"_acf_changed":false,"_themeisle_gutenberg_block_has_review":false,"footnotes":""},"class_list":["post-35","page","type-page","status-publish","hentry"],"acf":[],"_links":{"self":[{"href":"https:\/\/sites.uel.br\/clinicapsicologica\/wp-json\/wp\/v2\/pages\/35","targetHints":{"allow":["GET"]}}],"collection":[{"href":"https:\/\/sites.uel.br\/clinicapsicologica\/wp-json\/wp\/v2\/pages"}],"about":[{"href":"https:\/\/sites.uel.br\/clinicapsicologica\/wp-json\/wp\/v2\/types\/page"}],"author":[{"embeddable":true,"href":"https:\/\/sites.uel.br\/clinicapsicologica\/wp-json\/wp\/v2\/users\/6"}],"replies":[{"embeddable":true,"href":"https:\/\/sites.uel.br\/clinicapsicologica\/wp-json\/wp\/v2\/comments?post=35"}],"version-history":[{"count":14,"href":"https:\/\/sites.uel.br\/clinicapsicologica\/wp-json\/wp\/v2\/pages\/35\/revisions"}],"predecessor-version":[{"id":134,"href":"https:\/\/sites.uel.br\/clinicapsicologica\/wp-json\/wp\/v2\/pages\/35\/revisions\/134"}],"wp:attachment":[{"href":"https:\/\/sites.uel.br\/clinicapsicologica\/wp-json\/wp\/v2\/media?parent=35"}],"curies":[{"name":"wp","href":"https:\/\/api.w.org\/{rel}","templated":true}]}}