{"id":146,"date":"2026-02-02T17:01:33","date_gmt":"2026-02-02T20:01:33","guid":{"rendered":"https:\/\/sites.uel.br\/clinicapsicologica\/?page_id=146"},"modified":"2026-02-04T16:42:42","modified_gmt":"2026-02-04T19:42:42","slug":"cursos-e-eventos","status":"publish","type":"page","link":"https:\/\/sites.uel.br\/clinicapsicologica\/cursos-e-eventos\/","title":{"rendered":"Cursos e Eventos"},"content":{"rendered":"\n<hr class=\"wp-block-separator has-text-color has-verde-escuro-color has-alpha-channel-opacity has-verde-escuro-background-color has-background is-style-wide\"\/>\n\n\n\n<p><strong>Ano 2020<\/strong><\/p>\n\n\n\n<div id=\"wp-block-themeisle-blocks-accordion-d2cbbd94\" class=\"wp-block-themeisle-blocks-accordion exclusive\">\n<details class=\"wp-block-themeisle-blocks-accordion-item\"><summary class=\"wp-block-themeisle-blocks-accordion-item__title\"><div><strong>Elabora\u00e7\u00e3o de documentos em Psicologia: o que diz a Resolu\u00e7\u00e3o CFP n\u00ba 06\/2019?<\/strong><\/div><\/summary><div class=\"wp-block-themeisle-blocks-accordion-item__content\">\n<p><strong>Ministrante<\/strong>:&nbsp;<a href=\"http:\/\/lattes.cnpq.br\/0810831920092054\">Amanda Lays Monteiro In\u00e1cio<\/a>&nbsp;\u2013 Psic\u00f3loga (CRP 08\/23410) pela Universidade Estadual de Londrina. Doutoranda em Psicologia pelo Programa de P\u00f3s-Gradua\u00e7\u00e3o Stricto Sensu da Universidade S\u00e3o Francisco na linha de Psicologia Educacional. Mestre em Educa\u00e7\u00e3o pelo Programa de Mestrado e Doutorado da Universidade Estadual de Londrina. Coordenadora da Comiss\u00e3o Tem\u00e1tica de Avalia\u00e7\u00e3o Psicol\u00f3gica do Conselho Regional de Psicologia de Londrina (Gest\u00e3o 2019-2022).<\/p>\n\n\n\n<p><strong>Dia<\/strong>: 21 de mar\u00e7o de 2020<br><strong>Hor\u00e1rio<\/strong>: das 8h \u00e0s 12h<br><strong>Local<\/strong>: Sala 201 &#8211; Centro de Ci\u00eancias Biol\u00f3gicas\/UEL<\/p>\n\n\n\n<p><strong>Investimento<\/strong>:&nbsp;<\/p>\n\n\n\n<p>R$ 50,00 \u2013 estudantes de gradua\u00e7\u00e3o<br>R$ 75,00 \u2013 estudantes de p\u00f3s-gradua\u00e7\u00e3o<br>R$ 100,00 \u2013 profissionais\u00a0\u00a0<\/p>\n\n\n\n<p><strong>Inscri\u00e7\u00f5es<\/strong>:\u00a0<a href=\"https:\/\/www.sistemasweb.uel.br\/index.php?contents=system\/insc\/index.php&amp;pagina=view\/inscricoes\/seleciona_evento.php&amp;cod_evento=5643\">clique aqui<\/a>.<br><strong>P\u00fablico-alvo<\/strong>: <br>Estudantes de gradua\u00e7\u00e3o em Psicologia e psic\u00f3logos<br><strong>Objetivos<\/strong>: <br>Apresentar e discutir a Resolu\u00e7\u00e3o CFP n\u00ba 06\/2019.<br><strong>Justificativa<\/strong>: <br>A elabora\u00e7\u00e3o de documentos escritos se configura como uma importante tarefa do profissional da Psicologia, que pode implicar em processos \u00e9ticos nos casos em que tais documentos n\u00e3o respeitam as normativas propostas pelo Conselho Federal de Psicologia. Como a resolu\u00e7\u00e3o foi alterada em 2019, nota-se a necessidade de se capacitar os profissionais da \u00e1rea quanto \u00e0s normas e suas atualiza\u00e7\u00f5es, de maneira a se minimizar problem\u00e1ticas usualmente notadas na escrita desses documentos.<br><strong>Metodologia<\/strong>: <br>O curso ser\u00e1 composto por aula expositiva dialogada, seguida de exerc\u00edcios pr\u00e1ticos, advindos de exemplos propostos pela docente.\u00a0<br><strong>Bibliografia<\/strong>:<br>Resolu\u00e7\u00e3o CFP n\u00ba 06\/2019 comentada. Recuperado em 20 de dezembro de 2019, de https:\/\/site.cfp.org.br\/wp-content\/uploads\/2019\/09\/Resolu%C3%A7%C3%A3o-CFP-n-06-2019-comentada.pdf.<\/p>\n<\/div><\/details>\n<\/div>\n\n\n\n<p><\/p>\n","protected":false},"excerpt":{"rendered":"<p>Ano 2020<\/p>\n","protected":false},"author":6,"featured_media":0,"parent":0,"menu_order":0,"comment_status":"closed","ping_status":"closed","template":"","meta":{"_acf_changed":false,"_themeisle_gutenberg_block_has_review":false,"footnotes":""},"class_list":["post-146","page","type-page","status-publish","hentry"],"acf":[],"_links":{"self":[{"href":"https:\/\/sites.uel.br\/clinicapsicologica\/wp-json\/wp\/v2\/pages\/146","targetHints":{"allow":["GET"]}}],"collection":[{"href":"https:\/\/sites.uel.br\/clinicapsicologica\/wp-json\/wp\/v2\/pages"}],"about":[{"href":"https:\/\/sites.uel.br\/clinicapsicologica\/wp-json\/wp\/v2\/types\/page"}],"author":[{"embeddable":true,"href":"https:\/\/sites.uel.br\/clinicapsicologica\/wp-json\/wp\/v2\/users\/6"}],"replies":[{"embeddable":true,"href":"https:\/\/sites.uel.br\/clinicapsicologica\/wp-json\/wp\/v2\/comments?post=146"}],"version-history":[{"count":11,"href":"https:\/\/sites.uel.br\/clinicapsicologica\/wp-json\/wp\/v2\/pages\/146\/revisions"}],"predecessor-version":[{"id":185,"href":"https:\/\/sites.uel.br\/clinicapsicologica\/wp-json\/wp\/v2\/pages\/146\/revisions\/185"}],"wp:attachment":[{"href":"https:\/\/sites.uel.br\/clinicapsicologica\/wp-json\/wp\/v2\/media?parent=146"}],"curies":[{"name":"wp","href":"https:\/\/api.w.org\/{rel}","templated":true}]}}