{"id":32,"date":"2021-03-29T12:45:21","date_gmt":"2021-03-29T15:45:21","guid":{"rendered":"https:\/\/sites.uel.br\/clch\/?page_id=32"},"modified":"2021-04-01T15:26:35","modified_gmt":"2021-04-01T18:26:35","slug":"pos-graduacao","status":"publish","type":"page","link":"https:\/\/sites.uel.br\/clch\/pos-graduacao\/","title":{"rendered":"P\u00f3s-gradua\u00e7\u00e3o"},"content":{"rendered":"\n<p class=\"has-black-color has-text-color has-background\" style=\"background-color:#eff9f0\"><a href=\"https:\/\/sites.uel.br\/clch\/lato-sensu\/\">Lato Sensu<\/a><\/p>\n\n\n\n<p class=\"has-black-color has-text-color has-background\" style=\"background-color:#eff9f0\"><a href=\"https:\/\/sites.uel.br\/clch\/stricto-sensu\/\">Stricto Sensu<\/a><\/p>\n","protected":false},"excerpt":{"rendered":"<p>Lato Sensu Stricto Sensu<\/p>\n","protected":false},"author":7,"featured_media":0,"parent":0,"menu_order":0,"comment_status":"closed","ping_status":"closed","template":"","meta":{"footnotes":""},"class_list":["post-32","page","type-page","status-publish","hentry"],"_links":{"self":[{"href":"https:\/\/sites.uel.br\/clch\/wp-json\/wp\/v2\/pages\/32","targetHints":{"allow":["GET"]}}],"collection":[{"href":"https:\/\/sites.uel.br\/clch\/wp-json\/wp\/v2\/pages"}],"about":[{"href":"https:\/\/sites.uel.br\/clch\/wp-json\/wp\/v2\/types\/page"}],"author":[{"embeddable":true,"href":"https:\/\/sites.uel.br\/clch\/wp-json\/wp\/v2\/users\/7"}],"replies":[{"embeddable":true,"href":"https:\/\/sites.uel.br\/clch\/wp-json\/wp\/v2\/comments?post=32"}],"version-history":[{"count":3,"href":"https:\/\/sites.uel.br\/clch\/wp-json\/wp\/v2\/pages\/32\/revisions"}],"predecessor-version":[{"id":134,"href":"https:\/\/sites.uel.br\/clch\/wp-json\/wp\/v2\/pages\/32\/revisions\/134"}],"wp:attachment":[{"href":"https:\/\/sites.uel.br\/clch\/wp-json\/wp\/v2\/media?parent=32"}],"curies":[{"name":"wp","href":"https:\/\/api.w.org\/{rel}","templated":true}]}}