{"id":29,"date":"2021-03-29T12:45:21","date_gmt":"2021-03-29T15:45:21","guid":{"rendered":"https:\/\/sites.uel.br\/clch\/?page_id=29"},"modified":"2021-04-01T15:04:07","modified_gmt":"2021-04-01T18:04:07","slug":"departamentos","status":"publish","type":"page","link":"https:\/\/sites.uel.br\/clch\/departamentos\/","title":{"rendered":"Departamentos"},"content":{"rendered":"\n<div class=\"wp-block-buttons is-layout-flex wp-block-buttons-is-layout-flex\"><\/div>\n\n\n\n<p class=\"has-black-color has-text-color has-background\" style=\"background-color:#eff9f0\"><a href=\"http:\/\/www.uel.br\/cch\/soc\/portal\/\">Departamento de Ci\u00eancias Sociais<\/a><\/p>\n\n\n\n<p class=\"has-black-color has-text-color has-background\" style=\"background-color:#eff9f0\"><a href=\"http:\/\/www.uel.br\/cch\/filosofia\/\">Departamento de Filosofia<\/a><\/p>\n\n\n\n<p class=\"has-black-color has-text-color has-background\" style=\"background-color:#eff9f0\"><a href=\"http:\/\/www.uel.br\/cch\/his\/\">Departamento de Hist\u00f3ria<\/a><\/p>\n\n\n\n<p class=\"has-black-color has-text-color has-background\" style=\"background-color:#eff9f0\"><a href=\"http:\/\/www.uel.br\/cch\/lem\/portal\/\">Departamento de Letras Estrangeiras Modernas<\/a><\/p>\n\n\n\n<p class=\"has-black-color has-text-color has-background\" style=\"background-color:#eff9f0\"><a href=\"http:\/\/www.uel.br\/cch\/let\/\">Departamento de Letras Vern\u00e1culas e Cl\u00e1ssicas<\/a><\/p>\n\n\n\n<div class=\"wp-block-buttons is-layout-flex wp-block-buttons-is-layout-flex\"><\/div>\n\n\n\n<p><\/p>\n","protected":false},"excerpt":{"rendered":"<p>Departamento de Ci\u00eancias Sociais Departamento de Filosofia Departamento de Hist\u00f3ria Departamento de Letras Estrangeiras Modernas Departamento de Letras Vern\u00e1culas e Cl\u00e1ssicas<\/p>\n","protected":false},"author":7,"featured_media":0,"parent":0,"menu_order":0,"comment_status":"closed","ping_status":"closed","template":"","meta":{"footnotes":""},"class_list":["post-29","page","type-page","status-publish","hentry"],"_links":{"self":[{"href":"https:\/\/sites.uel.br\/clch\/wp-json\/wp\/v2\/pages\/29","targetHints":{"allow":["GET"]}}],"collection":[{"href":"https:\/\/sites.uel.br\/clch\/wp-json\/wp\/v2\/pages"}],"about":[{"href":"https:\/\/sites.uel.br\/clch\/wp-json\/wp\/v2\/types\/page"}],"author":[{"embeddable":true,"href":"https:\/\/sites.uel.br\/clch\/wp-json\/wp\/v2\/users\/7"}],"replies":[{"embeddable":true,"href":"https:\/\/sites.uel.br\/clch\/wp-json\/wp\/v2\/comments?post=29"}],"version-history":[{"count":9,"href":"https:\/\/sites.uel.br\/clch\/wp-json\/wp\/v2\/pages\/29\/revisions"}],"predecessor-version":[{"id":908,"href":"https:\/\/sites.uel.br\/clch\/wp-json\/wp\/v2\/pages\/29\/revisions\/908"}],"wp:attachment":[{"href":"https:\/\/sites.uel.br\/clch\/wp-json\/wp\/v2\/media?parent=29"}],"curies":[{"name":"wp","href":"https:\/\/api.w.org\/{rel}","templated":true}]}}