{"id":2227,"date":"2025-07-11T16:52:18","date_gmt":"2025-07-11T19:52:18","guid":{"rendered":"https:\/\/sites.uel.br\/clch\/?page_id=2227"},"modified":"2025-07-11T17:35:45","modified_gmt":"2025-07-11T20:35:45","slug":"disponibilidade-de-espacos","status":"publish","type":"page","link":"https:\/\/sites.uel.br\/clch\/disponibilidade-de-espacos\/","title":{"rendered":"Disponibilidade de Espa\u00e7o F\u00edsico"},"content":{"rendered":"\n<p>Para reservar salas e anfiteatros, preencha o formul\u00e1rio adequado em&nbsp;<a href=\"https:\/\/sites.uel.br\/clch\/reserva-de-espacos\/\">Reserva de Espa\u00e7o F\u00edsico<\/a>&nbsp;e envie para o e-mail indicado.<\/p>\n\n\n\n<!-- HTML personalizado do Google Agenda aqui, por favor -->\n<center><iframe \n\tsrc=\"https:\/\/calendar.google.com\/calendar\/embed?height=600&#038;wkst=1&#038;ctz=America%2FSao_Paulo&#038;title=Reservas%20do%20CLCH&#038;src=Y19jMGY2NDg4ZTkzMzNmNGM3YTIyN2NlNzQwZTZiY2UxYzVlZDVhMzViYTI3Njk3MzJlZTg5OWZlMWU1MGI3ZjE1QGdyb3VwLmNhbGVuZGFyLmdvb2dsZS5jb20&#038;src=Y19hMTZmMmY0MTA5YjQxZGM5ODUyODBlMWM0OTU1ZGEzNzkwOTBmYjUzMTgyNjNjNTRjZWUwNThlYzI2YTVmNzNmQGdyb3VwLmNhbGVuZGFyLmdvb2dsZS5jb20&#038;src=Y184MWNiMzUxODc3Njc3ZTBlM2JkM2JlZDYxYTIyMjc0YjIyMDBlMDA4ZDFkMTcxNDcyZjg1NDA3MzRjZmE3ZWZiQGdyb3VwLmNhbGVuZGFyLmdvb2dsZS5jb20&#038;src=Y185Y2FmYzdjMGIxNDJlYzZkMGZkNTdiN2NhY2ViMzgyNGYwNmMyYzZkNmNkNmI5MDA1NDg4OGExYzFhOTFlNmI2QGdyb3VwLmNhbGVuZGFyLmdvb2dsZS5jb20&#038;src=dWVsLmJyX3Q4a3I4dDlsdGQwcWUybnVra3Rka29nOWM4QGdyb3VwLmNhbGVuZGFyLmdvb2dsZS5jb20&#038;src=cHQuYnJhemlsaWFuI2hvbGlkYXlAZ3JvdXAudi5jYWxlbmRhci5nb29nbGUuY29t&#038;color=%23f6bf26&#038;color=%230b8043&#038;color=%23f4511e&#038;color=%234285f4&#038;color=%23d50000&#038;color=%238e24aa\" \n\twidth=\"800\" height=\"600\" \n\tscrolling=\"no\">\n<\/iframe><\/center>\n\n\n\n<p class=\"has-text-align-left\">Veja mais detalhes dos agendamentos em <a href=\"https:\/\/sites.uel.br\/clch\/eventos\/\" data-type=\"page\" data-id=\"171\">Eventos<\/a>.<\/p>\n\n\n\n<p><\/p>\n","protected":false},"excerpt":{"rendered":"<p>Para reservar salas e anfiteatros, preencha o formul\u00e1rio adequado em&nbsp;Reserva de Espa\u00e7o F\u00edsico&nbsp;e envie para o e-mail indicado. Veja mais detalhes dos agendamentos em Eventos.<\/p>\n","protected":false},"author":25,"featured_media":0,"parent":0,"menu_order":0,"comment_status":"closed","ping_status":"closed","template":"","meta":{"footnotes":""},"class_list":["post-2227","page","type-page","status-publish","hentry"],"_links":{"self":[{"href":"https:\/\/sites.uel.br\/clch\/wp-json\/wp\/v2\/pages\/2227","targetHints":{"allow":["GET"]}}],"collection":[{"href":"https:\/\/sites.uel.br\/clch\/wp-json\/wp\/v2\/pages"}],"about":[{"href":"https:\/\/sites.uel.br\/clch\/wp-json\/wp\/v2\/types\/page"}],"author":[{"embeddable":true,"href":"https:\/\/sites.uel.br\/clch\/wp-json\/wp\/v2\/users\/25"}],"replies":[{"embeddable":true,"href":"https:\/\/sites.uel.br\/clch\/wp-json\/wp\/v2\/comments?post=2227"}],"version-history":[{"count":4,"href":"https:\/\/sites.uel.br\/clch\/wp-json\/wp\/v2\/pages\/2227\/revisions"}],"predecessor-version":[{"id":2237,"href":"https:\/\/sites.uel.br\/clch\/wp-json\/wp\/v2\/pages\/2227\/revisions\/2237"}],"wp:attachment":[{"href":"https:\/\/sites.uel.br\/clch\/wp-json\/wp\/v2\/media?parent=2227"}],"curies":[{"name":"wp","href":"https:\/\/api.w.org\/{rel}","templated":true}]}}