{"id":190,"date":"2021-04-02T20:02:44","date_gmt":"2021-04-02T23:02:44","guid":{"rendered":"https:\/\/sites.uel.br\/clch\/?page_id=190"},"modified":"2025-08-04T10:32:11","modified_gmt":"2025-08-04T13:32:11","slug":"reserva-de-espacos","status":"publish","type":"page","link":"https:\/\/sites.uel.br\/clch\/reserva-de-espacos\/","title":{"rendered":"Reserva de Espa\u00e7o F\u00edsico"},"content":{"rendered":"\n<p>Acompanhe as reservas publicadas na p\u00e1gina de <a href=\"https:\/\/sites.uel.br\/clch\/disponibilidade-de-espacos\/\" data-type=\"page\" data-id=\"2227\">Disponibilidade de Espa\u00e7o F\u00edsico<\/a>.<\/p>\n\n\n\n<figure class=\"wp-block-table is-style-stripes\"><table class=\"has-background\" style=\"background-color:#ffffff\"><tbody><tr><td><a href=\"https:\/\/sites.uel.br\/clch\/wp-content\/uploads\/2023\/06\/formulario-de-uso-do-ANFITEATRO-MAIOR-DO-CLCH_CorrigidoLaura.docx\"><strong>Anfiteatro Maior &#8211; CLCH<\/strong>: Termo de Responsabilidade para reserva e uso<\/a><br>Contato pelo e-mail: <strong>atendimento.clch@uel.br<\/strong><br>Confira a disponibilidade na <a href=\"https:\/\/calendar.google.com\/calendar\/embed?src=c_c0f6488e9333f4c7a227ce740e6bce1c5ed5a35ba2769732ee899fe1e50b7f15%40group.calendar.google.com&amp;ctz=America%2FSao_Paulo&amp;color=%23f6bf26\">agenda<\/a>.<\/td><\/tr><\/tbody><\/table><\/figure>\n\n\n\n<div class=\"wp-block-group\"><div class=\"wp-block-group__inner-container is-layout-constrained wp-block-group-is-layout-constrained\">\n<div class=\"wp-block-group\"><div class=\"wp-block-group__inner-container is-layout-constrained wp-block-group-is-layout-constrained\">\n<figure class=\"wp-block-table is-style-stripes\"><table><tbody><tr><td><a href=\"https:\/\/sites.uel.br\/clch\/wp-content\/uploads\/2023\/06\/FORMULARIO-DE-USO-DA-SALA-DE-EVENTOS-atualizado.docx\"><strong>Sala de Eventos &#8211; CLCH<\/strong>: Termo de Responsabilidade para reserva e uso<\/a><br>Contato pelo e-mail: <strong>atendimento.clch@uel.br<\/strong><br>Confira a disponibilidade na <a href=\"https:\/\/calendar.google.com\/calendar\/embed?src=c_81cb351877677e0e3bd3bed61a22274b2200e008d1d171472f8540734cfa7efb%40group.calendar.google.com&amp;ctz=America%2FSao_Paulo&amp;color=%23f4511e\">agenda<\/a>.<\/td><\/tr><\/tbody><\/table><\/figure>\n\n\n\n<figure class=\"wp-block-table is-style-stripes\"><table><tbody><tr><td><a href=\"https:\/\/sites.uel.br\/clch\/wp-content\/uploads\/2022\/08\/Termo_-Uso_Salas_Multiplas.docx\"><strong>Salas Multiuso<\/strong>: Termo de Responsabilidade para reserva e uso<\/a><br>Contato pelo e-mail: <strong>atendimento.clch@uel.br<\/strong><\/td><\/tr><\/tbody><\/table><\/figure>\n<\/div><\/div>\n\n\n\n<figure class=\"wp-block-table is-style-stripes\"><table><tbody><tr><td><a href=\"https:\/\/sites.uel.br\/clch\/wp-content\/uploads\/2024\/10\/Termo_Reserva_Uso.docx\"><strong>Sala de Exposi\u00e7\u00e3o &#8211; CLCH<\/strong>: Termo de Responsabilidade para reserva e uso<\/a><br>Contato pelo e-mail: <strong>flaviofreire@uel.br<\/strong><\/td><\/tr><\/tbody><\/table><\/figure>\n<\/div><\/div>\n\n\n\n<figure class=\"wp-block-table is-style-stripes\"><table><tbody><tr><td><a href=\"https:\/\/sites.uel.br\/clch\/wp-content\/uploads\/2024\/02\/Reserva-para-eventos.pdf\"><strong><strong>R\u00e9plica da Primeira Igreja Matriz de Londrina<\/strong><\/strong>: Termo de Responsabilidade Reserva para Eventos<\/a><br>Contato pelo e-mail: <strong>gina.issberner@uel.br<\/strong><\/td><\/tr><\/tbody><\/table><\/figure>\n\n\n\n<figure class=\"wp-block-table is-style-stripes\"><table><tbody><tr><td><a href=\"https:\/\/sites.uel.br\/clch\/wp-content\/uploads\/2024\/02\/Reserva-para-Exposicao.pdf\"><strong>R\u00e9plica da Primeira Igreja Matriz de Londrina<\/strong>: Termo de Responsabilidade Reserva para Exposi\u00e7\u00e3o<\/a><br>Contato pelo e-mail: <strong>gina.issberner@uel.br<\/strong><\/td><\/tr><\/tbody><\/table><\/figure>\n\n\n\n<figure class=\"wp-block-table is-style-stripes\"><table><tbody><tr><td><a href=\"https:\/\/sites.uel.br\/clch\/wp-content\/uploads\/2023\/10\/Form-visit-NOVO.pdf\"><strong>R\u00e9plica da Capela e Casa do Pioneiro<\/strong>: Formul\u00e1rio para Visitantes<\/a><br>Contato por e-mail: <strong>cchcultural@uel.br<\/strong><\/td><\/tr><\/tbody><\/table><\/figure>\n\n\n\n<figure class=\"wp-block-table is-style-stripes\"><table><tbody><tr><td><a href=\"https:\/\/sites.uel.br\/clch\/wp-content\/uploads\/2024\/04\/formulario-de-uso-do-LANTECH-CLCH.docx\"><strong>Laborat\u00f3rio de Novas Tecnologias do Centro de Letras e Ci\u00eancias Humanas &#8211; LANTECH<\/strong>: Termo de Responsabilidade para reserva e uso<\/a><br>Contato por e-mail: <strong>atendimento.clch@uel.br<\/strong><br>Confira a disponibilidade na <a href=\"https:\/\/calendar.google.com\/calendar\/embed?src=c_a16f2f4109b41dc985280e1c4955da379090fb5318263c54cee058ec26a5f73f%40group.calendar.google.com&amp;ctz=America%2FSao_Paulo&amp;color=%230b8043\">agenda<\/a>.<\/td><\/tr><\/tbody><\/table><\/figure>\n\n\n\n<p><\/p>\n","protected":false},"excerpt":{"rendered":"<p>Acompanhe as reservas publicadas na p\u00e1gina de Disponibilidade de Espa\u00e7o F\u00edsico. Anfiteatro Maior &#8211; CLCH: Termo de Responsabilidade para reserva e usoContato pelo e-mail: atendimento.clch@uel.brConfira a disponibilidade na agenda. Sala de Eventos &#8211; CLCH: Termo de Responsabilidade para reserva e usoContato pelo e-mail: atendimento.clch@uel.brConfira a disponibilidade na agenda. Salas Multiuso: Termo de Responsabilidade para reserva [&hellip;]<\/p>\n","protected":false},"author":7,"featured_media":0,"parent":0,"menu_order":0,"comment_status":"closed","ping_status":"closed","template":"","meta":{"footnotes":""},"class_list":["post-190","page","type-page","status-publish","hentry"],"_links":{"self":[{"href":"https:\/\/sites.uel.br\/clch\/wp-json\/wp\/v2\/pages\/190","targetHints":{"allow":["GET"]}}],"collection":[{"href":"https:\/\/sites.uel.br\/clch\/wp-json\/wp\/v2\/pages"}],"about":[{"href":"https:\/\/sites.uel.br\/clch\/wp-json\/wp\/v2\/types\/page"}],"author":[{"embeddable":true,"href":"https:\/\/sites.uel.br\/clch\/wp-json\/wp\/v2\/users\/7"}],"replies":[{"embeddable":true,"href":"https:\/\/sites.uel.br\/clch\/wp-json\/wp\/v2\/comments?post=190"}],"version-history":[{"count":32,"href":"https:\/\/sites.uel.br\/clch\/wp-json\/wp\/v2\/pages\/190\/revisions"}],"predecessor-version":[{"id":2250,"href":"https:\/\/sites.uel.br\/clch\/wp-json\/wp\/v2\/pages\/190\/revisions\/2250"}],"wp:attachment":[{"href":"https:\/\/sites.uel.br\/clch\/wp-json\/wp\/v2\/media?parent=190"}],"curies":[{"name":"wp","href":"https:\/\/api.w.org\/{rel}","templated":true}]}}