{"id":1714,"date":"2024-08-06T15:02:37","date_gmt":"2024-08-06T18:02:37","guid":{"rendered":"https:\/\/sites.uel.br\/clch\/?page_id=1714"},"modified":"2024-08-12T16:08:45","modified_gmt":"2024-08-12T19:08:45","slug":"lapech","status":"publish","type":"page","link":"https:\/\/sites.uel.br\/clch\/lapech\/","title":{"rendered":"LAPECH"},"content":{"rendered":"\n<div class=\"wp-block-columns is-layout-flex wp-container-core-columns-is-layout-9d6595d7 wp-block-columns-is-layout-flex\">\n<div class=\"wp-block-column is-layout-flow wp-block-column-is-layout-flow\">\n<div class=\"wp-block-group\"><div class=\"wp-block-group__inner-container is-layout-constrained wp-block-group-is-layout-constrained\"><div class=\"wp-block-image\">\n<figure class=\"alignright size-full is-resized\"><img loading=\"lazy\" decoding=\"async\" width=\"500\" height=\"500\" src=\"https:\/\/sites.uel.br\/clch\/wp-content\/uploads\/2024\/08\/Design-sem-nome.png\" alt=\"\" class=\"wp-image-1724\" style=\"width:377px;height:auto\" srcset=\"https:\/\/sites.uel.br\/clch\/wp-content\/uploads\/2024\/08\/Design-sem-nome.png 500w, https:\/\/sites.uel.br\/clch\/wp-content\/uploads\/2024\/08\/Design-sem-nome-300x300.png 300w, https:\/\/sites.uel.br\/clch\/wp-content\/uploads\/2024\/08\/Design-sem-nome-150x150.png 150w\" sizes=\"auto, (max-width: 500px) 100vw, 500px\" \/><\/figure>\n<\/div><\/div><\/div>\n\n\n\n<div class=\"wp-block-group\"><div class=\"wp-block-group__inner-container is-layout-constrained wp-block-group-is-layout-constrained\">\n<p class=\"has-text-align-left\">O Laborat\u00f3rio de Pesquisa em Ci\u00eancias Humanas (LAPECH) est\u00e1 localizado no Centro de Letras e de Ci\u00eancias Humanas (CLCH). O laborat\u00f3rio \u00e9 multiusu\u00e1rio e interdisciplinar, podendo ser utilizado por grupos de estudos e para eventos da p\u00f3s-gradua\u00e7\u00e3o. <\/p>\n\n\n\n<p class=\"has-text-align-left\">O laborat\u00f3rio tem a finalidade de garantir espa\u00e7o f\u00edsico e infraestrutura adequada e necess\u00e1ria para o apoio e melhoria da qualidade das pesquisas vinculadas aos programas de p\u00f3s- gradua\u00e7\u00e3o na \u00e1rea de ci\u00eancias humanas. O LAPECH atende a quatro centros de estudos da UEL: Centro de Ci\u00eancias Exatas (CCE), Centro de Educa\u00e7\u00e3o, Comunica\u00e7\u00e3o e Artes (CECA), Centro de Estudos Sociais Aplicados (CESA) e Centro de Letras e Ci\u00eancias Humanas (CLCH).<\/p>\n\n\n\n<p>O laborat\u00f3rio \u00e9 dividido em n\u00facleos tem\u00e1ticos, refor\u00e7ando a interdisciplinaridade do LAPECH. S\u00e3o, ao todo, seis n\u00facleos tem\u00e1ticos: N\u00facleo de Ensino e de Aprendizagem em Ci\u00eancias Humanas e Educa\u00e7\u00e3o Cient\u00edfica (NEACHEC), N\u00facleo de Estudos Culturais (NEC), N\u00facleo de Estudos da Imagem (NEI), N\u00facleo de Estudos em Ci\u00eancia, Tecnologia e Sociedade (NECTS), N\u00facleo de Estudos S\u00f3cio-Pol\u00edticos e Jur\u00eddicos (NESPJ) e N\u00facleo de Tecnologias de Informa\u00e7\u00e3o e Comunica\u00e7\u00e3o em Ci\u00eancias Humanas (TICCH). Para a utiliza\u00e7\u00e3o das salas, \u00e9 necess\u00e1rio reserv\u00e1-las no site da Central Multiusu\u00e1rio de Laborat\u00f3rio de Pesquisa &#8211; CMLP.<\/p>\n\n\n\n<p>Os programas de p\u00f3s-gradua\u00e7\u00e3o do CLCH que participam dos n\u00facleos do LAPECH s\u00e3o: PPGEL, PPGFIL, PPGHIS, <a href=\"https:\/\/pos.uel.br\/letras\/\">PPGL<\/a>, PPGSOC, PROFSOCIO, <a href=\"https:\/\/pos.uel.br\/profletras\/\">PROFLETRAS<\/a> e <a href=\"https:\/\/meplem.com.br\/\">MEPLEM<\/a>.<\/p>\n\n\n\n<p>Para mais informa\u00e7\u00f5es e para realizar o agendamento das salas do LAPECH, acesse o site <a href=\"https:\/\/cmlp.uel.br\/\">CMLP<\/a>.<\/p>\n<\/div><\/div>\n<\/div>\n<\/div>\n\n\n\n<p><\/p>\n\n\n\n<p><br><\/p>\n","protected":false},"excerpt":{"rendered":"<p>O Laborat\u00f3rio de Pesquisa em Ci\u00eancias Humanas (LAPECH) est\u00e1 localizado no Centro de Letras e de Ci\u00eancias Humanas (CLCH). O laborat\u00f3rio \u00e9 multiusu\u00e1rio e interdisciplinar, podendo ser utilizado por grupos de estudos e para eventos da p\u00f3s-gradua\u00e7\u00e3o. O laborat\u00f3rio tem a finalidade de garantir espa\u00e7o f\u00edsico e infraestrutura adequada e necess\u00e1ria para o apoio e [&hellip;]<\/p>\n","protected":false},"author":14,"featured_media":0,"parent":0,"menu_order":0,"comment_status":"closed","ping_status":"closed","template":"","meta":{"footnotes":""},"class_list":["post-1714","page","type-page","status-publish","hentry"],"_links":{"self":[{"href":"https:\/\/sites.uel.br\/clch\/wp-json\/wp\/v2\/pages\/1714","targetHints":{"allow":["GET"]}}],"collection":[{"href":"https:\/\/sites.uel.br\/clch\/wp-json\/wp\/v2\/pages"}],"about":[{"href":"https:\/\/sites.uel.br\/clch\/wp-json\/wp\/v2\/types\/page"}],"author":[{"embeddable":true,"href":"https:\/\/sites.uel.br\/clch\/wp-json\/wp\/v2\/users\/14"}],"replies":[{"embeddable":true,"href":"https:\/\/sites.uel.br\/clch\/wp-json\/wp\/v2\/comments?post=1714"}],"version-history":[{"count":22,"href":"https:\/\/sites.uel.br\/clch\/wp-json\/wp\/v2\/pages\/1714\/revisions"}],"predecessor-version":[{"id":1740,"href":"https:\/\/sites.uel.br\/clch\/wp-json\/wp\/v2\/pages\/1714\/revisions\/1740"}],"wp:attachment":[{"href":"https:\/\/sites.uel.br\/clch\/wp-json\/wp\/v2\/media?parent=1714"}],"curies":[{"name":"wp","href":"https:\/\/api.w.org\/{rel}","templated":true}]}}

<div class="wp-block-columns is-layout-flex wp-container-core-columns-is-layout-9d6595d7 wp-block-columns-is-layout-flex">
<div class="wp-block-column is-layout-flow wp-block-column-is-layout-flow">
<div class="wp-block-group"><div class="wp-block-group__inner-container is-layout-constrained wp-block-group-is-layout-constrained"><div class="wp-block-image">
<figure class="alignright size-full is-resized"><img loading="lazy" decoding="async" width="500" height="500" src="https://sites.uel.br/clch/wp-content/uploads/2024/08/Design-sem-nome.png" alt="" class="wp-image-1724" style="width:377px;height:auto" srcset="https://sites.uel.br/clch/wp-content/uploads/2024/08/Design-sem-nome.png 500w, https://sites.uel.br/clch/wp-content/uploads/2024/08/Design-sem-nome-300x300.png 300w, https://sites.uel.br/clch/wp-content/uploads/2024/08/Design-sem-nome-150x150.png 150w" sizes="auto, (max-width: 500px) 100vw, 500px" /></figure>
</div></div></div>



<div class="wp-block-group"><div class="wp-block-group__inner-container is-layout-constrained wp-block-group-is-layout-constrained">
<p class="has-text-align-left">O Laboratório de Pesquisa em Ciências Humanas (LAPECH) está localizado no Centro de Letras e de Ciências Humanas (CLCH). O laboratório é multiusuário e interdisciplinar, podendo ser utilizado por grupos de estudos e para eventos da pós-graduação. </p>



<p class="has-text-align-left">O laboratório tem a finalidade de garantir espaço físico e infraestrutura adequada e necessária para o apoio e melhoria da qualidade das pesquisas vinculadas aos programas de pós- graduação na área de ciências humanas. O LAPECH atende a quatro centros de estudos da UEL: Centro de Ciências Exatas (CCE), Centro de Educação, Comunicação e Artes (CECA), Centro de Estudos Sociais Aplicados (CESA) e Centro de Letras e Ciências Humanas (CLCH).</p>



<p>O laboratório é dividido em núcleos temáticos, reforçando a interdisciplinaridade do LAPECH. São, ao todo, seis núcleos temáticos: Núcleo de Ensino e de Aprendizagem em Ciências Humanas e Educação Científica (NEACHEC), Núcleo de Estudos Culturais (NEC), Núcleo de Estudos da Imagem (NEI), Núcleo de Estudos em Ciência, Tecnologia e Sociedade (NECTS), Núcleo de Estudos Sócio-Políticos e Jurídicos (NESPJ) e Núcleo de Tecnologias de Informação e Comunicação em Ciências Humanas (TICCH). Para a utilização das salas, é necessário reservá-las no site da Central Multiusuário de Laboratório de Pesquisa &#8211; CMLP.</p>



<p>Os programas de pós-graduação do CLCH que participam dos núcleos do LAPECH são: PPGEL, PPGFIL, PPGHIS, <a href="https://pos.uel.br/letras/">PPGL</a>, PPGSOC, PROFSOCIO, <a href="https://pos.uel.br/profletras/">PROFLETRAS</a> e <a href="https://meplem.com.br/">MEPLEM</a>.</p>



<p>Para mais informações e para realizar o agendamento das salas do LAPECH, acesse o site <a href="https://cmlp.uel.br/">CMLP</a>.</p>
</div></div>
</div>
</div>



<p></p>



<p><br></p>

<p>O Laboratório de Pesquisa em Ciências Humanas (LAPECH) está localizado no Centro de Letras e de Ciências Humanas (CLCH). O laboratório é multiusuário e interdisciplinar, podendo ser utilizado por grupos de estudos e para eventos da pós-graduação. O laboratório tem a finalidade de garantir espaço físico e infraestrutura adequada e necessária para o apoio e [&hellip;]</p>
