{"id":147,"date":"2021-04-01T15:49:58","date_gmt":"2021-04-01T18:49:58","guid":{"rendered":"https:\/\/sites.uel.br\/clch\/?page_id=147"},"modified":"2021-04-05T17:57:58","modified_gmt":"2021-04-05T20:57:58","slug":"estrutura-do-clch","status":"publish","type":"page","link":"https:\/\/sites.uel.br\/clch\/estrutura-do-clch\/","title":{"rendered":"Estrutura do CLCH"},"content":{"rendered":"\n<div class=\"wp-block-group\"><div class=\"wp-block-group__inner-container is-layout-flow wp-block-group-is-layout-flow\">\n<div class=\"wp-block-columns are-vertically-aligned-center is-layout-flex wp-container-core-columns-is-layout-9d6595d7 wp-block-columns-is-layout-flex\">\n<div class=\"wp-block-column is-vertically-aligned-center is-layout-flow wp-block-column-is-layout-flow\" style=\"flex-basis:100%\"><\/div>\n<\/div>\n<\/div><\/div>\n\n\n\n<div class=\"wp-block-image\"><figure class=\"aligncenter size-large\"><img loading=\"lazy\" decoding=\"async\" width=\"600\" height=\"338\" src=\"https:\/\/sites.uel.br\/clch\/wp-content\/uploads\/2021\/04\/TESTE-768x432-1-e1617303321483.jpeg\" alt=\"\" class=\"wp-image-145\" srcset=\"https:\/\/sites.uel.br\/clch\/wp-content\/uploads\/2021\/04\/TESTE-768x432-1-e1617303321483.jpeg 600w, https:\/\/sites.uel.br\/clch\/wp-content\/uploads\/2021\/04\/TESTE-768x432-1-e1617303321483-300x169.jpeg 300w\" sizes=\"auto, (max-width: 600px) 100vw, 600px\" \/><\/figure><\/div>\n\n\n\n<p>O Centro de Letras e Ci\u00eancias Humanas \u2013 CLCH da Universidade Estadual de Londrina \u00e9 um Centro de Estudos voltado ao ensino, \u00e0 pesquisa e \u00e0 extens\u00e3o na \u00e1rea de Letras, Filosofia, Ci\u00eancias Sociais e Hist\u00f3ria.<br><br>\u00c9 composto pelas seguintes sub-unidades:<\/p>\n\n\n\n<p><strong>Estrutura F\u00edsica  <\/strong>                                                                                                                                                Total de \u00e1rea constru\u00edda: 12.195 m\u00b2 <\/p>\n\n\n\n<ul class=\"wp-block-list\"><li>Dire\u00e7\u00e3o do CLCH<\/li><li>Secret\u00e1ria Geral do Centro<\/li><li>Departamento de Ci\u00eancias Sociais<\/li><li>Departamento de Filosofia<\/li><li>Departamento de Hist\u00f3ria<\/li><li>Departamento de Letras Estrangeiras Modernas<\/li><li>Departamento de Letras Vern\u00e1culas e Cl\u00e1ssicas<\/li><li>Secretaria de P\u00f3s-Gradua\u00e7\u00e3o <em>Stricto<\/em> <em>Sensu<\/em><\/li><li>Secretaria de P\u00f3s-Gradua\u00e7\u00e3o <em>Lato<\/em> <em>Sens<\/em>u<\/li><\/ul>\n\n\n\n<ul class=\"wp-block-list\"><li>N\u00facleo de Documenta\u00e7\u00e3o e Pesquisa Hist\u00f3rica<\/li><li>Laborat\u00f3rio de L\u00ednguas<\/li><li>Disque-Gram\u00e1tica<\/li><li>Casa do Pioneiro<\/li><\/ul>\n\n\n\n<ul class=\"wp-block-list\"><li>47 Salas de aula<\/li><li>15 Salas de pesquisas<\/li><li>5 Laborat\u00f3rios de Ensino<\/li><li>37 salas de perman\u00eancia docente<\/li><li>Anfiteatro Maior<\/li><li>Sala de Eventos<\/li><\/ul>\n\n\n<p>\u00a0 \u00a0 \u00a0 \u00a0 \u00a0 \u00a0 \u00a0 \u00a0 \u00a0 \u00a0 \u00a0LAPECH: Laborat\u00f3rio Multiuso da p\u00f3s-gradua\u00e7\u00e3o (CLCH, CECA, CESA e CCE): 1.112,68 m\u00b2<\/p>","protected":false},"excerpt":{"rendered":"<p>O Centro de Letras e Ci\u00eancias Humanas \u2013 CLCH da Universidade Estadual de Londrina \u00e9 um Centro de Estudos voltado ao ensino, \u00e0 pesquisa e \u00e0 extens\u00e3o na \u00e1rea de Letras, Filosofia, Ci\u00eancias Sociais e Hist\u00f3ria. \u00c9 composto pelas seguintes sub-unidades: Estrutura F\u00edsica Total de \u00e1rea constru\u00edda: 12.195 m\u00b2 Dire\u00e7\u00e3o do CLCH Secret\u00e1ria Geral do [&hellip;]<\/p>\n","protected":false},"author":8,"featured_media":0,"parent":0,"menu_order":0,"comment_status":"closed","ping_status":"closed","template":"","meta":{"footnotes":""},"class_list":["post-147","page","type-page","status-publish","hentry"],"_links":{"self":[{"href":"https:\/\/sites.uel.br\/clch\/wp-json\/wp\/v2\/pages\/147","targetHints":{"allow":["GET"]}}],"collection":[{"href":"https:\/\/sites.uel.br\/clch\/wp-json\/wp\/v2\/pages"}],"about":[{"href":"https:\/\/sites.uel.br\/clch\/wp-json\/wp\/v2\/types\/page"}],"author":[{"embeddable":true,"href":"https:\/\/sites.uel.br\/clch\/wp-json\/wp\/v2\/users\/8"}],"replies":[{"embeddable":true,"href":"https:\/\/sites.uel.br\/clch\/wp-json\/wp\/v2\/comments?post=147"}],"version-history":[{"count":3,"href":"https:\/\/sites.uel.br\/clch\/wp-json\/wp\/v2\/pages\/147\/revisions"}],"predecessor-version":[{"id":236,"href":"https:\/\/sites.uel.br\/clch\/wp-json\/wp\/v2\/pages\/147\/revisions\/236"}],"wp:attachment":[{"href":"https:\/\/sites.uel.br\/clch\/wp-json\/wp\/v2\/media?parent=147"}],"curies":[{"name":"wp","href":"https:\/\/api.w.org\/{rel}","templated":true}]}}

<div class="wp-block-group"><div class="wp-block-group__inner-container is-layout-flow wp-block-group-is-layout-flow">
<div class="wp-block-columns are-vertically-aligned-center is-layout-flex wp-container-core-columns-is-layout-9d6595d7 wp-block-columns-is-layout-flex">
<div class="wp-block-column is-vertically-aligned-center is-layout-flow wp-block-column-is-layout-flow" style="flex-basis:100%"></div>
</div>
</div></div>



<div class="wp-block-image"><figure class="aligncenter size-large"><img loading="lazy" decoding="async" width="600" height="338" src="https://sites.uel.br/clch/wp-content/uploads/2021/04/TESTE-768x432-1-e1617303321483.jpeg" alt="" class="wp-image-145" srcset="https://sites.uel.br/clch/wp-content/uploads/2021/04/TESTE-768x432-1-e1617303321483.jpeg 600w, https://sites.uel.br/clch/wp-content/uploads/2021/04/TESTE-768x432-1-e1617303321483-300x169.jpeg 300w" sizes="auto, (max-width: 600px) 100vw, 600px" /></figure></div>



<p>O Centro de Letras e Ciências Humanas – CLCH da Universidade Estadual de Londrina é um Centro de Estudos voltado ao ensino, à pesquisa e à extensão na área de Letras, Filosofia, Ciências Sociais e História.<br><br>É composto pelas seguintes sub-unidades:</p>



<p><strong>Estrutura Física  </strong>                                                                                                                                                Total de área construída: 12.195 m² </p>



<ul class="wp-block-list"><li>Direção do CLCH</li><li>Secretária Geral do Centro</li><li>Departamento de Ciências Sociais</li><li>Departamento de Filosofia</li><li>Departamento de História</li><li>Departamento de Letras Estrangeiras Modernas</li><li>Departamento de Letras Vernáculas e Clássicas</li><li>Secretaria de Pós-Graduação <em>Stricto</em> <em>Sensu</em></li><li>Secretaria de Pós-Graduação <em>Lato</em> <em>Sens</em>u</li></ul>



<ul class="wp-block-list"><li>Núcleo de Documentação e Pesquisa Histórica</li><li>Laboratório de Línguas</li><li>Disque-Gramática</li><li>Casa do Pioneiro</li></ul>



<ul class="wp-block-list"><li>47 Salas de aula</li><li>15 Salas de pesquisas</li><li>5 Laboratórios de Ensino</li><li>37 salas de permanência docente</li><li>Anfiteatro Maior</li><li>Sala de Eventos</li></ul>


<p>                     LAPECH: Laboratório Multiuso da pós-graduação (CLCH, CECA, CESA e CCE): 1.112,68 m²</p>

<p>O Centro de Letras e Ciências Humanas – CLCH da Universidade Estadual de Londrina é um Centro de Estudos voltado ao ensino, à pesquisa e à extensão na área de Letras, Filosofia, Ciências Sociais e História. É composto pelas seguintes sub-unidades: Estrutura Física Total de área construída: 12.195 m² Direção do CLCH Secretária Geral do [&hellip;]</p>
