{"id":13,"date":"2022-09-15T10:40:57","date_gmt":"2022-09-15T13:40:57","guid":{"rendered":"https:\/\/sites.uel.br\/ciapg\/?page_id=13"},"modified":"2024-02-21T14:25:05","modified_gmt":"2024-02-21T17:25:05","slug":"historico","status":"publish","type":"page","link":"https:\/\/sites.uel.br\/ciapg\/historico\/","title":{"rendered":"Hist\u00f3rico"},"content":{"rendered":"<div class=\"wp-block-image\">\n<figure class=\"aligncenter size-large is-resized\"><img loading=\"lazy\" decoding=\"async\" width=\"1024\" height=\"576\" src=\"https:\/\/sites.uel.br\/ciapg\/wp-content\/uploads\/2022\/09\/Slide2-1-1024x576.png\" alt=\"\" class=\"wp-image-75\" style=\"width:594px;height:335px\" srcset=\"https:\/\/sites.uel.br\/ciapg\/wp-content\/uploads\/2022\/09\/Slide2-1-1024x576.png 1024w, https:\/\/sites.uel.br\/ciapg\/wp-content\/uploads\/2022\/09\/Slide2-1-300x169.png 300w, https:\/\/sites.uel.br\/ciapg\/wp-content\/uploads\/2022\/09\/Slide2-1-768x432.png 768w, https:\/\/sites.uel.br\/ciapg\/wp-content\/uploads\/2022\/09\/Slide2-1.png 1280w\" sizes=\"auto, (max-width: 1024px) 100vw, 1024px\" \/><\/figure>\n<\/div>\n\n\n<p class=\"has-text-align-left has-cinza-escuro-color has-text-color\">A Pr\u00f3-Reitoria de P\u00f3s-Gradua\u00e7\u00e3o e Pesquisa (PROPPG) da Universidade Estadual de Londrina (UEL) e o Colegiado dos Programas de P\u00f3s-Gradua\u00e7\u00e3o <em>Stricto sensu<\/em> em 2019 ap\u00f3s o Semin\u00e1rio de Meio Termo da CAPES deliberou pela cria\u00e7\u00e3o de uma comiss\u00e3o denominada <strong>Comiss\u00e3o Institucional de Avalia\u00e7\u00e3o da P\u00f3s-Gradua\u00e7\u00e3o (CIAPG)<\/strong>, composta pela Diretora de P\u00f3s-Gradua\u00e7\u00e3o, pelos coordenadores representando os nove Centros de Estudos e por um coordenador do Mestrado Profissional. Esta comiss\u00e3o tem como responsabilidade a constru\u00e7\u00e3o do processo de autoavalia\u00e7\u00e3o institucional dos Programas. <\/p>\n\n\n\n<p class=\"has-text-align-left\">A <strong>CIAPG<\/strong> tem como miss\u00e3o subsidiar as a\u00e7\u00f5es da PROPPG\/UEL quanto ao planejamento da sua p\u00f3s-gradua\u00e7\u00e3o.<\/p>\n\n\n\n<div class=\"wp-block-columns is-layout-flex wp-container-core-columns-is-layout-9d6595d7 wp-block-columns-is-layout-flex\">\n<div class=\"wp-block-column is-layout-flow wp-block-column-is-layout-flow\"><div class=\"wp-block-image\">\n<figure class=\"aligncenter size-full is-resized\"><img decoding=\"async\" src=\"https:\/\/sites.uel.br\/ciapg\/wp-content\/uploads\/2022\/09\/Logo-Color-Vertical.jpg\" alt=\"\" class=\"wp-image-59\" style=\"width:215px;height:148px\" \/><\/figure>\n<\/div><\/div>\n\n\n\n<div class=\"wp-block-column is-layout-flow wp-block-column-is-layout-flow\"><div class=\"wp-block-image\">\n<figure class=\"aligncenter size-full\"><img loading=\"lazy\" decoding=\"async\" width=\"400\" height=\"178\" src=\"https:\/\/sites.uel.br\/ciapg\/wp-content\/uploads\/2023\/02\/PROPPG.jpg\" alt=\"\" class=\"wp-image-103\" srcset=\"https:\/\/sites.uel.br\/ciapg\/wp-content\/uploads\/2023\/02\/PROPPG.jpg 400w, https:\/\/sites.uel.br\/ciapg\/wp-content\/uploads\/2023\/02\/PROPPG-300x134.jpg 300w\" sizes=\"auto, (max-width: 400px) 100vw, 400px\" \/><\/figure>\n<\/div><\/div>\n\n\n\n<div class=\"wp-block-column is-layout-flow wp-block-column-is-layout-flow\"><div class=\"wp-block-image\">\n<figure class=\"aligncenter size-full is-resized\"><img loading=\"lazy\" decoding=\"async\" width=\"1012\" height=\"711\" src=\"https:\/\/sites.uel.br\/ciapg\/wp-content\/uploads\/2022\/09\/cropped-Slide1-1.png\" alt=\"\" class=\"wp-image-95\" style=\"width:207px;height:145px\" srcset=\"https:\/\/sites.uel.br\/ciapg\/wp-content\/uploads\/2022\/09\/cropped-Slide1-1.png 1012w, https:\/\/sites.uel.br\/ciapg\/wp-content\/uploads\/2022\/09\/cropped-Slide1-1-300x211.png 300w, https:\/\/sites.uel.br\/ciapg\/wp-content\/uploads\/2022\/09\/cropped-Slide1-1-768x540.png 768w\" sizes=\"auto, (max-width: 1012px) 100vw, 1012px\" \/><\/figure>\n<\/div><\/div>\n<\/div>\n","protected":false},"excerpt":{"rendered":"<p>A Pr\u00f3-Reitoria de P\u00f3s-Gradua\u00e7\u00e3o e Pesquisa (PROPPG) da Universidade Estadual de Londrina (UEL) e o Colegiado dos Programas de P\u00f3s-Gradua\u00e7\u00e3o Stricto sensu em 2019 ap\u00f3s o Semin\u00e1rio de Meio Termo da CAPES deliberou pela cria\u00e7\u00e3o de uma comiss\u00e3o denominada Comiss\u00e3o Institucional de Avalia\u00e7\u00e3o da P\u00f3s-Gradua\u00e7\u00e3o (CIAPG), composta pela Diretora de P\u00f3s-Gradua\u00e7\u00e3o, pelos coordenadores representando os [&hellip;]<\/p>\n","protected":false},"author":6,"featured_media":0,"parent":0,"menu_order":0,"comment_status":"closed","ping_status":"closed","template":"","meta":{"footnotes":""},"class_list":["post-13","page","type-page","status-publish","hentry"],"acf":[],"_links":{"self":[{"href":"https:\/\/sites.uel.br\/ciapg\/wp-json\/wp\/v2\/pages\/13","targetHints":{"allow":["GET"]}}],"collection":[{"href":"https:\/\/sites.uel.br\/ciapg\/wp-json\/wp\/v2\/pages"}],"about":[{"href":"https:\/\/sites.uel.br\/ciapg\/wp-json\/wp\/v2\/types\/page"}],"author":[{"embeddable":true,"href":"https:\/\/sites.uel.br\/ciapg\/wp-json\/wp\/v2\/users\/6"}],"replies":[{"embeddable":true,"href":"https:\/\/sites.uel.br\/ciapg\/wp-json\/wp\/v2\/comments?post=13"}],"version-history":[{"count":8,"href":"https:\/\/sites.uel.br\/ciapg\/wp-json\/wp\/v2\/pages\/13\/revisions"}],"predecessor-version":[{"id":136,"href":"https:\/\/sites.uel.br\/ciapg\/wp-json\/wp\/v2\/pages\/13\/revisions\/136"}],"wp:attachment":[{"href":"https:\/\/sites.uel.br\/ciapg\/wp-json\/wp\/v2\/media?parent=13"}],"curies":[{"name":"wp","href":"https:\/\/api.w.org\/{rel}","templated":true}]}}