{"id":36,"date":"2021-03-29T14:20:38","date_gmt":"2021-03-29T17:20:38","guid":{"rendered":"https:\/\/sites.uel.br\/cesa\/?page_id=36"},"modified":"2025-08-27T11:02:41","modified_gmt":"2025-08-27T14:02:41","slug":"contatos","status":"publish","type":"page","link":"https:\/\/sites.uel.br\/cesa\/contatos\/","title":{"rendered":"Contatos"},"content":{"rendered":"\n<p><strong>DIRE\u00c7\u00c3O<\/strong><\/p>\n\n\n\n<p><strong>DIRETOR:&nbsp;<\/strong>Prof. Me. Miguel Belinati&nbsp;Piccirillo<\/p>\n\n\n\n<p><strong>Fone:<\/strong>&nbsp;3371-4205<\/p>\n\n\n\n<p><strong>E-mail:<\/strong>&nbsp;<a href=\"mailto:cesadirecao@uel.br\">cesadirecao@uel.br<\/a><\/p>\n\n\n\n<p><strong>VICE-DIRETOR:&nbsp;<\/strong>Prof. Dr.&nbsp;Carlos Eduardo Caldarelli<\/p>\n\n\n\n<p><strong>Fone:<\/strong>&nbsp;3371-4138<\/p>\n\n\n\n<p><\/p>\n\n\n\n<hr class=\"wp-block-separator has-css-opacity\" \/>\n\n\n\n<p><strong>SECRETARIA GERAL<\/strong><\/p>\n\n\n\n<p><\/p>\n\n\n\n<p><strong>Alacir Paulina de Oliveira<\/strong><\/p>\n\n\n\n<p><strong>Fone:<\/strong>&nbsp;(43) 3371-4225<\/p>\n\n\n\n<p><strong>E-mail:&nbsp;<\/strong><a href=\"mailto:cesasec@uel.br\">cesasec@uel.br<\/a><\/p>\n\n\n\n<p><strong>Cintia Clementino Miranda<\/strong> (Secret\u00e1ria Designada)<\/p>\n\n\n\n<p><strong>Fone:<\/strong> (43) 3371-4215<\/p>\n\n\n\n<p><strong>E-mail:&nbsp;<\/strong><a href=\"mailto:cesasec@uel.br\">cesasec@uel.br<\/a><\/p>\n\n\n\n<p><strong>Zaneti Corr\u00eaa da Silva<\/strong><\/p>\n\n\n\n<p><strong>Fone:<\/strong> (43) 3371-4225<\/p>\n\n\n\n<p><strong>E-mail: <\/strong><a href=\"mailto:cesasec@uel.br\">cesasec@uel.br<\/a><\/p>\n\n\n\n<p><strong>SECRETARIA DOS DEPARTAMENTOS<\/strong><\/p>\n\n\n\n<p><strong>Eliza Adriana Sheuer Nantes<\/strong><\/p>\n\n\n\n<p><strong>Fone:<\/strong> (43) 3371-4225<\/p>\n\n\n\n<p><strong>E-mail:<\/strong> <a href=\"mailto:cesadeptos@uel.br\">cesadeptos@uel.br<\/a><\/p>\n\n\n\n<p><strong>Ivete da Silva<\/strong><\/p>\n\n\n\n<p><strong>Fone:<\/strong> (43) 3371-4225<\/p>\n\n\n\n<p><strong>E-mail: <\/strong><a href=\"mailto:cesadeptos@uel.br\">depadm<\/a><a href=\"mailto:cesadeptos@uel.br\">@uel.br<\/a><\/p>\n\n\n\n<hr class=\"wp-block-separator has-css-opacity\" \/>\n\n\n\n<p><strong>SECRETARIA DOS COLEGIADOS DE CURSOS<\/strong><\/p>\n\n\n\n<p><strong>Jos\u00e9 Marcos de Oliveira Branco<\/strong><\/p>\n\n\n\n<p><strong>Fone:<\/strong>&nbsp;(43) 3371-4093<\/p>\n\n\n\n<p><strong>E-mail:&nbsp;<\/strong><a href=\"mailto:colcesa@uel.br\">colcesa@uel.br<\/a><\/p>\n\n\n\n<hr class=\"wp-block-separator has-css-opacity\" \/>\n\n\n\n<p><strong>SECRETARIA DE P\u00d3S-GRADUA\u00c7\u00c3O&nbsp;<em>STRICTO SENSU<\/em><\/strong><\/p>\n\n\n\n<p><strong>MESTRADOS: ADMINISTRA\u00c7\u00c3O \u2013 ECONOMIA<\/strong><\/p>\n\n\n\n<p><strong>MESTRADO E DOUTORADO: DIREITO \u2013 SERVI\u00c7O SOCIAL<\/strong><\/p>\n\n\n\n<p><strong>Francisco Carlos Navarro<\/strong><\/p>\n\n\n\n<p><strong>Fone:<\/strong>&nbsp;(43) 3371-4693<\/p>\n\n\n\n<p><strong>E-mail:<\/strong>&nbsp;<a href=\"mailto:mestrados@uel.br\">mestrados@uel.br<\/a><\/p>\n\n\n\n<hr class=\"wp-block-separator has-css-opacity\" \/>\n\n\n\n<p><strong>SECRETARIA DE P\u00d3S-GRADUA\u00c7\u00c3O&nbsp;<em>LATO SENSU<\/em>&nbsp;(ESPECIALIZA\u00c7\u00d5ES)<\/strong><\/p>\n\n\n\n<p><strong>Patr\u00edcia Alves<\/strong><\/p>\n\n\n\n<p><strong>Fone:&nbsp;<\/strong>(43) 3371-4315 \/ 3371-4375<\/p>\n\n\n\n<p><strong>E-mail:&nbsp;<\/strong><a href=\"mailto:cesapos@uel.br\">cesapos@uel.br<\/a><\/p>\n\n\n\n<p><strong>Claudinei Firmino<\/strong><\/p>\n\n\n\n<p><strong>Fone:&nbsp;<\/strong>(43) 3371-4315 \/ 3371-4375<\/p>\n\n\n\n<p><strong>E-mail:<\/strong>&nbsp;<a href=\"mailto:cesapos@uel.br\">cesapos@uel.br<\/a><\/p>\n\n\n\n<hr class=\"wp-block-separator has-css-opacity\" \/>\n\n\n\n<p><strong>DIVIS\u00c3O DE INFORM\u00c1TICA<\/strong><\/p>\n\n\n\n<p><strong>Marilda F. Fl\u00e1vio Mazzei<\/strong><\/p>\n\n\n\n<p><strong>Fone:&nbsp;<\/strong>(43) 3371-4284<\/p>\n\n\n\n<p><strong>E-mail:&nbsp;<\/strong><a href=\"mailto:marifla@uel.br\">marifla@uel.br<\/a><\/p>\n\n\n\n<p><strong>Nelson N. Sadoyama<\/strong><\/p>\n\n\n\n<p><strong>Fone:&nbsp;<\/strong>(43) 3371-4284<\/p>\n\n\n\n<p><strong>E-mail:&nbsp;<\/strong><a href=\"mailto:nelson@uel.br\">nelson@uel.br<\/a><\/p>\n\n\n\n<hr class=\"wp-block-separator has-css-opacity\" \/>\n\n\n\n<p><strong>AUXILIARES OPERACIONAIS<\/strong><\/p>\n\n\n\n<p><strong>Fone:<\/strong>&nbsp;(43) 3371-4355<\/p>\n\n\n\n<p>Adelaide Firmino<\/p>\n\n\n\n<p>Ana Cleusa Silva<\/p>\n\n\n\n<p>Benedita Aparecida Cardoso<\/p>\n\n\n\n<p>Edmilson Freitas Ribeiro<\/p>\n\n\n\n<p>Edson Batista de Moraes<\/p>\n\n\n\n<p>Havay Costa Ribeiro<\/p>\n\n\n\n<p>Luciana Oliveira dos Santos<\/p>\n\n\n\n<p>Silvana Abe Rotoli<\/p>\n\n\n\n<p>Sonia Donizete Cantoni Santos<\/p>\n\n\n\n<p>Wilma Rocha de Castro<\/p>\n\n\n\n<hr class=\"wp-block-separator has-css-opacity\" \/>\n\n\n\n<p><strong>ADMINISTRADOR PREDIAL<\/strong><\/p>\n\n\n\n<p><strong>Devanir Jer\u00f4nimo Silva<\/strong><\/p>\n\n\n\n<p><strong>Fone:<\/strong>&nbsp;(43) 3371-4225<\/p>\n\n\n\n<p><strong>E-mail:&nbsp;<\/strong><a href=\"mailto:cesapredial@uel.br\">cesapredial@uel.br<\/a><\/p>\n\n\n\n<hr class=\"wp-block-separator has-css-opacity\" \/>\n\n\n\n<p><strong>ENDERE\u00c7O DO CESA<\/strong><\/p>\n\n\n\n<p>Universidade Estadual de Londrina \u2013 UEL<\/p>\n\n\n\n<p>CESA \u2013 Centro de Estudos Sociais Aplicados<\/p>\n\n\n\n<p>Rod. Celso Garcia Cid, PR-445 Km 380<\/p>\n\n\n\n<p>Caixa Postal 10.011<\/p>\n\n\n\n<p>Londrina-PR<\/p>\n\n\n\n<p>CEP: 86057-970<\/p>\n","protected":false},"excerpt":{"rendered":"<p>DIRE\u00c7\u00c3O DIRETOR:&nbsp;Prof. Me. Miguel Belinati&nbsp;Piccirillo Fone:&nbsp;3371-4205 E-mail:&nbsp;cesadirecao@uel.br VICE-DIRETOR:&nbsp;Prof. Dr.&nbsp;Carlos Eduardo Caldarelli Fone:&nbsp;3371-4138 SECRETARIA GERAL Alacir Paulina de Oliveira Fone:&nbsp;(43) 3371-4225 E-mail:&nbsp;cesasec@uel.br Cintia Clementino Miranda (Secret\u00e1ria Designada) Fone: (43) 3371-4215 E-mail:&nbsp;cesasec@uel.br Zaneti Corr\u00eaa da Silva Fone: (43) 3371-4225 E-mail: cesasec@uel.br SECRETARIA DOS DEPARTAMENTOS Eliza Adriana Sheuer Nantes Fone: (43) 3371-4225 E-mail: cesadeptos@uel.br Ivete da Silva Fone: [&hellip;]<\/p>\n","protected":false},"author":7,"featured_media":0,"parent":0,"menu_order":0,"comment_status":"closed","ping_status":"closed","template":"","meta":{"_acf_changed":false,"footnotes":""},"class_list":["post-36","page","type-page","status-publish","hentry"],"acf":[],"_links":{"self":[{"href":"https:\/\/sites.uel.br\/cesa\/wp-json\/wp\/v2\/pages\/36","targetHints":{"allow":["GET"]}}],"collection":[{"href":"https:\/\/sites.uel.br\/cesa\/wp-json\/wp\/v2\/pages"}],"about":[{"href":"https:\/\/sites.uel.br\/cesa\/wp-json\/wp\/v2\/types\/page"}],"author":[{"embeddable":true,"href":"https:\/\/sites.uel.br\/cesa\/wp-json\/wp\/v2\/users\/7"}],"replies":[{"embeddable":true,"href":"https:\/\/sites.uel.br\/cesa\/wp-json\/wp\/v2\/comments?post=36"}],"version-history":[{"count":13,"href":"https:\/\/sites.uel.br\/cesa\/wp-json\/wp\/v2\/pages\/36\/revisions"}],"predecessor-version":[{"id":666,"href":"https:\/\/sites.uel.br\/cesa\/wp-json\/wp\/v2\/pages\/36\/revisions\/666"}],"wp:attachment":[{"href":"https:\/\/sites.uel.br\/cesa\/wp-json\/wp\/v2\/media?parent=36"}],"curies":[{"name":"wp","href":"https:\/\/api.w.org\/{rel}","templated":true}]}}