{"id":913,"date":"2023-04-10T20:03:21","date_gmt":"2023-04-10T23:03:21","guid":{"rendered":"https:\/\/sites.uel.br\/cefe\/?page_id=913"},"modified":"2023-04-10T20:36:36","modified_gmt":"2023-04-10T23:36:36","slug":"pro-reitoria-de-graduacao-prograd","status":"publish","type":"page","link":"https:\/\/sites.uel.br\/cefe\/estudantil\/pro-reitoria-de-graduacao-prograd\/","title":{"rendered":"PROGRAD\/Est\u00e1gios"},"content":{"rendered":"\n<ul class=\"wp-block-list\">\n<li><a href=\"http:\/\/www.uel.br\/prograd\/\">Pr\u00f3-Reitoria de Gradua\u00e7\u00e3o<\/a><\/li>\n\n\n\n<li><a href=\"http:\/\/www.uel.br\/prograd\/?content=divisao-central-estagios-intercambios\/index.html\" target=\"_blank\" rel=\"noreferrer noopener\">Divis\u00e3o Central de Est\u00e1gios e Interc\u00e2mbios<\/a><\/li>\n<\/ul>\n","protected":false},"excerpt":{"rendered":"","protected":false},"author":13,"featured_media":0,"parent":435,"menu_order":0,"comment_status":"closed","ping_status":"closed","template":"","meta":{"_acf_changed":false,"footnotes":""},"class_list":["post-913","page","type-page","status-publish","hentry"],"acf":[],"_links":{"self":[{"href":"https:\/\/sites.uel.br\/cefe\/wp-json\/wp\/v2\/pages\/913","targetHints":{"allow":["GET"]}}],"collection":[{"href":"https:\/\/sites.uel.br\/cefe\/wp-json\/wp\/v2\/pages"}],"about":[{"href":"https:\/\/sites.uel.br\/cefe\/wp-json\/wp\/v2\/types\/page"}],"author":[{"embeddable":true,"href":"https:\/\/sites.uel.br\/cefe\/wp-json\/wp\/v2\/users\/13"}],"replies":[{"embeddable":true,"href":"https:\/\/sites.uel.br\/cefe\/wp-json\/wp\/v2\/comments?post=913"}],"version-history":[{"count":4,"href":"https:\/\/sites.uel.br\/cefe\/wp-json\/wp\/v2\/pages\/913\/revisions"}],"predecessor-version":[{"id":946,"href":"https:\/\/sites.uel.br\/cefe\/wp-json\/wp\/v2\/pages\/913\/revisions\/946"}],"up":[{"embeddable":true,"href":"https:\/\/sites.uel.br\/cefe\/wp-json\/wp\/v2\/pages\/435"}],"wp:attachment":[{"href":"https:\/\/sites.uel.br\/cefe\/wp-json\/wp\/v2\/media?parent=913"}],"curies":[{"name":"wp","href":"https:\/\/api.w.org\/{rel}","templated":true}]}}