{"id":718,"date":"2023-03-24T08:29:30","date_gmt":"2023-03-24T11:29:30","guid":{"rendered":"https:\/\/sites.uel.br\/cefe\/?page_id=718"},"modified":"2023-04-18T19:00:35","modified_gmt":"2023-04-18T22:00:35","slug":"programa-formacao-complementar","status":"publish","type":"page","link":"https:\/\/sites.uel.br\/cefe\/programa-formacao-complementar\/","title":{"rendered":"Programa de Forma\u00e7\u00e3o Complementar"},"content":{"rendered":"\n<p><a href=\"https:\/\/www.uel.br\/prograd\/index.php?content=divisao-politicas-graduacao\/programa_formacao_complementar.html\">Link<\/a><\/p>\n\n\n\n<p>Projeto: 00236 &#8211; CIA UEL DE DAN\u00c7A EDUCA\u00c7\u00c3O E ARTE &#8211; DEA<\/p>\n\n\n\n<p>Coordenadora: Prof.\u00aa Dr\u00aa. Debora Beatriz Martins<\/p>\n\n\n\n<figure class=\"wp-block-image size-full is-resized\"><img loading=\"lazy\" decoding=\"async\" src=\"https:\/\/sites.uel.br\/cefe\/wp-content\/uploads\/2023\/03\/debora2.png\" alt=\"\" class=\"wp-image-853\" width=\"235\" height=\"314\" srcset=\"https:\/\/sites.uel.br\/cefe\/wp-content\/uploads\/2023\/03\/debora2.png 235w, https:\/\/sites.uel.br\/cefe\/wp-content\/uploads\/2023\/03\/debora2-225x300.png 225w\" sizes=\"auto, (max-width: 235px) 100vw, 235px\" \/><\/figure>\n\n\n\n<p>FUNCIONAMENTO: 5\u00aa FEIRA\/ HOR\u00c1RIO: 14:00 AS 16:00HS<\/p>\n\n\n\n<p>INICIO: 1\u00baSEMESTRE DE 2023<\/p>\n\n\n\n<p>CONTATO: deboramartins@uel.br<\/p>\n\n\n\n<p>Objetivo:<\/p>\n\n\n\n<ul class=\"wp-block-list\">\n<li>OPORTUNIZAR A BUSCA DE NOVOS CONHECIMENTOS POR MEIO DE ESTUDOS TE\u00d3RICOS E METODOLOGIAS DO ENSINO<br>DA DAN\u00c7A.<\/li>\n\n\n\n<li>QUALIFICAR OS ACAD\u00caMICOS PARA ATUAREM COM O ENSINO DA DAN\u00c7A E SEUS SEGMENTOS.<\/li>\n\n\n\n<li>POSSIBILITAR A EXPERI\u00caNCIA DA DAN\u00c7A AOS PORTADORES DE NECESSIDADES ESPECIAIS.<\/li>\n<\/ul>\n","protected":false},"excerpt":{"rendered":"<p>Link Projeto: 00236 &#8211; CIA UEL DE DAN\u00c7A EDUCA\u00c7\u00c3O E ARTE &#8211; DEA Coordenadora: Prof.\u00aa Dr\u00aa. Debora Beatriz Martins FUNCIONAMENTO: 5\u00aa FEIRA\/ HOR\u00c1RIO: 14:00 AS 16:00HS INICIO: 1\u00baSEMESTRE DE 2023 CONTATO: deboramartins@uel.br Objetivo:<\/p>\n","protected":false},"author":13,"featured_media":0,"parent":0,"menu_order":0,"comment_status":"closed","ping_status":"closed","template":"","meta":{"_acf_changed":false,"footnotes":""},"class_list":["post-718","page","type-page","status-publish","hentry"],"acf":[],"_links":{"self":[{"href":"https:\/\/sites.uel.br\/cefe\/wp-json\/wp\/v2\/pages\/718","targetHints":{"allow":["GET"]}}],"collection":[{"href":"https:\/\/sites.uel.br\/cefe\/wp-json\/wp\/v2\/pages"}],"about":[{"href":"https:\/\/sites.uel.br\/cefe\/wp-json\/wp\/v2\/types\/page"}],"author":[{"embeddable":true,"href":"https:\/\/sites.uel.br\/cefe\/wp-json\/wp\/v2\/users\/13"}],"replies":[{"embeddable":true,"href":"https:\/\/sites.uel.br\/cefe\/wp-json\/wp\/v2\/comments?post=718"}],"version-history":[{"count":4,"href":"https:\/\/sites.uel.br\/cefe\/wp-json\/wp\/v2\/pages\/718\/revisions"}],"predecessor-version":[{"id":1011,"href":"https:\/\/sites.uel.br\/cefe\/wp-json\/wp\/v2\/pages\/718\/revisions\/1011"}],"wp:attachment":[{"href":"https:\/\/sites.uel.br\/cefe\/wp-json\/wp\/v2\/media?parent=718"}],"curies":[{"name":"wp","href":"https:\/\/api.w.org\/{rel}","templated":true}]}}

Programa de Formação Complementar

<p><a href="https://www.uel.br/prograd/index.php?content=divisao-politicas-graduacao/programa_formacao_complementar.html">Link</a></p>



<p>Projeto: 00236 &#8211; CIA UEL DE DANÇA EDUCAÇÃO E ARTE &#8211; DEA</p>



<p>Coordenadora: Prof.ª Drª. Debora Beatriz Martins</p>



<figure class="wp-block-image size-full is-resized"><img loading="lazy" decoding="async" src="https://sites.uel.br/cefe/wp-content/uploads/2023/03/debora2.png" alt="" class="wp-image-853" width="235" height="314" srcset="https://sites.uel.br/cefe/wp-content/uploads/2023/03/debora2.png 235w, https://sites.uel.br/cefe/wp-content/uploads/2023/03/debora2-225x300.png 225w" sizes="auto, (max-width: 235px) 100vw, 235px" /></figure>



<p>FUNCIONAMENTO: 5ª FEIRA/ HORÁRIO: 14:00 AS 16:00HS</p>



<p>INICIO: 1ºSEMESTRE DE 2023</p>



<p>CONTATO: deboramartins@uel.br</p>



<p>Objetivo:</p>



<ul class="wp-block-list">
<li>OPORTUNIZAR A BUSCA DE NOVOS CONHECIMENTOS POR MEIO DE ESTUDOS TEÓRICOS E METODOLOGIAS DO ENSINO<br>DA DANÇA.</li>



<li>QUALIFICAR OS ACADÊMICOS PARA ATUAREM COM O ENSINO DA DANÇA E SEUS SEGMENTOS.</li>



<li>POSSIBILITAR A EXPERIÊNCIA DA DANÇA AOS PORTADORES DE NECESSIDADES ESPECIAIS.</li>
</ul>

<p>Link Projeto: 00236 &#8211; CIA UEL DE DANÇA EDUCAÇÃO E ARTE &#8211; DEA Coordenadora: Prof.ª Drª. Debora Beatriz Martins FUNCIONAMENTO: 5ª FEIRA/ HORÁRIO: 14:00 AS 16:00HS INICIO: 1ºSEMESTRE DE 2023 CONTATO: deboramartins@uel.br Objetivo:</p>
