{"id":625,"date":"2023-03-17T18:29:21","date_gmt":"2023-03-17T21:29:21","guid":{"rendered":"https:\/\/sites.uel.br\/cefe\/?page_id=625"},"modified":"2024-06-26T18:45:19","modified_gmt":"2024-06-26T21:45:19","slug":"conselho-de-centro","status":"publish","type":"page","link":"https:\/\/sites.uel.br\/cefe\/conselho-de-centro\/","title":{"rendered":"Conselho de Centro"},"content":{"rendered":"\n<p>PROF.DR. ORLANDO MENDES FOGA\u00c7A JUNIOR (DIRETOR)<\/p>\n\n\n\n<p>PROF\u00aa.DR\u00aa. LARISSA BOBROFF DAROS (COLEGIADO BACHARELADO)<\/p>\n\n\n\n<p>PROF\u00aa.DR\u00aa. DEBORA BEATRIZ MARTINS (COLEGIADO LICENCIATURA)<\/p>\n\n\n\n<p>PROF.DR. H\u00c9LIO SERASSUELO JUNIOR (DES)<\/p>\n\n\n\n<p>PROF\u00aa.DR\u00aa. KARINA ELAINE DE SOUZA SILVA (DEF)<\/p>\n\n\n\n<p>PROF.DR. NILTON MUNHOZ GOMES (EMH)<\/p>\n\n\n\n<p>PROF\u00aa.DR\u00aa. ANA CLAUDIA SALADINI (EXTENS\u00c3O)<\/p>\n\n\n\n<p>PROF\u00aa.DR\u00aa. ANA MARIA PEREIRA (PESQUISA)<\/p>\n\n\n\n<p>PROF.DR. RAFAEL DEMINICE ( POS-GRADUA\u00c7\u00c3O STRICTO SENSU)<\/p>\n\n\n\n<p>PROF. DR. H\u00c9LCIO ROSSI GON\u00c7ALVES (POS-GRADUA\u00c7\u00c3O LATO SENSU)<\/p>\n\n\n\n<p>PROF\u00aa. DR\u00aa. MARCIA MARQUES DIB (CPCD)<\/p>\n\n\n\n<p>PROF\u00aa.DR\u00aa GISELE FRANCO DE LIMA SANTOS (REPRESENTANTE BIBLIOTECA)<\/p>\n\n\n\n<p>PROF.DR. ABDALLAH ACHOUR JUNIOR (SUPLENTE DA REPRESENTANTE DA BIBLIOTECA)<\/p>\n\n\n\n<p>ALEX LUCAS<\/p>\n","protected":false},"excerpt":{"rendered":"<p>PROF.DR. ORLANDO MENDES FOGA\u00c7A JUNIOR (DIRETOR) PROF\u00aa.DR\u00aa. LARISSA BOBROFF DAROS (COLEGIADO BACHARELADO) PROF\u00aa.DR\u00aa. DEBORA BEATRIZ MARTINS (COLEGIADO LICENCIATURA) PROF.DR. H\u00c9LIO SERASSUELO JUNIOR (DES) PROF\u00aa.DR\u00aa. KARINA ELAINE DE SOUZA SILVA (DEF) PROF.DR. NILTON MUNHOZ GOMES (EMH) PROF\u00aa.DR\u00aa. ANA CLAUDIA SALADINI (EXTENS\u00c3O) PROF\u00aa.DR\u00aa. ANA MARIA PEREIRA (PESQUISA) PROF.DR. RAFAEL DEMINICE ( POS-GRADUA\u00c7\u00c3O STRICTO SENSU) PROF. DR. H\u00c9LCIO [&hellip;]<\/p>\n","protected":false},"author":13,"featured_media":0,"parent":0,"menu_order":0,"comment_status":"closed","ping_status":"closed","template":"","meta":{"_acf_changed":false,"footnotes":""},"class_list":["post-625","page","type-page","status-publish","hentry"],"acf":[],"_links":{"self":[{"href":"https:\/\/sites.uel.br\/cefe\/wp-json\/wp\/v2\/pages\/625","targetHints":{"allow":["GET"]}}],"collection":[{"href":"https:\/\/sites.uel.br\/cefe\/wp-json\/wp\/v2\/pages"}],"about":[{"href":"https:\/\/sites.uel.br\/cefe\/wp-json\/wp\/v2\/types\/page"}],"author":[{"embeddable":true,"href":"https:\/\/sites.uel.br\/cefe\/wp-json\/wp\/v2\/users\/13"}],"replies":[{"embeddable":true,"href":"https:\/\/sites.uel.br\/cefe\/wp-json\/wp\/v2\/comments?post=625"}],"version-history":[{"count":8,"href":"https:\/\/sites.uel.br\/cefe\/wp-json\/wp\/v2\/pages\/625\/revisions"}],"predecessor-version":[{"id":1581,"href":"https:\/\/sites.uel.br\/cefe\/wp-json\/wp\/v2\/pages\/625\/revisions\/1581"}],"wp:attachment":[{"href":"https:\/\/sites.uel.br\/cefe\/wp-json\/wp\/v2\/media?parent=625"}],"curies":[{"name":"wp","href":"https:\/\/api.w.org\/{rel}","templated":true}]}}