{"id":512,"date":"2023-03-09T21:47:52","date_gmt":"2023-03-10T00:47:52","guid":{"rendered":"https:\/\/sites.uel.br\/cefe\/?page_id=512"},"modified":"2026-03-19T18:50:09","modified_gmt":"2026-03-19T21:50:09","slug":"def-departamento-educacao-fisica","status":"publish","type":"page","link":"https:\/\/sites.uel.br\/cefe\/def-departamento-educacao-fisica\/","title":{"rendered":"DEF &#8211; Departamento de Educa\u00e7\u00e3o F\u00edsica"},"content":{"rendered":"\n<p><strong>Site<\/strong>: <a href=\"http:\/\/departamentos.uel.br\/educacao-fisica\">Depto de Educa\u00e7\u00e3o F\u00edsica<\/a><\/p>\n\n\n\n<p><a href=\"https:\/\/www.uel.br\/cef\/def\/portal\/pages\/docentes.php\">Docentes<\/a><\/p>\n\n\n\n<p>Chefe: Prof\u00aa. Dr. Crivaldo Gomes Cardoso Junior<\/p>\n\n\n\n<p>Vice: Prof. Dr. Denilson de  Castro Teixeira <\/p>\n\n\n\n<h2 class=\"wp-block-heading\">COMISS\u00c3O DE ENSINO<\/h2>\n\n\n\n<p>Coordenador: M\u00e1rcia Marques Dib<\/p>\n\n\n\n<p>Suplente: Marcelo Romanzini<\/p>\n\n\n\n<p>Membro: Victor Alves Okazaki<\/p>\n\n\n\n<h2 class=\"wp-block-heading\">COMISS\u00c3O DE EXTENS\u00c3O<\/h2>\n\n\n\n<p>Coordenadora: Prof. Dr. Rafael Demenice<\/p>\n\n\n\n<p>Suplente: Prof. Dr. Marcos Doederlein Polito<\/p>\n\n\n\n<p>Membro: Prof.\u00aa Dr.\u00aa Patricia Chimin Parandini<\/p>\n\n\n\n<h2 class=\"wp-block-heading\">COMISS\u00c3O DE PESQUISA<\/h2>\n\n\n\n<p>Coordenador: Prof. Dr. Mathias Roberto Loch<\/p>\n\n\n\n<p>Suplente: Prof.\u00aa Dr.\u00aa Juliana Bayeux Dascal<\/p>\n\n\n\n<p>Membro: Prof. Dr. Enio Ricardo Vaz Ronque<\/p>\n\n\n\n<p><\/p>\n\n\n\n<h2 class=\"wp-block-heading\">COMISS\u00c3O DE P\u00d3S GRADUA\u00c7\u00c3O<\/h2>\n\n\n\n<p>Coordenadora: Prof\u00aa. Dr\u00aa. Karina Elaine de Souza Silva<\/p>\n\n\n\n<p>Suplente: Prof. Dr. Edilson Serpeloni Cyrino<\/p>\n\n\n\n<p>Membro: Prof.\u00aa Dr.\u00aa Catiana Leila Possamai Romanzini <\/p>\n\n\n\n<p><\/p>\n\n\n\n<h2 class=\"wp-block-heading\">COMIT\u00ca DE BOLSAS PAB<\/h2>\n\n\n\n<p>Representante: Prof. Dr. Victor Hugo Alves Okazaki<\/p>\n\n\n\n<p>Prof. Dra. Karina Toledo de Ara\u00fajo<\/p>\n\n\n\n<h2 class=\"wp-block-heading\">COMISS\u00c3O DE APOIO PARA ACOMPANHAMENTO DE ESTUDANTES COM DEFICI\u00caNCIA (CAEED\/UEL)<\/h2>\n\n\n\n<p>Representante: Prof.\u00aa Dr.\u00aa M\u00e1rcia Marques Dib &#8211; DEF<\/p>\n\n\n\n<p>Prof. Dr. Nilton Munhoz Gomes &#8211; EMH<\/p>\n\n\n\n<p>Prof. Dra. M\u00e1rcia Greguol &#8211; DES<\/p>\n","protected":false},"excerpt":{"rendered":"<p>Site: Depto de Educa\u00e7\u00e3o F\u00edsica Docentes Chefe: Prof\u00aa. Dr. Crivaldo Gomes Cardoso Junior Vice: Prof. Dr. Denilson de Castro Teixeira COMISS\u00c3O DE ENSINO Coordenador: M\u00e1rcia Marques Dib Suplente: Marcelo Romanzini Membro: Victor Alves Okazaki COMISS\u00c3O DE EXTENS\u00c3O Coordenadora: Prof. Dr. Rafael Demenice Suplente: Prof. Dr. Marcos Doederlein Polito Membro: Prof.\u00aa Dr.\u00aa Patricia Chimin Parandini COMISS\u00c3O [&hellip;]<\/p>\n","protected":false},"author":13,"featured_media":0,"parent":0,"menu_order":0,"comment_status":"closed","ping_status":"closed","template":"","meta":{"_acf_changed":false,"footnotes":""},"class_list":["post-512","page","type-page","status-publish","hentry"],"acf":[],"_links":{"self":[{"href":"https:\/\/sites.uel.br\/cefe\/wp-json\/wp\/v2\/pages\/512","targetHints":{"allow":["GET"]}}],"collection":[{"href":"https:\/\/sites.uel.br\/cefe\/wp-json\/wp\/v2\/pages"}],"about":[{"href":"https:\/\/sites.uel.br\/cefe\/wp-json\/wp\/v2\/types\/page"}],"author":[{"embeddable":true,"href":"https:\/\/sites.uel.br\/cefe\/wp-json\/wp\/v2\/users\/13"}],"replies":[{"embeddable":true,"href":"https:\/\/sites.uel.br\/cefe\/wp-json\/wp\/v2\/comments?post=512"}],"version-history":[{"count":28,"href":"https:\/\/sites.uel.br\/cefe\/wp-json\/wp\/v2\/pages\/512\/revisions"}],"predecessor-version":[{"id":1935,"href":"https:\/\/sites.uel.br\/cefe\/wp-json\/wp\/v2\/pages\/512\/revisions\/1935"}],"wp:attachment":[{"href":"https:\/\/sites.uel.br\/cefe\/wp-json\/wp\/v2\/media?parent=512"}],"curies":[{"name":"wp","href":"https:\/\/api.w.org\/{rel}","templated":true}]}}

DEF &#8211; Departamento de Educação Física

<p><strong>Site</strong>: <a href="http://departamentos.uel.br/educacao-fisica">Depto de Educação Física</a></p>



<p><a href="https://www.uel.br/cef/def/portal/pages/docentes.php">Docentes</a></p>



<p>Chefe: Profª. Dr. Crivaldo Gomes Cardoso Junior</p>



<p>Vice: Prof. Dr. Denilson de  Castro Teixeira </p>



<h2 class="wp-block-heading">COMISSÃO DE ENSINO</h2>



<p>Coordenador: Márcia Marques Dib</p>



<p>Suplente: Marcelo Romanzini</p>



<p>Membro: Victor Alves Okazaki</p>



<h2 class="wp-block-heading">COMISSÃO DE EXTENSÃO</h2>



<p>Coordenadora: Prof. Dr. Rafael Demenice</p>



<p>Suplente: Prof. Dr. Marcos Doederlein Polito</p>



<p>Membro: Prof.ª Dr.ª Patricia Chimin Parandini</p>



<h2 class="wp-block-heading">COMISSÃO DE PESQUISA</h2>



<p>Coordenador: Prof. Dr. Mathias Roberto Loch</p>



<p>Suplente: Prof.ª Dr.ª Juliana Bayeux Dascal</p>



<p>Membro: Prof. Dr. Enio Ricardo Vaz Ronque</p>



<p></p>



<h2 class="wp-block-heading">COMISSÃO DE PÓS GRADUAÇÃO</h2>



<p>Coordenadora: Profª. Drª. Karina Elaine de Souza Silva</p>



<p>Suplente: Prof. Dr. Edilson Serpeloni Cyrino</p>



<p>Membro: Prof.ª Dr.ª Catiana Leila Possamai Romanzini </p>



<p></p>



<h2 class="wp-block-heading">COMITÊ DE BOLSAS PAB</h2>



<p>Representante: Prof. Dr. Victor Hugo Alves Okazaki</p>



<p>Prof. Dra. Karina Toledo de Araújo</p>



<h2 class="wp-block-heading">COMISSÃO DE APOIO PARA ACOMPANHAMENTO DE ESTUDANTES COM DEFICIÊNCIA (CAEED/UEL)</h2>



<p>Representante: Prof.ª Dr.ª Márcia Marques Dib &#8211; DEF</p>



<p>Prof. Dr. Nilton Munhoz Gomes &#8211; EMH</p>



<p>Prof. Dra. Márcia Greguol &#8211; DES</p>

<p>Site: Depto de Educação Física Docentes Chefe: Profª. Dr. Crivaldo Gomes Cardoso Junior Vice: Prof. Dr. Denilson de Castro Teixeira COMISSÃO DE ENSINO Coordenador: Márcia Marques Dib Suplente: Marcelo Romanzini Membro: Victor Alves Okazaki COMISSÃO DE EXTENSÃO Coordenadora: Prof. Dr. Rafael Demenice Suplente: Prof. Dr. Marcos Doederlein Polito Membro: Prof.ª Dr.ª Patricia Chimin Parandini COMISSÃO [&hellip;]</p>
