{"id":473,"date":"2023-03-09T21:35:51","date_gmt":"2023-03-10T00:35:51","guid":{"rendered":"https:\/\/sites.uel.br\/cefe\/?page_id=473"},"modified":"2023-03-27T19:33:02","modified_gmt":"2023-03-27T22:33:02","slug":"gepemene","status":"publish","type":"page","link":"https:\/\/sites.uel.br\/cefe\/gepemene\/","title":{"rendered":"GEPEMENE"},"content":{"rendered":"\n<p><a href=\"http:\/\/dgp.cnpq.br\/dgp\/espelhogrupo\/24562\">Grupo de Estudo e Pesquisa em Metabolismo, Nutri\u00e7\u00e3o e Exerc\u00edcio<\/a><\/p>\n\n\n\n<p>Respons\u00e1vel: <a href=\"https:\/\/buscatextual.cnpq.br\/buscatextual\/visualizacv.do?id=K4796986H0&amp;tokenCaptchar=03AKH6MRF7I9fr7-oQ5KxyUni9MFaSRNS6Fwq20cST2qKGkG7efWJKOYef_sN85kki7wZBxTlzYoHol7VfYHX6NxkyyXMdejS1ez1Pd9NuLR3ERTjzla6cQqzN0DnFVJnkBcacfvDK62z_042oz9iuG-5SU2xytb3sImoJQvJ5xLjSu7yZcb0lBzJ6zQsLLnNIKf_vnlPqdv_Ho92zfgvdnraB9H-k3zQK1-yNb_MOU92rdHSC7HopHPGCrBMFlEQr7D6Tepe2BVX5MQSjez1nLp_Av1aBj74M3Lq4R_oD_nCqOWVaSBtvkF0fWhkT8rIlnhSIcXzLV3yLAv1eK-_491vBvxt9zD4Pg8vymAt1eizJKxF8BEl02oLSz_jpUnX5sRrmqmx5n3oNWJfAY9z5Io0NVtyuf5NpgKXfE_3YINPyayUGSdp57aiehkUtcJZAi0mRtSobKzKDwrX7M-eoFvoyhNjgOcjFMBDDrd9FUMcziSYQnWmggj9GCIjxlrq0BQcCVJr20rzrOd6HFN9jJqW1mW5Vj7qj9Q\">Prof. Dr. Edilson Serpeloni Cyrino<\/a><\/p>\n\n\n\n<p>Objetivo: O Grupo de Estudo e Pesquisa em Metabolismo, Nutri\u00e7\u00e3o e Exerc\u00edcio (GEPEMENE) foi criado em 22 de mar\u00e7o de 1997, no Centro de Educa\u00e7\u00e3o F\u00edsica e Desportos da Universidade Estadual de Londrina. A proposta inicial era a implementa\u00e7\u00e3o de um projeto de Inicia\u00e7\u00e3o Cient\u00edfica que em m\u00e9dio e longo prazo pudesse contribuir para a forma\u00e7\u00e3o de jovens pesquisadores. Em 2002, o GEPEMENE foi cadastrado no diret\u00f3rio dos grupos de pesquisa do CNPq e passou a receber a colabora\u00e7\u00e3o de pesquisadores de v\u00e1rias institui\u00e7\u00f5es que t\u00eam atuado em parceria, tanto na produ\u00e7\u00e3o quanto na dissemina\u00e7\u00e3o de conhecimentos oriundos dos projetos de pesquisa em andamento ou finalizados. Os principais produtos dessa iniciativa, at\u00e9 o presente momento, t\u00eam sido a forma\u00e7\u00e3o de recursos humanos para o ensino superior e a pesquisa (71 doutores e 96 mestres) e a produ\u00e7\u00e3o de conhecimentos para a melhoria da sa\u00fade, qualidade de vida e desempenho atl\u00e9tico.<\/p>\n\n\n\n<p>Local: Em frente \u00e0 piscina externa.<\/p>\n","protected":false},"excerpt":{"rendered":"<p>Grupo de Estudo e Pesquisa em Metabolismo, Nutri\u00e7\u00e3o e Exerc\u00edcio Respons\u00e1vel: Prof. Dr. Edilson Serpeloni Cyrino Objetivo: O Grupo de Estudo e Pesquisa em Metabolismo, Nutri\u00e7\u00e3o e Exerc\u00edcio (GEPEMENE) foi criado em 22 de mar\u00e7o de 1997, no Centro de Educa\u00e7\u00e3o F\u00edsica e Desportos da Universidade Estadual de Londrina. A proposta inicial era a implementa\u00e7\u00e3o [&hellip;]<\/p>\n","protected":false},"author":13,"featured_media":0,"parent":0,"menu_order":0,"comment_status":"closed","ping_status":"closed","template":"","meta":{"_acf_changed":false,"footnotes":""},"class_list":["post-473","page","type-page","status-publish","hentry"],"acf":[],"_links":{"self":[{"href":"https:\/\/sites.uel.br\/cefe\/wp-json\/wp\/v2\/pages\/473","targetHints":{"allow":["GET"]}}],"collection":[{"href":"https:\/\/sites.uel.br\/cefe\/wp-json\/wp\/v2\/pages"}],"about":[{"href":"https:\/\/sites.uel.br\/cefe\/wp-json\/wp\/v2\/types\/page"}],"author":[{"embeddable":true,"href":"https:\/\/sites.uel.br\/cefe\/wp-json\/wp\/v2\/users\/13"}],"replies":[{"embeddable":true,"href":"https:\/\/sites.uel.br\/cefe\/wp-json\/wp\/v2\/comments?post=473"}],"version-history":[{"count":6,"href":"https:\/\/sites.uel.br\/cefe\/wp-json\/wp\/v2\/pages\/473\/revisions"}],"predecessor-version":[{"id":764,"href":"https:\/\/sites.uel.br\/cefe\/wp-json\/wp\/v2\/pages\/473\/revisions\/764"}],"wp:attachment":[{"href":"https:\/\/sites.uel.br\/cefe\/wp-json\/wp\/v2\/media?parent=473"}],"curies":[{"name":"wp","href":"https:\/\/api.w.org\/{rel}","templated":true}]}}