{"id":430,"date":"2023-03-06T16:14:17","date_gmt":"2023-03-06T19:14:17","guid":{"rendered":"https:\/\/sites.uel.br\/cefe\/?page_id=430"},"modified":"2023-03-27T20:31:30","modified_gmt":"2023-03-27T23:31:30","slug":"cursos-e-eventos","status":"publish","type":"page","link":"https:\/\/sites.uel.br\/cefe\/cursos-e-eventos\/","title":{"rendered":"Resid\u00eancia Multiprofissional em Sa\u00fade da Fam\u00edlia"},"content":{"rendered":"\n<p><a href=\"http:\/\/www.uel.br\/proppg\/portalnovo\/pages\/residencias\/multiprofissional.php\">Especializa\u00e7\u00e3o &#8211; Resid\u00eancia Multiprofissional<\/a><\/p>\n\n\n\n<p>Redes Sociais: <a href=\"https:\/\/www.facebook.com\/rmsfdauel\/?locale=pt_BR\">https:\/\/www.facebook.com\/rmsfdauel\/?locale=pt_BR<\/a><\/p>\n","protected":false},"excerpt":{"rendered":"<p>Especializa\u00e7\u00e3o &#8211; Resid\u00eancia Multiprofissional Redes Sociais: https:\/\/www.facebook.com\/rmsfdauel\/?locale=pt_BR<\/p>\n","protected":false},"author":13,"featured_media":0,"parent":0,"menu_order":0,"comment_status":"closed","ping_status":"closed","template":"","meta":{"_acf_changed":false,"footnotes":""},"class_list":["post-430","page","type-page","status-publish","hentry"],"acf":[],"_links":{"self":[{"href":"https:\/\/sites.uel.br\/cefe\/wp-json\/wp\/v2\/pages\/430","targetHints":{"allow":["GET"]}}],"collection":[{"href":"https:\/\/sites.uel.br\/cefe\/wp-json\/wp\/v2\/pages"}],"about":[{"href":"https:\/\/sites.uel.br\/cefe\/wp-json\/wp\/v2\/types\/page"}],"author":[{"embeddable":true,"href":"https:\/\/sites.uel.br\/cefe\/wp-json\/wp\/v2\/users\/13"}],"replies":[{"embeddable":true,"href":"https:\/\/sites.uel.br\/cefe\/wp-json\/wp\/v2\/comments?post=430"}],"version-history":[{"count":2,"href":"https:\/\/sites.uel.br\/cefe\/wp-json\/wp\/v2\/pages\/430\/revisions"}],"predecessor-version":[{"id":796,"href":"https:\/\/sites.uel.br\/cefe\/wp-json\/wp\/v2\/pages\/430\/revisions\/796"}],"wp:attachment":[{"href":"https:\/\/sites.uel.br\/cefe\/wp-json\/wp\/v2\/media?parent=430"}],"curies":[{"name":"wp","href":"https:\/\/api.w.org\/{rel}","templated":true}]}}