{"id":28,"date":"2021-03-29T14:35:16","date_gmt":"2021-03-29T17:35:16","guid":{"rendered":"https:\/\/sites.uel.br\/cefe\/?page_id=28"},"modified":"2026-03-13T18:00:12","modified_gmt":"2026-03-13T21:00:12","slug":"educacao-fisica-licenciatura","status":"publish","type":"page","link":"https:\/\/sites.uel.br\/cefe\/educacao-fisica-licenciatura\/","title":{"rendered":"Educa\u00e7\u00e3o F\u00edsica &#8211; Licenciatura"},"content":{"rendered":"\n<p>Curso implantado em 1971, em funcionamento, \u00faltima entrada no Vestibular de 2022, com foco na forma\u00e7\u00e3o na \u00e1rea escolar, em todos os n\u00edveis de ensino.<\/p>\n\n\n\n<p><strong>Site<\/strong>: <a href=\"http:\/\/graduacao.uel.br\/educacao-fisica\">Educa\u00e7\u00e3o F\u00edsica<\/a><\/p>\n\n\n\n<h2 class=\"wp-block-heading\">COLEGIADO<\/h2>\n\n\n\n<p>Coordenadora: Prof. Dr. Fernando Pereira C\u00e2ndido<\/p>\n\n\n\n<p>Vice-Coordenador: Prof.\u00aa Dr.\u00aa Karina de Toledo Ara\u00fajo<\/p>\n\n\n\n<p>Membro: Prof.\u00aa Dr.\u00aa Gisele Franco de Lima Santos<\/p>\n\n\n\n<p>Membro: Prof.\u00aa Dr.\u00aa Marilene Ces\u00e1rio<\/p>\n\n\n\n<p>Contato:  <a href=\"cefeacademico@uel.br\">cefeacademico@uel.br<\/a><\/p>\n\n\n\n<h2 class=\"wp-block-heading\">COORDENA\u00c7\u00c3O DE EST\u00c1GIO<\/h2>\n\n\n\n<p>Coordenador: Prof. Dr. Dalberto Luiz de Santo<\/p>\n\n\n\n<p>Vice-Coordenadora: Prof.\u00aa Dr.\u00aa Ana Claudia Saladini<\/p>\n\n\n\n<p><\/p>\n\n\n\n<h2 class=\"wp-block-heading\">COORDENA\u00c7\u00c3O DE TRABALHO DE CONCLUS\u00c3O DE CURSO<\/h2>\n\n\n\n<p>Coordenadora: Prof.\u00aa Dr.\u00aa Carla Cristiane da Silva<\/p>\n\n\n\n<p>Vice-Coordenador: Prof. Dr. Thiago Pelegrini<\/p>\n\n\n\n<h2 class=\"wp-block-heading\">REPRESENTANTE \u00c1REA PRINCIPAL<\/h2>\n\n\n\n<p>Prof.\u00aa Dr.\u00aa Gisele Franco de Lima Santos<\/p>\n\n\n\n<p>Prof\u00aa.Dr\u00aa. Marilene Ces\u00e1rio<\/p>\n\n\n\n<h2 class=\"wp-block-heading\">REPRESENTANTE \u00c1REA B\u00c1SICA<\/h2>\n\n\n\n<p>Prof.\u00aa Dr.\u00aa Marcia Marques Dib<\/p>\n\n\n\n<p>Prof. Dr. Wilton Carlos de Santana<\/p>\n\n\n\n<h2 class=\"wp-block-heading\">REPRESENTANTE DISCENTE<\/h2>\n\n\n\n<p><\/p>\n","protected":false},"excerpt":{"rendered":"<p>Curso implantado em 1971, em funcionamento, \u00faltima entrada no Vestibular de 2022, com foco na forma\u00e7\u00e3o na \u00e1rea escolar, em todos os n\u00edveis de ensino. Site: Educa\u00e7\u00e3o F\u00edsica COLEGIADO Coordenadora: Prof. Dr. Fernando Pereira C\u00e2ndido Vice-Coordenador: Prof.\u00aa Dr.\u00aa Karina de Toledo Ara\u00fajo Membro: Prof.\u00aa Dr.\u00aa Gisele Franco de Lima Santos Membro: Prof.\u00aa Dr.\u00aa Marilene Ces\u00e1rio [&hellip;]<\/p>\n","protected":false},"author":7,"featured_media":0,"parent":0,"menu_order":0,"comment_status":"closed","ping_status":"closed","template":"","meta":{"_acf_changed":false,"footnotes":""},"class_list":["post-28","page","type-page","status-publish","hentry"],"acf":[],"_links":{"self":[{"href":"https:\/\/sites.uel.br\/cefe\/wp-json\/wp\/v2\/pages\/28","targetHints":{"allow":["GET"]}}],"collection":[{"href":"https:\/\/sites.uel.br\/cefe\/wp-json\/wp\/v2\/pages"}],"about":[{"href":"https:\/\/sites.uel.br\/cefe\/wp-json\/wp\/v2\/types\/page"}],"author":[{"embeddable":true,"href":"https:\/\/sites.uel.br\/cefe\/wp-json\/wp\/v2\/users\/7"}],"replies":[{"embeddable":true,"href":"https:\/\/sites.uel.br\/cefe\/wp-json\/wp\/v2\/comments?post=28"}],"version-history":[{"count":19,"href":"https:\/\/sites.uel.br\/cefe\/wp-json\/wp\/v2\/pages\/28\/revisions"}],"predecessor-version":[{"id":1929,"href":"https:\/\/sites.uel.br\/cefe\/wp-json\/wp\/v2\/pages\/28\/revisions\/1929"}],"wp:attachment":[{"href":"https:\/\/sites.uel.br\/cefe\/wp-json\/wp\/v2\/media?parent=28"}],"curies":[{"name":"wp","href":"https:\/\/api.w.org\/{rel}","templated":true}]}}