{"id":22,"date":"2021-03-29T14:35:16","date_gmt":"2021-03-29T17:35:16","guid":{"rendered":"https:\/\/sites.uel.br\/cefe\/?page_id=22"},"modified":"2026-03-13T17:56:17","modified_gmt":"2026-03-13T20:56:17","slug":"contatos","status":"publish","type":"page","link":"https:\/\/sites.uel.br\/cefe\/contatos\/","title":{"rendered":"Contatos"},"content":{"rendered":"\n<div class=\"wp-block-group is-nowrap is-layout-flex wp-container-core-group-is-layout-ad2f72ca wp-block-group-is-layout-flex\">\n<div class=\"wp-block-columns is-layout-flex wp-container-core-columns-is-layout-9d6595d7 wp-block-columns-is-layout-flex\">\n<div class=\"wp-block-column is-vertically-aligned-stretch is-layout-flow wp-block-column-is-layout-flow\" style=\"flex-basis:100%\">\n<div class=\"wp-block-group is-nowrap is-layout-flex wp-container-core-group-is-layout-ad2f72ca wp-block-group-is-layout-flex\">\n<div class=\"wp-block-group\"><div class=\"wp-block-group__inner-container is-layout-constrained wp-block-group-is-layout-constrained\">\n<div class=\"wp-block-group is-vertical is-layout-flex wp-container-core-group-is-layout-8cf370e7 wp-block-group-is-layout-flex\">\n<p class=\"has-text-align-left\"><strong>Secret\u00e1ria Geral<br><\/strong>Telefone: (43) 3371-1891<br>E-mail: cefd@uel.br<\/p>\n\n\n\n<p class=\"has-text-align-left\"><strong>Secret\u00e1ria do Centro<\/strong><br><strong>C\u00e9lia Gaiguer <\/strong><br>Telefone: (43) 3371-1894 E-mail: <a href=\"mailto:cefd@uel.br\">cefd@uel.br<\/a><\/p>\n\n\n\n<p><strong>Se\u00e7\u00e3o de Apoio Administrativo<\/strong><br><strong>Alex Lucas Vilas Boas.                                                                                                                         <br><\/strong>Telefone: (43) 3371-1897 E-mail: <a href=\"mailto:alexvilasboas@uel.br\">alexvilasboas@uel.br<\/a><\/p>\n\n\n\n<p class=\"has-text-align-left\"><strong>Se\u00e7\u00e3o de Apoio Acad\u00eamico  <\/strong><\/p>\n\n\n\n<p class=\"has-text-align-left\"><strong>Graziela  <br><\/strong>Telefone: (43) 3371-1896 (wattsapp) <br>E-mail: <a href=\"mailto:cefeacademico@uel.br\">cefeacademico@uel.br<\/a><\/p>\n\n\n\n<p class=\"has-text-align-left\"><strong>Se\u00e7\u00e3o de P\u00f3s-Gradua\u00e7\u00e3o<\/strong><br><strong>Ivone Aparecida Salvador Beraldo                                                                                                        <br><\/strong>Telefones: (43) 3371-1890 (wattsapp)<br>E-mail: <a href=\"mailto:cefepos@uel.br\">cefepos@uel.br<\/a><\/p>\n\n\n\n<p class=\"has-text-align-left\"><strong>Administrador Predial<\/strong> <\/p>\n\n\n\n<p>Magno<\/p>\n\n\n\n<p class=\"has-text-align-left\">Telefone: 3371-4248<\/p>\n\n\n\n<p><strong>Colegiado do Curso de Educa\u00e7\u00e3o F\u00edsica<\/strong> &#8211; Licenciatura: 3371-1892<\/p>\n\n\n\n<p><strong>Colegiado de Educa\u00e7\u00e3o F\u00edsica<\/strong> &#8211; Bacharelado: 3371-1898<\/p>\n<\/div>\n<\/div><\/div>\n<\/div>\n<\/div>\n<\/div>\n<\/div>\n\n\n\n<p><\/p>\n","protected":false},"excerpt":{"rendered":"<p>Secret\u00e1ria GeralTelefone: (43) 3371-1891E-mail: cefd@uel.br Secret\u00e1ria do CentroC\u00e9lia Gaiguer Telefone: (43) 3371-1894 E-mail: cefd@uel.br Se\u00e7\u00e3o de Apoio AdministrativoAlex Lucas Vilas Boas. Telefone: (43) 3371-1897 E-mail: alexvilasboas@uel.br Se\u00e7\u00e3o de Apoio Acad\u00eamico Graziela Telefone: (43) 3371-1896 (wattsapp) E-mail: cefeacademico@uel.br Se\u00e7\u00e3o de P\u00f3s-Gradua\u00e7\u00e3oIvone Aparecida Salvador Beraldo Telefones: (43) 3371-1890 (wattsapp)E-mail: cefepos@uel.br Administrador Predial Magno Telefone: 3371-4248 Colegiado do [&hellip;]<\/p>\n","protected":false},"author":7,"featured_media":0,"parent":0,"menu_order":0,"comment_status":"closed","ping_status":"closed","template":"","meta":{"_acf_changed":false,"footnotes":""},"class_list":["post-22","page","type-page","status-publish","hentry"],"acf":[],"_links":{"self":[{"href":"https:\/\/sites.uel.br\/cefe\/wp-json\/wp\/v2\/pages\/22","targetHints":{"allow":["GET"]}}],"collection":[{"href":"https:\/\/sites.uel.br\/cefe\/wp-json\/wp\/v2\/pages"}],"about":[{"href":"https:\/\/sites.uel.br\/cefe\/wp-json\/wp\/v2\/types\/page"}],"author":[{"embeddable":true,"href":"https:\/\/sites.uel.br\/cefe\/wp-json\/wp\/v2\/users\/7"}],"replies":[{"embeddable":true,"href":"https:\/\/sites.uel.br\/cefe\/wp-json\/wp\/v2\/comments?post=22"}],"version-history":[{"count":40,"href":"https:\/\/sites.uel.br\/cefe\/wp-json\/wp\/v2\/pages\/22\/revisions"}],"predecessor-version":[{"id":1927,"href":"https:\/\/sites.uel.br\/cefe\/wp-json\/wp\/v2\/pages\/22\/revisions\/1927"}],"wp:attachment":[{"href":"https:\/\/sites.uel.br\/cefe\/wp-json\/wp\/v2\/media?parent=22"}],"curies":[{"name":"wp","href":"https:\/\/api.w.org\/{rel}","templated":true}]}}