{"id":5934,"date":"2024-10-30T17:17:20","date_gmt":"2024-10-30T20:17:20","guid":{"rendered":"https:\/\/sites.uel.br\/ceca\/?page_id=5934"},"modified":"2026-02-04T10:34:05","modified_gmt":"2026-02-04T13:34:05","slug":"354-midias-digitais-design-e-comunicacao-1-2025","status":"publish","type":"page","link":"https:\/\/sites.uel.br\/ceca\/354-midias-digitais-design-e-comunicacao-1-2025\/","title":{"rendered":"354 \u2013 M\u00eddias Digitais: design e comunica\u00e7\u00e3o"},"content":{"rendered":"\n<div style=\"height:100px\" aria-hidden=\"true\" class=\"wp-block-spacer\"><\/div>\n\n\n\n<figure class=\"wp-block-table\"><table class=\"has-fixed-layout\"><tbody><tr><td class=\"has-text-align-center\" data-align=\"center\">Este conte\u00fado foi atualizado em 2026. Para ver as informa\u00e7\u00f5es mais recentes, acesse a nova p\u00e1gina.<br><a href=\"https:\/\/pos.uel.br\/midiasdigitais\/\">Especializa\u00e7\u00e3o em M\u00eddias Digitais<\/a><\/td><\/tr><\/tbody><\/table><\/figure>\n\n\n\n<div style=\"height:100px\" aria-hidden=\"true\" class=\"wp-block-spacer\"><\/div>\n","protected":false},"excerpt":{"rendered":"<p>Este conte\u00fado foi atualizado em 2026. Para ver as informa\u00e7\u00f5es mais recentes, acesse a nova p\u00e1gina.Especializa\u00e7\u00e3o em M\u00eddias Digitais<\/p>\n","protected":false},"author":9,"featured_media":0,"parent":0,"menu_order":0,"comment_status":"closed","ping_status":"closed","template":"","meta":{"_acf_changed":false,"footnotes":""},"class_list":["post-5934","page","type-page","status-publish","hentry"],"acf":[],"_links":{"self":[{"href":"https:\/\/sites.uel.br\/ceca\/wp-json\/wp\/v2\/pages\/5934","targetHints":{"allow":["GET"]}}],"collection":[{"href":"https:\/\/sites.uel.br\/ceca\/wp-json\/wp\/v2\/pages"}],"about":[{"href":"https:\/\/sites.uel.br\/ceca\/wp-json\/wp\/v2\/types\/page"}],"author":[{"embeddable":true,"href":"https:\/\/sites.uel.br\/ceca\/wp-json\/wp\/v2\/users\/9"}],"replies":[{"embeddable":true,"href":"https:\/\/sites.uel.br\/ceca\/wp-json\/wp\/v2\/comments?post=5934"}],"version-history":[{"count":41,"href":"https:\/\/sites.uel.br\/ceca\/wp-json\/wp\/v2\/pages\/5934\/revisions"}],"predecessor-version":[{"id":6476,"href":"https:\/\/sites.uel.br\/ceca\/wp-json\/wp\/v2\/pages\/5934\/revisions\/6476"}],"wp:attachment":[{"href":"https:\/\/sites.uel.br\/ceca\/wp-json\/wp\/v2\/media?parent=5934"}],"curies":[{"name":"wp","href":"https:\/\/api.w.org\/{rel}","templated":true}]}}