{"id":42,"date":"2021-03-29T15:00:28","date_gmt":"2021-03-29T18:00:28","guid":{"rendered":"https:\/\/sites.uel.br\/ceca\/?page_id=42"},"modified":"2025-10-13T16:08:19","modified_gmt":"2025-10-13T19:08:19","slug":"pos-graduacao","status":"publish","type":"page","link":"https:\/\/sites.uel.br\/ceca\/pos-graduacao\/","title":{"rendered":"P\u00f3s-Gradua\u00e7\u00e3o"},"content":{"rendered":"\n<hr class=\"wp-block-separator has-text-color has-white-color has-css-opacity has-white-background-color has-background is-style-dots\" \/>\n\n\n\n<p>A p\u00f3s-gradua\u00e7\u00e3o na UEL se iniciou na d\u00e9cada de 1970, e atualmente conta com cursos estruturados em duas modalidades: lato sensu (<a href=\"https:\/\/sites.uel.br\/proppg\/especializacao\/\" target=\"_blank\" rel=\"noreferrer noopener\">especializa\u00e7\u00e3o<\/a>&nbsp;e&nbsp;<a href=\"https:\/\/sites.uel.br\/proppg\/residencias\/\" target=\"_blank\" rel=\"noreferrer noopener\">resid\u00eancia<\/a>) e stricto sensu (<a href=\"https:\/\/sites.uel.br\/proppg\/editais-proppg\/\" target=\"_blank\" rel=\"noreferrer noopener\">mestrado e doutorado<\/a>), distribu\u00eddos em todas as \u00e1reas de conhecimento.<\/p>\n\n\n\n<p>Ambas as modalidades t\u00eam por finalidade a forma\u00e7\u00e3o de recursos humanos altamente qualificados, capacitando os titulados a disputar o mercado de trabalho, ou seguir a carreira acad\u00eamica como docente e\/ou pesquisador.<\/p>\n","protected":false},"excerpt":{"rendered":"<p>A p\u00f3s-gradua\u00e7\u00e3o na UEL se iniciou na d\u00e9cada de 1970, e atualmente conta com cursos estruturados em duas modalidades: lato sensu (especializa\u00e7\u00e3o&nbsp;e&nbsp;resid\u00eancia) e stricto sensu (mestrado e doutorado), distribu\u00eddos em todas as \u00e1reas de conhecimento. Ambas as modalidades t\u00eam por finalidade a forma\u00e7\u00e3o de recursos humanos altamente qualificados, capacitando os titulados a disputar o mercado [&hellip;]<\/p>\n","protected":false},"author":7,"featured_media":0,"parent":0,"menu_order":0,"comment_status":"closed","ping_status":"closed","template":"","meta":{"_acf_changed":false,"footnotes":""},"class_list":["post-42","page","type-page","status-publish","hentry"],"acf":[],"_links":{"self":[{"href":"https:\/\/sites.uel.br\/ceca\/wp-json\/wp\/v2\/pages\/42","targetHints":{"allow":["GET"]}}],"collection":[{"href":"https:\/\/sites.uel.br\/ceca\/wp-json\/wp\/v2\/pages"}],"about":[{"href":"https:\/\/sites.uel.br\/ceca\/wp-json\/wp\/v2\/types\/page"}],"author":[{"embeddable":true,"href":"https:\/\/sites.uel.br\/ceca\/wp-json\/wp\/v2\/users\/7"}],"replies":[{"embeddable":true,"href":"https:\/\/sites.uel.br\/ceca\/wp-json\/wp\/v2\/comments?post=42"}],"version-history":[{"count":8,"href":"https:\/\/sites.uel.br\/ceca\/wp-json\/wp\/v2\/pages\/42\/revisions"}],"predecessor-version":[{"id":6409,"href":"https:\/\/sites.uel.br\/ceca\/wp-json\/wp\/v2\/pages\/42\/revisions\/6409"}],"wp:attachment":[{"href":"https:\/\/sites.uel.br\/ceca\/wp-json\/wp\/v2\/media?parent=42"}],"curies":[{"name":"wp","href":"https:\/\/api.w.org\/{rel}","templated":true}]}}