{"id":210,"date":"2021-04-01T15:18:23","date_gmt":"2021-04-01T18:18:23","guid":{"rendered":"https:\/\/sites.uel.br\/ceca\/?page_id=210"},"modified":"2024-11-22T09:14:27","modified_gmt":"2024-11-22T12:14:27","slug":"design-grafico","status":"publish","type":"page","link":"https:\/\/sites.uel.br\/ceca\/design-grafico\/","title":{"rendered":"Design Gr\u00e1fico"},"content":{"rendered":"\n<div style=\"height:60px\" aria-hidden=\"true\" class=\"wp-block-spacer\"><\/div>\n\n\n\n<p class=\"has-text-color\" style=\"color:#007530\"><strong>Chefe<\/strong><\/p>\n\n\n\n<p class=\"has-text-color\" style=\"color:#727272\">Profa. Rosane Fonseca de Freitas Martins<\/p>\n\n\n\n<div style=\"height:60px\" aria-hidden=\"true\" class=\"wp-block-spacer\"><\/div>\n\n\n\n<p class=\"has-text-color\" style=\"color:#00753b\"><strong>Vice-Chefe<\/strong><\/p>\n\n\n\n<p class=\"has-text-color\" style=\"color:#727272\">Profa. Danielle De Marchi Tozatti <\/p>\n\n\n\n<div style=\"height:60px\" aria-hidden=\"true\" class=\"wp-block-spacer\"><\/div>\n\n\n\n<p class=\"has-text-color\" style=\"color:#00753b\"><strong>Secret\u00e1ria<\/strong><\/p>\n\n\n\n<p class=\"has-text-color\" style=\"color:#727272\">Aparecida Roseney de Oliveira<br><\/p>\n\n\n\n<div style=\"height:60px\" aria-hidden=\"true\" class=\"wp-block-spacer\"><\/div>\n\n\n\n<p class=\"has-text-color\" style=\"color:#00753b\"><strong>Telefone<\/strong><\/p>\n\n\n\n<p class=\"has-text-color\" style=\"color:#727272\">(43) 3371-4479<br><\/p>\n\n\n\n<div style=\"height:60px\" aria-hidden=\"true\" class=\"wp-block-spacer\"><\/div>\n\n\n\n<p class=\"has-text-color\" style=\"color:#00753b\"><strong>E-mail<\/strong><\/p>\n\n\n\n<p class=\"has-text-color\" style=\"color:#00753b\"><a href=\"mailto:dgn@uel.br\">dgn@uel.br<\/a><br><\/p>\n\n\n\n<div style=\"height:60px\" aria-hidden=\"true\" class=\"wp-block-spacer\"><\/div>\n\n\n\n<p class=\"has-text-color\" style=\"color:#00753b\"><strong>Site<\/strong><\/p>\n\n\n\n<p class=\"has-text-color\" style=\"color:#00753b\"><a href=\"http:\/\/graduacao.uel.br\/design-grafico\">Design Gr\u00e1fico<\/a><\/p>\n\n\n\n<div style=\"height:60px\" aria-hidden=\"true\" class=\"wp-block-spacer\"><\/div>\n\n\n\n<p class=\"has-verde-color has-text-color\"><strong><a href=\"https:\/\/sites.uel.br\/ceca\/wp-content\/uploads\/2021\/11\/PEMC-DESIGN-GRAFICO.pdf\">PLANO ESPECIAL DE MATRIZ CURRICULAR DO CURSO DE DESIGN GR\u00c1FICO (25\/11\/2021)<\/a><\/strong><\/p>\n","protected":false},"excerpt":{"rendered":"<p>Chefe Profa. Rosane Fonseca de Freitas Martins Vice-Chefe Profa. Danielle De Marchi Tozatti Secret\u00e1ria Aparecida Roseney de Oliveira Telefone (43) 3371-4479 E-mail dgn@uel.br Site Design Gr\u00e1fico PLANO ESPECIAL DE MATRIZ CURRICULAR DO CURSO DE DESIGN GR\u00c1FICO (25\/11\/2021)<\/p>\n","protected":false},"author":9,"featured_media":0,"parent":0,"menu_order":0,"comment_status":"closed","ping_status":"closed","template":"","meta":{"_acf_changed":false,"footnotes":""},"class_list":["post-210","page","type-page","status-publish","hentry"],"acf":[],"_links":{"self":[{"href":"https:\/\/sites.uel.br\/ceca\/wp-json\/wp\/v2\/pages\/210","targetHints":{"allow":["GET"]}}],"collection":[{"href":"https:\/\/sites.uel.br\/ceca\/wp-json\/wp\/v2\/pages"}],"about":[{"href":"https:\/\/sites.uel.br\/ceca\/wp-json\/wp\/v2\/types\/page"}],"author":[{"embeddable":true,"href":"https:\/\/sites.uel.br\/ceca\/wp-json\/wp\/v2\/users\/9"}],"replies":[{"embeddable":true,"href":"https:\/\/sites.uel.br\/ceca\/wp-json\/wp\/v2\/comments?post=210"}],"version-history":[{"count":19,"href":"https:\/\/sites.uel.br\/ceca\/wp-json\/wp\/v2\/pages\/210\/revisions"}],"predecessor-version":[{"id":6033,"href":"https:\/\/sites.uel.br\/ceca\/wp-json\/wp\/v2\/pages\/210\/revisions\/6033"}],"wp:attachment":[{"href":"https:\/\/sites.uel.br\/ceca\/wp-json\/wp\/v2\/media?parent=210"}],"curies":[{"name":"wp","href":"https:\/\/api.w.org\/{rel}","templated":true}]}}