{"id":201,"date":"2021-04-01T15:03:09","date_gmt":"2021-04-01T18:03:09","guid":{"rendered":"https:\/\/sites.uel.br\/ceca\/?page_id=201"},"modified":"2024-11-22T09:15:43","modified_gmt":"2024-11-22T12:15:43","slug":"jornalismo","status":"publish","type":"page","link":"https:\/\/sites.uel.br\/ceca\/jornalismo\/","title":{"rendered":"Jornalismo"},"content":{"rendered":"\n<div style=\"height:60px\" aria-hidden=\"true\" class=\"wp-block-spacer\"><\/div>\n\n\n\n<p class=\"has-text-color\" style=\"color:#00753b\"><strong>Coordena\u00e7\u00e3o<\/strong><\/p>\n\n\n\n<p class=\"has-text-color\" style=\"color:#727272\">Prof. Ayoub Hanna Ayoub<\/p>\n\n\n\n<div style=\"height:60px\" aria-hidden=\"true\" class=\"wp-block-spacer\"><\/div>\n\n\n\n<p class=\"has-text-color\" style=\"color:#00753b\"><strong>Vice Coordena\u00e7\u00e3o<\/strong><\/p>\n\n\n\n<p class=\"has-text-color\" style=\"color:#727272\">Prof. Osmani Ferreira da Costa<\/p>\n\n\n\n<div style=\"height:60px\" aria-hidden=\"true\" class=\"wp-block-spacer\"><\/div>\n\n\n\n<p class=\"has-text-color\" style=\"color:#00753b\"><strong>Secret\u00e1ria<\/strong><\/p>\n\n\n\n<p class=\"has-text-color\" style=\"color:#727272\">Ana Paula da Silva<\/p>\n\n\n\n<div style=\"height:60px\" aria-hidden=\"true\" class=\"wp-block-spacer\"><\/div>\n\n\n\n<p class=\"has-text-color\" style=\"color:#00753b\"><strong>Telefone<\/strong><\/p>\n\n\n\n<p class=\"has-text-color\" style=\"color:#727272\">(43) 3371-4546<\/p>\n\n\n\n<div style=\"height:60px\" aria-hidden=\"true\" class=\"wp-block-spacer\"><\/div>\n\n\n\n<p class=\"has-text-color\" style=\"color:#00753b\"><strong>E-mail<\/strong><\/p>\n\n\n\n<p class=\"has-text-color\" style=\"color:#00753b\"><a href=\"mailto:col_jornalismo@uel.br\">col_jornalismo@uel.br<\/a><\/p>\n\n\n\n<div style=\"height:60px\" aria-hidden=\"true\" class=\"wp-block-spacer\"><\/div>\n\n\n\n<p><strong>Site<\/strong><\/p>\n\n\n\n<p class=\"has-text-color\" style=\"color:#00753b\"><a href=\"http:\/\/graduacao.uel.br\/jornalismo\">Jornalismo<\/a><\/p>\n\n\n\n<div style=\"height:60px\" aria-hidden=\"true\" class=\"wp-block-spacer\"><\/div>\n\n\n\n<p class=\"has-text-color\" style=\"color:#00753b\"><strong><a href=\"https:\/\/sites.uel.br\/ceca\/wp-content\/uploads\/2021\/11\/PEMC-JORNALISMO.pdf\">PLANO ESPECIAL DE MATRIZ CURRICULAR 2021 JORNALISMO (25\/11\/2021)<\/a><\/strong><\/p>\n","protected":false},"excerpt":{"rendered":"<p>Coordena\u00e7\u00e3o Prof. Ayoub Hanna Ayoub Vice Coordena\u00e7\u00e3o Prof. Osmani Ferreira da Costa Secret\u00e1ria Ana Paula da Silva Telefone (43) 3371-4546 E-mail col_jornalismo@uel.br Site Jornalismo PLANO ESPECIAL DE MATRIZ CURRICULAR 2021 JORNALISMO (25\/11\/2021)<\/p>\n","protected":false},"author":9,"featured_media":0,"parent":0,"menu_order":0,"comment_status":"closed","ping_status":"closed","template":"","meta":{"_acf_changed":false,"footnotes":""},"class_list":["post-201","page","type-page","status-publish","hentry"],"acf":[],"_links":{"self":[{"href":"https:\/\/sites.uel.br\/ceca\/wp-json\/wp\/v2\/pages\/201","targetHints":{"allow":["GET"]}}],"collection":[{"href":"https:\/\/sites.uel.br\/ceca\/wp-json\/wp\/v2\/pages"}],"about":[{"href":"https:\/\/sites.uel.br\/ceca\/wp-json\/wp\/v2\/types\/page"}],"author":[{"embeddable":true,"href":"https:\/\/sites.uel.br\/ceca\/wp-json\/wp\/v2\/users\/9"}],"replies":[{"embeddable":true,"href":"https:\/\/sites.uel.br\/ceca\/wp-json\/wp\/v2\/comments?post=201"}],"version-history":[{"count":16,"href":"https:\/\/sites.uel.br\/ceca\/wp-json\/wp\/v2\/pages\/201\/revisions"}],"predecessor-version":[{"id":6035,"href":"https:\/\/sites.uel.br\/ceca\/wp-json\/wp\/v2\/pages\/201\/revisions\/6035"}],"wp:attachment":[{"href":"https:\/\/sites.uel.br\/ceca\/wp-json\/wp\/v2\/media?parent=201"}],"curies":[{"name":"wp","href":"https:\/\/api.w.org\/{rel}","templated":true}]}}