{"id":15,"date":"2021-03-29T14:52:49","date_gmt":"2021-03-29T17:52:49","guid":{"rendered":"https:\/\/sites.uel.br\/ceca\/?page_id=15"},"modified":"2022-10-18T17:24:55","modified_gmt":"2022-10-18T20:24:55","slug":"direcao","status":"publish","type":"page","link":"https:\/\/sites.uel.br\/ceca\/direcao\/","title":{"rendered":"Dire\u00e7\u00e3o"},"content":{"rendered":"\n<hr class=\"wp-block-separator has-text-color has-white-color has-css-opacity has-white-background-color has-background is-style-dots\"\/>\n\n\n\n<div class=\"wp-block-media-text alignwide is-stacked-on-mobile\" style=\"grid-template-columns:38% auto\"><figure class=\"wp-block-media-text__media\"><img loading=\"lazy\" decoding=\"async\" width=\"668\" height=\"1024\" src=\"https:\/\/sites.uel.br\/ceca\/wp-content\/uploads\/2022\/10\/Edmilson-668x1024.jpg\" alt=\"\" class=\"wp-image-2669 size-full\" srcset=\"https:\/\/sites.uel.br\/ceca\/wp-content\/uploads\/2022\/10\/Edmilson-668x1024.jpg 668w, https:\/\/sites.uel.br\/ceca\/wp-content\/uploads\/2022\/10\/Edmilson-196x300.jpg 196w, https:\/\/sites.uel.br\/ceca\/wp-content\/uploads\/2022\/10\/Edmilson-768x1177.jpg 768w, https:\/\/sites.uel.br\/ceca\/wp-content\/uploads\/2022\/10\/Edmilson-1002x1536.jpg 1002w, https:\/\/sites.uel.br\/ceca\/wp-content\/uploads\/2022\/10\/Edmilson-1336x2048.jpg 1336w, https:\/\/sites.uel.br\/ceca\/wp-content\/uploads\/2022\/10\/Edmilson.jpg 1511w\" sizes=\"auto, (max-width: 668px) 100vw, 668px\" \/><\/figure><div class=\"wp-block-media-text__content\">\n<p style=\"font-size:25px\"><mark style=\"background-color:rgba(0, 0, 0, 0);color:#00753b\" class=\"has-inline-color\"><strong>Diretor<\/strong><\/mark><\/p>\n\n\n\n<p class=\"has-medium-font-size\"><strong><mark style=\"background-color:rgba(0, 0, 0, 0);color:#727272\" class=\"has-inline-color\">Dr. Edmilson Lenard\u00e3o<\/mark><\/strong><\/p>\n<\/div><\/div>\n\n\n\n<div style=\"height:60px\" aria-hidden=\"true\" class=\"wp-block-spacer\"><\/div>\n\n\n\n<p><mark style=\"background-color:rgba(0, 0, 0, 0);color:#727272\" class=\"has-inline-color\">Possui gradua\u00e7\u00e3o em Pedagogia pela Universidade Estadual de Londrina (1995), mestrado em Educa\u00e7\u00e3o pela Universidade Estadual de Maring\u00e1 (2003). Doutorado em Educa\u00e7\u00e3o na Universidade Estadual de Maring\u00e1 &#8211; UEM (2016). Atualmente \u00e9 professor Adjunto-B da Universidade Estadual de Londrina. Foi Diretor Geral do Col\u00e9gio de Aplica\u00e7\u00e3o Pedag\u00f3gica da UEL (2002-2006\/2014-2018). Tem experi\u00eancia na \u00e1rea de Educa\u00e7\u00e3o, com \u00eanfase em Pol\u00edtica Educacional, atuando principalmente nos seguintes temas: pol\u00edticas de amplia\u00e7\u00e3o do tempo e espa\u00e7o escolares; pol\u00edtica educacional contempor\u00e2nea (gest\u00e3o escolar e de sistemas) , educa\u00e7\u00e3o p\u00fablica, forma\u00e7\u00e3o continuada de professores\/as da educa\u00e7\u00e3o b\u00e1sica, tend\u00eancias pedag\u00f3gicas (teoria e pr\u00e1tica). Foi Conselheiro Estadual de Educa\u00e7\u00e3o do Paran\u00e1 de 07\/2007 a 10\/2011.<\/mark><\/p>\n\n\n\n<p class=\"has-text-color\" style=\"color:#727272\"><strong>ORCiD:<\/strong> <a href=\"https:\/\/orcid.org\/0000-0002-8408-6758\">https:\/\/orcid.org\/0000-0002-8408-6758<\/a><\/p>\n\n\n\n<p class=\"has-text-color\" style=\"color:#727272\"><strong>Curr\u00edculo Lattes:<\/strong> <a href=\"http:\/\/lattes.cnpq.br\/7884492845497511\">http:\/\/lattes.cnpq.br\/7884492845497511<\/a><\/p>\n\n\n\n<div style=\"height:100px\" aria-hidden=\"true\" class=\"wp-block-spacer\"><\/div>\n\n\n\n<div class=\"wp-block-media-text alignwide is-stacked-on-mobile is-vertically-aligned-center\" style=\"grid-template-columns:35% auto\"><figure class=\"wp-block-media-text__media\"><img loading=\"lazy\" decoding=\"async\" width=\"768\" height=\"1024\" src=\"https:\/\/sites.uel.br\/ceca\/wp-content\/uploads\/2022\/10\/Lunardelli-1-768x1024.jpg\" alt=\"\" class=\"wp-image-2692 size-full\" srcset=\"https:\/\/sites.uel.br\/ceca\/wp-content\/uploads\/2022\/10\/Lunardelli-1-768x1024.jpg 768w, https:\/\/sites.uel.br\/ceca\/wp-content\/uploads\/2022\/10\/Lunardelli-1-225x300.jpg 225w, https:\/\/sites.uel.br\/ceca\/wp-content\/uploads\/2022\/10\/Lunardelli-1.jpg 960w\" sizes=\"auto, (max-width: 768px) 100vw, 768px\" \/><\/figure><div class=\"wp-block-media-text__content\">\n<div class=\"wp-block-group is-vertical is-layout-flex wp-container-core-group-is-layout-8cf370e7 wp-block-group-is-layout-flex\">\n<div class=\"wp-block-group is-vertical is-layout-flex wp-container-core-group-is-layout-8cf370e7 wp-block-group-is-layout-flex\">\n<p style=\"font-size:25px\"><mark style=\"background-color:rgba(0, 0, 0, 0);color:#00753b\" class=\"has-inline-color\"><strong>Vice Diretora<\/strong><\/mark><\/p>\n\n\n\n<p class=\"has-medium-font-size\"><strong><mark style=\"background-color:rgba(0, 0, 0, 0);color:#727272\" class=\"has-inline-color\">Dra. Rosane Suely Alvares Lunardelli <\/mark><\/strong><\/p>\n<\/div>\n<\/div>\n<\/div><\/div>\n\n\n\n<div style=\"height:60px\" aria-hidden=\"true\" class=\"wp-block-spacer\"><\/div>\n\n\n\n<p class=\"has-text-color\" style=\"color:#727272\">Possui Gradua\u00e7\u00e3o em Biblioteconomia, Mestrado e Doutorado em Estudos da Linguagem pela Universidade Estadual de Londrina &#8211; UEL. P\u00f3s-Doutorado em Ci\u00eancia da Informa\u00e7\u00e3o pela Universidade Federal da Para\u00edba &#8211; UFPB. Professora Associada do Departamento de Ci\u00eancia da Informa\u00e7\u00e3o da UEL. L\u00edder e Pesquisadora Grupo de Pesquisa: Metarrepresenta\u00e7\u00f5es informacionais em Ci\u00eancia da Informa\u00e7\u00e3o. Ministra aulas nos cursos de gradua\u00e7\u00e3o e especializa\u00e7\u00e3o em Arquivologia e Biblioteconomia e no Mestrado e Doutorado em Ci\u00eancia da Informa\u00e7\u00e3o. Atua principalmente nos seguintes temas: Organiza\u00e7\u00e3o\/Representa\u00e7\u00e3o da Informa\u00e7\u00e3o e do Conhecimento; Leitura Document\u00e1ria, An\u00e1lise Document\u00e1ria\/ An\u00e1lise da Informa\u00e7\u00e3o; Incentivo \u00e0 Leitura; Linguagens verbais e n\u00e3o verbais; Lingu\u00edstica Textual; Gest\u00e3o de Arquivos. Literatura de Cordel. Vice-diretora do Centro de Educa\u00e7\u00e3o, Comunica\u00e7\u00e3o e Artes- CECA.<\/p>\n\n\n\n<p class=\"has-text-color\" style=\"color:#727272\"><strong>Curr\u00edculo Lates<\/strong>: <a href=\"http:\/\/lattes.cnpq.br\/6305738943036308\">http:\/\/lattes.cnpq.br\/6305738943036308<\/a><\/p>\n\n\n\n<p class=\"has-text-color\" style=\"color:#727272\"><strong>ORCiD: <\/strong><a href=\"http:\/\/orcid.org\/0000-0002-5405-072X\">http:\/\/orcid.org\/0000-0002-5405-072X<\/a><\/p>\n","protected":false},"excerpt":{"rendered":"<p>Diretor Dr. Edmilson Lenard\u00e3o Possui gradua\u00e7\u00e3o em Pedagogia pela Universidade Estadual de Londrina (1995), mestrado em Educa\u00e7\u00e3o pela Universidade Estadual de Maring\u00e1 (2003). Doutorado em Educa\u00e7\u00e3o na Universidade Estadual de Maring\u00e1 &#8211; UEM (2016). Atualmente \u00e9 professor Adjunto-B da Universidade Estadual de Londrina. Foi Diretor Geral do Col\u00e9gio de Aplica\u00e7\u00e3o Pedag\u00f3gica da UEL (2002-2006\/2014-2018). Tem [&hellip;]<\/p>\n","protected":false},"author":7,"featured_media":0,"parent":0,"menu_order":0,"comment_status":"closed","ping_status":"closed","template":"","meta":{"_acf_changed":false,"footnotes":""},"class_list":["post-15","page","type-page","status-publish","hentry"],"acf":[],"_links":{"self":[{"href":"https:\/\/sites.uel.br\/ceca\/wp-json\/wp\/v2\/pages\/15","targetHints":{"allow":["GET"]}}],"collection":[{"href":"https:\/\/sites.uel.br\/ceca\/wp-json\/wp\/v2\/pages"}],"about":[{"href":"https:\/\/sites.uel.br\/ceca\/wp-json\/wp\/v2\/types\/page"}],"author":[{"embeddable":true,"href":"https:\/\/sites.uel.br\/ceca\/wp-json\/wp\/v2\/users\/7"}],"replies":[{"embeddable":true,"href":"https:\/\/sites.uel.br\/ceca\/wp-json\/wp\/v2\/comments?post=15"}],"version-history":[{"count":14,"href":"https:\/\/sites.uel.br\/ceca\/wp-json\/wp\/v2\/pages\/15\/revisions"}],"predecessor-version":[{"id":2693,"href":"https:\/\/sites.uel.br\/ceca\/wp-json\/wp\/v2\/pages\/15\/revisions\/2693"}],"wp:attachment":[{"href":"https:\/\/sites.uel.br\/ceca\/wp-json\/wp\/v2\/media?parent=15"}],"curies":[{"name":"wp","href":"https:\/\/api.w.org\/{rel}","templated":true}]}}

Direção

<hr class="wp-block-separator has-text-color has-white-color has-css-opacity has-white-background-color has-background is-style-dots"/>



<div class="wp-block-media-text alignwide is-stacked-on-mobile" style="grid-template-columns:38% auto"><figure class="wp-block-media-text__media"><img loading="lazy" decoding="async" width="668" height="1024" src="https://sites.uel.br/ceca/wp-content/uploads/2022/10/Edmilson-668x1024.jpg" alt="" class="wp-image-2669 size-full" srcset="https://sites.uel.br/ceca/wp-content/uploads/2022/10/Edmilson-668x1024.jpg 668w, https://sites.uel.br/ceca/wp-content/uploads/2022/10/Edmilson-196x300.jpg 196w, https://sites.uel.br/ceca/wp-content/uploads/2022/10/Edmilson-768x1177.jpg 768w, https://sites.uel.br/ceca/wp-content/uploads/2022/10/Edmilson-1002x1536.jpg 1002w, https://sites.uel.br/ceca/wp-content/uploads/2022/10/Edmilson-1336x2048.jpg 1336w, https://sites.uel.br/ceca/wp-content/uploads/2022/10/Edmilson.jpg 1511w" sizes="auto, (max-width: 668px) 100vw, 668px" /></figure><div class="wp-block-media-text__content">
<p style="font-size:25px"><mark style="background-color:rgba(0, 0, 0, 0);color:#00753b" class="has-inline-color"><strong>Diretor</strong></mark></p>



<p class="has-medium-font-size"><strong><mark style="background-color:rgba(0, 0, 0, 0);color:#727272" class="has-inline-color">Dr. Edmilson Lenardão</mark></strong></p>
</div></div>



<div style="height:60px" aria-hidden="true" class="wp-block-spacer"></div>



<p><mark style="background-color:rgba(0, 0, 0, 0);color:#727272" class="has-inline-color">Possui graduação em Pedagogia pela Universidade Estadual de Londrina (1995), mestrado em Educação pela Universidade Estadual de Maringá (2003). Doutorado em Educação na Universidade Estadual de Maringá &#8211; UEM (2016). Atualmente é professor Adjunto-B da Universidade Estadual de Londrina. Foi Diretor Geral do Colégio de Aplicação Pedagógica da UEL (2002-2006/2014-2018). Tem experiência na área de Educação, com ênfase em Política Educacional, atuando principalmente nos seguintes temas: políticas de ampliação do tempo e espaço escolares; política educacional contemporânea (gestão escolar e de sistemas) , educação pública, formação continuada de professores/as da educação básica, tendências pedagógicas (teoria e prática). Foi Conselheiro Estadual de Educação do Paraná de 07/2007 a 10/2011.</mark></p>



<p class="has-text-color" style="color:#727272"><strong>ORCiD:</strong> <a href="https://orcid.org/0000-0002-8408-6758">https://orcid.org/0000-0002-8408-6758</a></p>



<p class="has-text-color" style="color:#727272"><strong>Currículo Lattes:</strong> <a href="http://lattes.cnpq.br/7884492845497511">http://lattes.cnpq.br/7884492845497511</a></p>



<div style="height:100px" aria-hidden="true" class="wp-block-spacer"></div>



<div class="wp-block-media-text alignwide is-stacked-on-mobile is-vertically-aligned-center" style="grid-template-columns:35% auto"><figure class="wp-block-media-text__media"><img loading="lazy" decoding="async" width="768" height="1024" src="https://sites.uel.br/ceca/wp-content/uploads/2022/10/Lunardelli-1-768x1024.jpg" alt="" class="wp-image-2692 size-full" srcset="https://sites.uel.br/ceca/wp-content/uploads/2022/10/Lunardelli-1-768x1024.jpg 768w, https://sites.uel.br/ceca/wp-content/uploads/2022/10/Lunardelli-1-225x300.jpg 225w, https://sites.uel.br/ceca/wp-content/uploads/2022/10/Lunardelli-1.jpg 960w" sizes="auto, (max-width: 768px) 100vw, 768px" /></figure><div class="wp-block-media-text__content">
<div class="wp-block-group is-vertical is-layout-flex wp-container-core-group-is-layout-8cf370e7 wp-block-group-is-layout-flex">
<div class="wp-block-group is-vertical is-layout-flex wp-container-core-group-is-layout-8cf370e7 wp-block-group-is-layout-flex">
<p style="font-size:25px"><mark style="background-color:rgba(0, 0, 0, 0);color:#00753b" class="has-inline-color"><strong>Vice Diretora</strong></mark></p>



<p class="has-medium-font-size"><strong><mark style="background-color:rgba(0, 0, 0, 0);color:#727272" class="has-inline-color">Dra. Rosane Suely Alvares Lunardelli </mark></strong></p>
</div>
</div>
</div></div>



<div style="height:60px" aria-hidden="true" class="wp-block-spacer"></div>



<p class="has-text-color" style="color:#727272">Possui Graduação em Biblioteconomia, Mestrado e Doutorado em Estudos da Linguagem pela Universidade Estadual de Londrina &#8211; UEL. Pós-Doutorado em Ciência da Informação pela Universidade Federal da Paraíba &#8211; UFPB. Professora Associada do Departamento de Ciência da Informação da UEL. Líder e Pesquisadora Grupo de Pesquisa: Metarrepresentações informacionais em Ciência da Informação. Ministra aulas nos cursos de graduação e especialização em Arquivologia e Biblioteconomia e no Mestrado e Doutorado em Ciência da Informação. Atua principalmente nos seguintes temas: Organização/Representação da Informação e do Conhecimento; Leitura Documentária, Análise Documentária/ Análise da Informação; Incentivo à Leitura; Linguagens verbais e não verbais; Linguística Textual; Gestão de Arquivos. Literatura de Cordel. Vice-diretora do Centro de Educação, Comunicação e Artes- CECA.</p>



<p class="has-text-color" style="color:#727272"><strong>Currículo Lates</strong>: <a href="http://lattes.cnpq.br/6305738943036308">http://lattes.cnpq.br/6305738943036308</a></p>



<p class="has-text-color" style="color:#727272"><strong>ORCiD: </strong><a href="http://orcid.org/0000-0002-5405-072X">http://orcid.org/0000-0002-5405-072X</a></p>

<p>Diretor Dr. Edmilson Lenardão Possui graduação em Pedagogia pela Universidade Estadual de Londrina (1995), mestrado em Educação pela Universidade Estadual de Maringá (2003). Doutorado em Educação na Universidade Estadual de Maringá &#8211; UEM (2016). Atualmente é professor Adjunto-B da Universidade Estadual de Londrina. Foi Diretor Geral do Colégio de Aplicação Pedagógica da UEL (2002-2006/2014-2018). Tem [&hellip;]</p>
