{"id":14,"date":"2021-03-29T14:52:49","date_gmt":"2021-03-29T17:52:49","guid":{"rendered":"https:\/\/sites.uel.br\/ceca\/?page_id=14"},"modified":"2023-05-15T15:49:34","modified_gmt":"2023-05-15T18:49:34","slug":"contatos","status":"publish","type":"page","link":"https:\/\/sites.uel.br\/ceca\/contatos\/","title":{"rendered":"Contatos"},"content":{"rendered":"\n<div style=\"height:60px\" aria-hidden=\"true\" class=\"wp-block-spacer\"><\/div>\n\n\n\n<p class=\"has-text-color\" style=\"color:#00753b\"><strong>Secretaria Geral do CECA<\/strong><\/p>\n\n\n\n<p class=\"has-text-color\" style=\"color:#727272\">ceca@uel.br<br>Tel.: (43) 3371-4308<\/p>\n\n\n\n<div style=\"height:60px\" aria-hidden=\"true\" class=\"wp-block-spacer\"><\/div>\n\n\n\n<p class=\"has-text-color\" style=\"color:#00753b\"><strong>Dire\u00e7\u00e3o do CECA<\/strong><\/p>\n\n\n\n<p class=\"has-text-color\" style=\"color:#727272\">direcao.ceca@uel.br<br>Tel. (Dire\u00e7\u00e3o).: (43) 3371-4820<\/p>\n\n\n\n<div style=\"height:60px\" aria-hidden=\"true\" class=\"wp-block-spacer\"><\/div>\n\n\n\n<p class=\"has-text-color\" style=\"color:#00753b\"><strong>Vice-Dire\u00e7\u00e3o do CECA<\/strong><\/p>\n\n\n\n<p class=\"has-text-color\" style=\"color:#727272\">vicedirecao.ceca@uel.br<br>Tel. (Vice-Dire\u00e7\u00e3o).: (43) 3371-4069<\/p>\n\n\n\n<div style=\"height:60px\" aria-hidden=\"true\" class=\"wp-block-spacer\"><\/div>\n\n\n\n<p class=\"has-text-color\" style=\"color:#00753b\"><strong>Secretaria Executiva<\/strong><\/p>\n\n\n\n<p class=\"has-text-color\" style=\"color:#727272\">ceca@uel.br<br>Tel.: (43) 3371-4318<\/p>\n\n\n\n<div style=\"height:60px\" aria-hidden=\"true\" class=\"wp-block-spacer\"><\/div>\n\n\n\n<p class=\"has-text-color\" style=\"color:#00753b\"><strong>Se\u00e7\u00e3o de Or\u00e7amentos<\/strong><\/p>\n\n\n\n<p class=\"has-text-color\" style=\"color:#727272\">saad.ceca@uel.br<br>Tel.: (43) 3371-4659<\/p>\n\n\n\n<div style=\"height:60px\" aria-hidden=\"true\" class=\"wp-block-spacer\"><\/div>\n\n\n\n<p class=\"has-text-color\" style=\"color:#00753b\"><strong>Se\u00e7\u00e3o Acad\u00eamica<\/strong><\/p>\n\n\n\n<p class=\"has-text-color\" style=\"color:#727272\">Tel.: (43) 3371-4075<\/p>\n\n\n\n<div style=\"height:60px\" aria-hidden=\"true\" class=\"wp-block-spacer\"><\/div>\n\n\n\n<p class=\"has-text-color\" style=\"color:#00753b\"><strong>Secretaria de P\u00f3s-Gradua\u00e7\u00e3o (Especializa\u00e7\u00e3o)<\/strong><\/p>\n\n\n\n<p class=\"has-text-color\" style=\"color:#727272\">spgceca@uel.br<br>Tel.: (43) 3371-4665<\/p>\n\n\n\n<div style=\"height:60px\" aria-hidden=\"true\" class=\"wp-block-spacer\"><\/div>\n\n\n\n<p class=\"has-text-color\" style=\"color:#00753b\"><strong>Setor de Administra\u00e7\u00e3o Predial<\/strong><\/p>\n\n\n\n<p class=\"has-text-color has-medium-font-size\" style=\"color:#727272\">Tel.: (43) 3371-4308<\/p>\n\n\n\n<div style=\"height:60px\" aria-hidden=\"true\" class=\"wp-block-spacer\"><\/div>\n\n\n\n<p class=\"has-text-color\" style=\"color:#00753b\"><strong>Setor de Suporte a Tecnologia<\/strong><\/p>\n\n\n\n<p class=\"has-text-color\" style=\"color:#727272\">jeancampos@uel.br<br>Tel.: (43) 3371-4308<\/p>\n\n\n\n<div style=\"height:60px\" aria-hidden=\"true\" class=\"wp-block-spacer\"><\/div>\n\n\n\n<p class=\"has-text-color\" style=\"color:#00753b\"><strong>Copa<\/strong><\/p>\n\n\n\n<p class=\"has-text-color\" style=\"color:#727272\">Tel.: (43) 3371-4070<\/p>\n","protected":false},"excerpt":{"rendered":"<p>Secretaria Geral do CECA ceca@uel.brTel.: (43) 3371-4308 Dire\u00e7\u00e3o do CECA direcao.ceca@uel.brTel. (Dire\u00e7\u00e3o).: (43) 3371-4820 Vice-Dire\u00e7\u00e3o do CECA vicedirecao.ceca@uel.brTel. (Vice-Dire\u00e7\u00e3o).: (43) 3371-4069 Secretaria Executiva ceca@uel.brTel.: (43) 3371-4318 Se\u00e7\u00e3o de Or\u00e7amentos saad.ceca@uel.brTel.: (43) 3371-4659 Se\u00e7\u00e3o Acad\u00eamica Tel.: (43) 3371-4075 Secretaria de P\u00f3s-Gradua\u00e7\u00e3o (Especializa\u00e7\u00e3o) spgceca@uel.brTel.: (43) 3371-4665 Setor de Administra\u00e7\u00e3o Predial Tel.: (43) 3371-4308 Setor de Suporte a [&hellip;]<\/p>\n","protected":false},"author":7,"featured_media":0,"parent":0,"menu_order":0,"comment_status":"closed","ping_status":"closed","template":"","meta":{"_acf_changed":false,"footnotes":""},"class_list":["post-14","page","type-page","status-publish","hentry"],"acf":[],"_links":{"self":[{"href":"https:\/\/sites.uel.br\/ceca\/wp-json\/wp\/v2\/pages\/14","targetHints":{"allow":["GET"]}}],"collection":[{"href":"https:\/\/sites.uel.br\/ceca\/wp-json\/wp\/v2\/pages"}],"about":[{"href":"https:\/\/sites.uel.br\/ceca\/wp-json\/wp\/v2\/types\/page"}],"author":[{"embeddable":true,"href":"https:\/\/sites.uel.br\/ceca\/wp-json\/wp\/v2\/users\/7"}],"replies":[{"embeddable":true,"href":"https:\/\/sites.uel.br\/ceca\/wp-json\/wp\/v2\/comments?post=14"}],"version-history":[{"count":6,"href":"https:\/\/sites.uel.br\/ceca\/wp-json\/wp\/v2\/pages\/14\/revisions"}],"predecessor-version":[{"id":5487,"href":"https:\/\/sites.uel.br\/ceca\/wp-json\/wp\/v2\/pages\/14\/revisions\/5487"}],"wp:attachment":[{"href":"https:\/\/sites.uel.br\/ceca\/wp-json\/wp\/v2\/media?parent=14"}],"curies":[{"name":"wp","href":"https:\/\/api.w.org\/{rel}","templated":true}]}}

<div style="height:60px" aria-hidden="true" class="wp-block-spacer"></div>



<p class="has-text-color" style="color:#00753b"><strong>Secretaria Geral do CECA</strong></p>



<p class="has-text-color" style="color:#727272">ceca@uel.br<br>Tel.: (43) 3371-4308</p>



<div style="height:60px" aria-hidden="true" class="wp-block-spacer"></div>



<p class="has-text-color" style="color:#00753b"><strong>Direção do CECA</strong></p>



<p class="has-text-color" style="color:#727272">direcao.ceca@uel.br<br>Tel. (Direção).: (43) 3371-4820</p>



<div style="height:60px" aria-hidden="true" class="wp-block-spacer"></div>



<p class="has-text-color" style="color:#00753b"><strong>Vice-Direção do CECA</strong></p>



<p class="has-text-color" style="color:#727272">vicedirecao.ceca@uel.br<br>Tel. (Vice-Direção).: (43) 3371-4069</p>



<div style="height:60px" aria-hidden="true" class="wp-block-spacer"></div>



<p class="has-text-color" style="color:#00753b"><strong>Secretaria Executiva</strong></p>



<p class="has-text-color" style="color:#727272">ceca@uel.br<br>Tel.: (43) 3371-4318</p>



<div style="height:60px" aria-hidden="true" class="wp-block-spacer"></div>



<p class="has-text-color" style="color:#00753b"><strong>Seção de Orçamentos</strong></p>



<p class="has-text-color" style="color:#727272">saad.ceca@uel.br<br>Tel.: (43) 3371-4659</p>



<div style="height:60px" aria-hidden="true" class="wp-block-spacer"></div>



<p class="has-text-color" style="color:#00753b"><strong>Seção Acadêmica</strong></p>



<p class="has-text-color" style="color:#727272">Tel.: (43) 3371-4075</p>



<div style="height:60px" aria-hidden="true" class="wp-block-spacer"></div>



<p class="has-text-color" style="color:#00753b"><strong>Secretaria de Pós-Graduação (Especialização)</strong></p>



<p class="has-text-color" style="color:#727272">spgceca@uel.br<br>Tel.: (43) 3371-4665</p>



<div style="height:60px" aria-hidden="true" class="wp-block-spacer"></div>



<p class="has-text-color" style="color:#00753b"><strong>Setor de Administração Predial</strong></p>



<p class="has-text-color has-medium-font-size" style="color:#727272">Tel.: (43) 3371-4308</p>



<div style="height:60px" aria-hidden="true" class="wp-block-spacer"></div>



<p class="has-text-color" style="color:#00753b"><strong>Setor de Suporte a Tecnologia</strong></p>



<p class="has-text-color" style="color:#727272">jeancampos@uel.br<br>Tel.: (43) 3371-4308</p>



<div style="height:60px" aria-hidden="true" class="wp-block-spacer"></div>



<p class="has-text-color" style="color:#00753b"><strong>Copa</strong></p>



<p class="has-text-color" style="color:#727272">Tel.: (43) 3371-4070</p>

<p>Secretaria Geral do CECA ceca@uel.brTel.: (43) 3371-4308 Direção do CECA direcao.ceca@uel.brTel. (Direção).: (43) 3371-4820 Vice-Direção do CECA vicedirecao.ceca@uel.brTel. (Vice-Direção).: (43) 3371-4069 Secretaria Executiva ceca@uel.brTel.: (43) 3371-4318 Seção de Orçamentos saad.ceca@uel.brTel.: (43) 3371-4659 Seção Acadêmica Tel.: (43) 3371-4075 Secretaria de Pós-Graduação (Especialização) spgceca@uel.brTel.: (43) 3371-4665 Setor de Administração Predial Tel.: (43) 3371-4308 Setor de Suporte a [&hellip;]</p>
