{"id":23,"date":"2021-03-29T18:29:08","date_gmt":"2021-03-29T21:29:08","guid":{"rendered":"https:\/\/sites.uel.br\/ccs\/?page_id=23"},"modified":"2025-10-06T10:17:35","modified_gmt":"2025-10-06T13:17:35","slug":"contatos","status":"publish","type":"page","link":"https:\/\/sites.uel.br\/ccs\/contatos\/","title":{"rendered":"Contatos"},"content":{"rendered":"\n<p><strong>Secretaria Geral<\/strong><br>Secret\u00e1ria Executiva:  Telefone: 43 3371-2903.&nbsp;E-mail: <a href=\"mailto:aron@uel.br\" target=\"_blank\" rel=\"noreferrer noopener\">dirsec@uel.br<\/a><\/p>\n\n\n\n<p><strong>Se\u00e7\u00e3o de<\/strong>&nbsp;<strong>Apoio Financeiro<\/strong>\/ <strong>Se\u00e7\u00e3o de<\/strong>&nbsp;<strong>Apoio Acad\u00eamico<\/strong>\/<strong> Reserva de Salas&nbsp;<\/strong><br> Telefone: 43 3371-2904. E-mail: <a href=\"mailto:eron@uel.br\" target=\"_blank\" rel=\"noreferrer noopener\">orcamentoccs@uel.br<\/a><\/p>\n\n\n\n<p> Telefone: 43 3371-2904 E-mail: <a href=\"mailto:academicaccs@uel.br\" target=\"_blank\" rel=\"noreferrer noopener\">academicaccs@uel.br<\/a><\/p>\n\n\n\n<p> Telefone: 43 3371-2905. E-mail: <a href=\"mailto:eron@uel.br\" target=\"_blank\" rel=\"noreferrer noopener\">reservadesalaccs@uel.br<\/a><\/p>\n\n\n\n<p><strong>Setor de Tecnologia da Informa\u00e7\u00e3o (TI)<\/strong><br>Telefone:&nbsp;43 3371-2946\/ 2947. E-mail:<a href=\"mailto:rotunno@uel.br\" target=\"_blank\" rel=\"noreferrer noopener\"> acarlos@uel.br, ccs-informatica@uel.br<\/a><\/p>\n\n\n\n<p><strong>Secretaria de P\u00f3s-Gradua\u00e7\u00e3o<\/strong> <strong>(Mestrado e Doutorado)<\/strong><br> Telefone:&nbsp;43 3371-2906. E-mail: <a href=\"mailto:aron@uel.br\" target=\"_blank\" rel=\"noreferrer noopener\">spgccs@uel.br<\/a><\/p>\n\n\n\n<p><strong>Secretaria dos Cursos de Resid\u00eancia<\/strong><br> Telefone:&nbsp;43 3371-2278. E-mail: <a href=\"mailto:aron@uel.br\" target=\"_blank\" rel=\"noreferrer noopener\">residenciahu@uel.br<\/a><\/p>\n\n\n\n<p><strong>Setor de<\/strong>&nbsp;<strong>Administra\u00e7\u00e3o Predial<\/strong><br>Telefone: 43 3371-2934. E-mail: <a href=\"mailto:predialccs@uel.br\" target=\"_blank\" rel=\"noreferrer noopener\">predialccs@uel.br<\/a><\/p>\n\n\n\n<p><strong>Biblioteca Setorial do CCS<\/strong><br> Telefone: 43 3371-2951\/ 2952\/ 2953\u2013 E-mail:<a href=\"mailto:aron@uel.br\" target=\"_blank\" rel=\"noreferrer noopener\">\u00a0biblioteca.ccs@uel.br, rinaldorodrigues@uel.br<\/a><\/p>\n\n\n\n<p><\/p>\n\n\n\n<p><strong>Copa<\/strong><br>Telefone: 43 3371-2399 <\/p>\n\n\n\n<figure class=\"wp-block-table\"><table class=\"has-fixed-layout\"><tbody><tr><td colspan=\"2\"><strong>CENTRO DE CI\u00caNCIAS DA SA\u00daDE &#8211; CCS<\/strong><\/td><\/tr><tr><td><strong>PRINCIPAL<\/strong><\/td><td><strong>(43) 3371-2900<\/strong><\/td><\/tr><tr><td>DIRE\u00c7\u00c3O<\/td><td>2901<\/td><\/tr><tr><td>VICE-DIRE\u00c7\u00c3O<\/td><td>2902<\/td><\/tr><tr><td>SECRETARIA EXECUTIVA<\/td><td>2903<\/td><\/tr><tr><td>ADMINISTRATIVO<\/td><td>2904<\/td><\/tr><tr><td>ACAD\u00caMICO<\/td><td>2905<\/td><\/tr><tr><td>P\u00d3S-GRADUA\u00c7\u00c3O<\/td><td>2906<\/td><\/tr><tr><td>PREDIAL<\/td><td>2934<\/td><\/tr><tr><td>INFORM\u00c1TICA<\/td><td>2946 \/ 2947<\/td><\/tr><tr><td>TELEMEDICINA &#8211; VIDEOCONFER\u00caNCIA<\/td><td>2948 \/ 2949<\/td><\/tr><tr><td>ANFITEATRO<\/td><td>2950<\/td><\/tr><tr><td colspan=\"2\"><strong>DEPARTAMENTO DE ENFERMAGEM<\/strong><\/td><\/tr><tr><td>CHEFIA<\/td><td>2907<\/td><\/tr><tr><td>SECRETARIA<\/td><td>2908<\/td><\/tr><tr><td>COLEGIADO<\/td><td>2909<\/td><\/tr><tr><td colspan=\"2\"><strong>DEPARTAMENTO DE GINECOLOGIA E OBSTETR\u00cdCIA<\/strong><\/td><\/tr><tr><td>CHEFIA<\/td><td>2910<\/td><\/tr><tr><td>SECRETARIA<\/td><td>2911<\/td><\/tr><tr><td colspan=\"2\"><strong>DEPARTAMENTO DE CL\u00cdNICA CIR\u00daRGICA<\/strong><\/td><\/tr><tr><td>CHEFIA<\/td><td>2912<\/td><\/tr><tr><td>SECRETARIA<\/td><td>2913<\/td><\/tr><tr><td>LABORAT\u00d3RIO DE PESQUISA<\/td><td>2914<\/td><\/tr><tr><td colspan=\"2\"><strong>DEPARTAMENTO DE CL\u00cdNICA M\u00c9DICA<\/strong><\/td><\/tr><tr><td>CHEFIA<\/td><td>2915<\/td><\/tr><tr><td>SECRETARIA<\/td><td>2916<\/td><\/tr><tr><td colspan=\"2\"><strong>DEPARTAMENTO DE SA\u00daDE COLETIVA<\/strong><\/td><\/tr><tr><td>CHEFIA<\/td><td>2917<\/td><\/tr><tr><td>SECRETARIA<\/td><td>2918<\/td><\/tr><tr><td colspan=\"2\"><strong>DEPARTAMENTO DE CI\u00caNCIAS FARMAC\u00caUTICAS<\/strong><\/td><\/tr><tr><td>CHEFIA \/ SECRETARIA<\/td><td>2919<\/td><\/tr><tr><td>SALA DOCENTES<\/td><td>2920<\/td><\/tr><tr><td colspan=\"2\"><strong>DEPARTAMENTO DE FISIOTERAPIA<\/strong><\/td><\/tr><tr><td>CHEFIA<\/td><td>2921<\/td><\/tr><tr><td>SECRETARIA<\/td><td>2922<\/td><\/tr><tr><td>SALA DOCENTES<\/td><td>2923<\/td><\/tr><tr><td>COLEGIADO<\/td><td>2924<\/td><\/tr><tr><td colspan=\"2\"><strong>DEPARTAMENTO DE&nbsp;PATOLOGIA, AN\u00c1LISES CL\u00cdNICAS E TOXICOL\u00d3GICAS<\/strong><\/td><\/tr><tr><td>CHEFIA<\/td><td>2925<\/td><\/tr><tr><td>SECRETARIA<\/td><td>2926<\/td><\/tr><tr><td colspan=\"2\"><strong>DEPARTAMENTO DE PEDIATRIA E CIRURGIA PEDI\u00c1TRICA<\/strong><\/td><\/tr><tr><td>CHEFIA \/&nbsp;SECRETARIA<\/td><td>2927<\/td><\/tr><tr><td>SALA DOCENTES<\/td><td>2928<\/td><\/tr><tr><td colspan=\"2\"><strong>COLEGIADO DE MEDICINA<\/strong><\/td><\/tr><tr><td>RECEP\u00c7\u00c3O<\/td><td>2929<\/td><\/tr><tr><td>SECRETARIA 1<\/td><td>2930<\/td><\/tr><tr><td>SECRETARIA 2<\/td><td>2931<\/td><\/tr><tr><td>COORDENA\u00c7\u00c3O<\/td><td>2932<\/td><\/tr><tr><td>VICE-COORDENA\u00c7\u00c3O<\/td><td>2933<\/td><\/tr><tr><td colspan=\"2\"><strong>COLEGIADO DE NUTRI\u00c7\u00c3O E FARM\u00c1CIA<\/strong><\/td><\/tr><tr><td>SECRETARIA<\/td><td>2935<\/td><\/tr><tr><td colspan=\"2\"><strong>LABORAT\u00d3RIOS<\/strong><\/td><\/tr><tr><td>LABORAT\u00d3RIO FISIO PULMONAR<\/td><td>2936<\/td><\/tr><tr><td>LABORAT\u00d3RIO FISIO ELETROMIOGRAFIA<\/td><td>2937<\/td><\/tr><tr><td>LABORAT\u00d3RIO T\u00c9CNICA CIR\u00daRGICA<\/td><td>2940<\/td><\/tr><tr><td>LABORAT\u00d3RIO ENFERMAGEM LITE<\/td><td>2941<\/td><\/tr><tr><td>LABORAT\u00d3RIO DE AN\u00c1LISE DO MOVIMENTO HUMANO<\/td><td>2942<\/td><\/tr><tr><td>LABORAT\u00d3RIO CI\u00caNCIAS DA SA\u00daDE PESQUISA<\/td><td>2943<\/td><\/tr><tr><td>LABORAT\u00d3RIO NUTRI\u00c7\u00c3O<\/td><td>2965<\/td><\/tr><tr><td>LABORAT\u00d3RIO FARM\u00c1CIA<\/td><td>2966<\/td><\/tr><tr><td colspan=\"2\"><strong>P\u00d3S-GRADUA\u00c7\u00c3O<\/strong><\/td><\/tr><tr><td>ENFERMAGEM &#8211; COORDENA\u00c7\u00c3O<\/td><td>2944<\/td><\/tr><tr><td>CI\u00caNCIA DA REABILITA\u00c7\u00c3O &#8211; COORDENA\u00c7\u00c3O<\/td><td>2945<\/td><\/tr><tr><td colspan=\"2\"><strong>BIBLIOTECA<\/strong><\/td><\/tr><tr><td>CHEFIA ADMINISTRA\u00c7\u00c3O<\/td><td>2951<\/td><\/tr><tr><td>BALC\u00c3O DE ATENDIMENTO<\/td><td>2952<\/td><\/tr><tr><td>SERVI\u00c7OS INTERNOS<\/td><td>2953<\/td><\/tr><\/tbody><\/table><\/figure>\n\n\n\n<p><strong>Colegiados<\/strong><\/p>\n\n\n\n<figure class=\"wp-block-table\"><table><tbody><tr><td>Colegiado de Enfermagem<\/td><td><a rel=\"noreferrer noopener\" href=\"mailto:aron@uel.br\" target=\"_blank\">colenfermagem@uel.br<\/a><\/td><td>(43) 3371-2909<\/td><\/tr><tr><td>Colegiado de Farm\u00e1cia<\/td><td><a href=\"mailto:aron@uel.br\" target=\"_blank\" rel=\"noreferrer noopener\">colfarmacia@uel.br<\/a><br><\/td><td>(43) 3371-2935<\/td><\/tr><tr><td>Colegiado de Fisioterapia<\/td><td><a rel=\"noreferrer noopener\" href=\"mailto:aron@uel.br\" target=\"_blank\">colfit@uel.br<\/a><\/td><td>(43) 3371-2924<\/td><\/tr><tr><td>Colegiado de Medicina<\/td><td><a rel=\"noreferrer noopener\" href=\"mailto:aron@uel.br\" target=\"_blank\">colmedicina@uel.br<\/a><\/td><td>(43) 3371-2929\/ 2930\/ 2931\/ 2932\/ 2933<\/td><\/tr><tr><td>Colegiado de Nutri\u00e7\u00e3o<\/td><td><a rel=\"noreferrer noopener\" href=\"mailto:aron@uel.br\" target=\"_blank\">colnutri@uel.br<\/a><\/td><td>(43) 3371-2935<\/td><\/tr><tr><td>Colegiado de Odontologia<\/td><td><a rel=\"noreferrer noopener\" href=\"mailto:aron@uel.br\" target=\"_blank\">odontologia@uel.br<\/a><\/td><td><\/td><\/tr><\/tbody><\/table><\/figure>\n\n\n\n<p><strong>Departamentos<\/strong><\/p>\n\n\n\n<figure class=\"wp-block-table\"><table><tbody><tr><td>Departamento de Cl\u00ednica Cir\u00fargica<\/td><td><a rel=\"noreferrer noopener\" href=\"mailto:aron@uel.br\" target=\"_blank\">cir@uel.br<\/a><\/td><td>(43) 3371-2212 \/ 2913 \/2914<\/td><\/tr><tr><td>Departamento de Cl\u00ednica M\u00e9dica<\/td><td><a rel=\"noreferrer noopener\" href=\"mailto:aron@uel.br\" target=\"_blank\">cmed@uel.br<\/a><\/td><td>(43) 3371-2915 \/2916<\/td><\/tr><tr><td>Departamento de Ci\u00eancias Farmac\u00eauticas<\/td><td><a rel=\"noreferrer noopener\" href=\"mailto:aron@uel.br\" target=\"_blank\">dcf@uel.br<\/a><\/td><td>(43) 3371-2919 \/2920<\/td><\/tr><tr><td>Departamento de Enfermagem<\/td><td><a rel=\"noreferrer noopener\" href=\"mailto:aron@uel.br\" target=\"_blank\">enfermagem@uel.br<\/a><\/td><td>(43) 3371-2907 \/2908 \/2909<\/td><\/tr><tr><td>Departamento de Fisioterapia<\/td><td><a rel=\"noreferrer noopener\" href=\"mailto:aron@uel.br\" target=\"_blank\">fisio@uel.br<\/a><\/td><td>(43) 3371-2921 \/2922 \/2923 <\/td><\/tr><tr><td>Departamento de Ginecologia e Obstetr\u00edcia<\/td><td><a rel=\"noreferrer noopener\" href=\"mailto:aron@uel.br\" target=\"_blank\">dgo@uel.br<\/a><\/td><td>(43) 3371-2910\/ 2911<\/td><\/tr><tr><td>Departamento de Medicina Oral e Odontologia Infantil<\/td><td><a rel=\"noreferrer noopener\" href=\"mailto:aron@uel.br\" target=\"_blank\">mooi@uel.br<\/a><\/td><td>(43) 3371-6753<\/td><\/tr><tr><td>Departamento de Odontologia Restauradora<\/td><td><a rel=\"noreferrer noopener\" href=\"mailto:aron@uel.br\" target=\"_blank\">dpto_odo@uel.br<\/a><\/td><td>(43) 3371-6750<\/td><\/tr><tr><td>Departamento de Pediatria e Cirurgia Pedi\u00e1trica<\/td><td><a rel=\"noreferrer noopener\" href=\"mailto:aron@uel.br\" target=\"_blank\">dpcp@uel.br<\/a><\/td><td>(43) 3371-2274 \/ 3371-2456<\/td><\/tr><tr><td>Departamento de Patologia, An\u00e1lises Cl\u00ednicas e Toxicol\u00f3gicas<\/td><td><a rel=\"noreferrer noopener\" href=\"mailto:aron@uel.br\" target=\"_blank\">pac@uel.br<\/a><\/td><td>(43) 3371-2925 \/2926 <\/td><\/tr><tr><td>Departamento de Sa\u00fade Coletiva<\/td><td><a rel=\"noreferrer noopener\" href=\"mailto:aron@uel.br\" target=\"_blank\">desc@uel.br<\/a><\/td><td>(43) 3371-2917 \/2918<\/td><\/tr><\/tbody><\/table><\/figure>\n\n\n\n<p><strong>Telefones Complementares Hospital Universit\u00e1rio (HU)<\/strong><\/p>\n\n\n\n<div class=\"wp-block-columns is-layout-flex wp-container-core-columns-is-layout-9d6595d7 wp-block-columns-is-layout-flex\">\n<div class=\"wp-block-column is-layout-flow wp-block-column-is-layout-flow\" style=\"flex-basis:100%\">\n<figure class=\"wp-block-table is-style-regular\"><table><tbody><tr><td>HUTEC<\/td><td>(43) 3325-0724 \/ 3334 -0145<\/td><\/tr><tr><td>SESMT\/ HU \u2013 Medicina do Trabalho e Sa\u00fade Ocupacional<\/td><td>(43) 3371-2774<\/td><\/tr><tr><td>SEBEC \u2013 Servi\u00e7o Social<\/td><td>(43) 3371-2377 \/ 3371-2718<\/td><\/tr><\/tbody><\/table><\/figure>\n<\/div>\n<\/div>\n\n\n\n<p><\/p>\n\n\n\n<p><strong>Endere\u00e7o do Centro de Ci\u00eancias de Sa\u00fade (CCS)<\/strong><br>Av. Robert Kock, 60 \u2013 Vila Oper\u00e1ria. CEP: 86038-350. Londrina- PR.<\/p>\n","protected":false},"excerpt":{"rendered":"<p>Secretaria GeralSecret\u00e1ria Executiva: Telefone: 43 3371-2903.&nbsp;E-mail: dirsec@uel.br Se\u00e7\u00e3o de&nbsp;Apoio Financeiro\/ Se\u00e7\u00e3o de&nbsp;Apoio Acad\u00eamico\/ Reserva de Salas&nbsp; Telefone: 43 3371-2904. E-mail: orcamentoccs@uel.br Telefone: 43 3371-2904 E-mail: academicaccs@uel.br Telefone: 43 3371-2905. E-mail: reservadesalaccs@uel.br Setor de Tecnologia da Informa\u00e7\u00e3o (TI)Telefone:&nbsp;43 3371-2946\/ 2947. E-mail: acarlos@uel.br, ccs-informatica@uel.br Secretaria de P\u00f3s-Gradua\u00e7\u00e3o (Mestrado e Doutorado) Telefone:&nbsp;43 3371-2906. E-mail: spgccs@uel.br Secretaria dos Cursos [&hellip;]<\/p>\n","protected":false},"author":7,"featured_media":0,"parent":0,"menu_order":0,"comment_status":"closed","ping_status":"closed","template":"","meta":{"_acf_changed":false,"footnotes":""},"class_list":["post-23","page","type-page","status-publish","hentry"],"acf":[],"_links":{"self":[{"href":"https:\/\/sites.uel.br\/ccs\/wp-json\/wp\/v2\/pages\/23","targetHints":{"allow":["GET"]}}],"collection":[{"href":"https:\/\/sites.uel.br\/ccs\/wp-json\/wp\/v2\/pages"}],"about":[{"href":"https:\/\/sites.uel.br\/ccs\/wp-json\/wp\/v2\/types\/page"}],"author":[{"embeddable":true,"href":"https:\/\/sites.uel.br\/ccs\/wp-json\/wp\/v2\/users\/7"}],"replies":[{"embeddable":true,"href":"https:\/\/sites.uel.br\/ccs\/wp-json\/wp\/v2\/comments?post=23"}],"version-history":[{"count":33,"href":"https:\/\/sites.uel.br\/ccs\/wp-json\/wp\/v2\/pages\/23\/revisions"}],"predecessor-version":[{"id":2915,"href":"https:\/\/sites.uel.br\/ccs\/wp-json\/wp\/v2\/pages\/23\/revisions\/2915"}],"wp:attachment":[{"href":"https:\/\/sites.uel.br\/ccs\/wp-json\/wp\/v2\/media?parent=23"}],"curies":[{"name":"wp","href":"https:\/\/api.w.org\/{rel}","templated":true}]}}