{"id":22,"date":"2021-03-29T18:29:08","date_gmt":"2021-03-29T21:29:08","guid":{"rendered":"https:\/\/sites.uel.br\/ccs\/?page_id=22"},"modified":"2022-12-05T10:33:39","modified_gmt":"2022-12-05T13:33:39","slug":"direcao","status":"publish","type":"page","link":"https:\/\/sites.uel.br\/ccs\/direcao\/","title":{"rendered":"Dire\u00e7\u00e3o"},"content":{"rendered":"\n<div class=\"wp-block-columns is-layout-flex wp-container-core-columns-is-layout-9d6595d7 wp-block-columns-is-layout-flex\">\n<div class=\"wp-block-column is-layout-flow wp-block-column-is-layout-flow\" style=\"flex-basis:30%\"><\/div>\n\n\n\n<div class=\"wp-block-column is-layout-flow wp-block-column-is-layout-flow\"><\/div>\n<\/div>\n\n\n\n<div class=\"wp-block-columns is-layout-flex wp-container-core-columns-is-layout-9d6595d7 wp-block-columns-is-layout-flex\">\n<div class=\"wp-block-column is-layout-flow wp-block-column-is-layout-flow\" style=\"flex-basis:30%\"><\/div>\n\n\n\n<div class=\"wp-block-column is-layout-flow wp-block-column-is-layout-flow\"><\/div>\n\n\n\n<div class=\"wp-block-column is-layout-flow wp-block-column-is-layout-flow\"><\/div>\n\n\n\n<div class=\"wp-block-column is-layout-flow wp-block-column-is-layout-flow\" style=\"flex-basis:70%\">\n<p><\/p>\n\n\n\n<div class=\"wp-block-columns is-layout-flex wp-container-core-columns-is-layout-9d6595d7 wp-block-columns-is-layout-flex\">\n<div class=\"wp-block-column is-layout-flow wp-block-column-is-layout-flow\"><\/div>\n\n\n\n<div class=\"wp-block-column is-layout-flow wp-block-column-is-layout-flow\"><\/div>\n<\/div>\n\n\n\n<p><\/p>\n<\/div>\n<\/div>\n\n\n\n<div class=\"wp-block-columns is-layout-flex wp-container-core-columns-is-layout-9d6595d7 wp-block-columns-is-layout-flex\">\n<div class=\"wp-block-column is-layout-flow wp-block-column-is-layout-flow\"><\/div>\n\n\n\n<div class=\"wp-block-column is-layout-flow wp-block-column-is-layout-flow\"><\/div>\n<\/div>\n\n\n\n<div class=\"wp-block-columns is-layout-flex wp-container-core-columns-is-layout-9d6595d7 wp-block-columns-is-layout-flex\">\n<div class=\"wp-block-column is-layout-flow wp-block-column-is-layout-flow\">\n<figure class=\"wp-block-image size-full\"><img loading=\"lazy\" decoding=\"async\" width=\"825\" height=\"1024\" src=\"https:\/\/sites.uel.br\/ccs\/wp-content\/uploads\/2022\/11\/Profa.-Andrea-Name.jpg\" alt=\"\" class=\"wp-image-300\" srcset=\"https:\/\/sites.uel.br\/ccs\/wp-content\/uploads\/2022\/11\/Profa.-Andrea-Name.jpg 825w, https:\/\/sites.uel.br\/ccs\/wp-content\/uploads\/2022\/11\/Profa.-Andrea-Name-242x300.jpg 242w, https:\/\/sites.uel.br\/ccs\/wp-content\/uploads\/2022\/11\/Profa.-Andrea-Name-768x953.jpg 768w\" sizes=\"auto, (max-width: 825px) 100vw, 825px\" \/><\/figure>\n<\/div>\n\n\n\n<div class=\"wp-block-column is-layout-flow wp-block-column-is-layout-flow\">\n<p><strong>Diretora: Prof\u00aa. Dr\u00aa. Andr\u00e9a Name Colado Sim\u00e3o<\/strong><\/p>\n\n\n\n<div class=\"wp-block-columns is-layout-flex wp-container-core-columns-is-layout-9d6595d7 wp-block-columns-is-layout-flex\">\n<div class=\"wp-block-column is-layout-flow wp-block-column-is-layout-flow\" style=\"flex-basis:100%\">\n<p>Possui gradua\u00e7\u00e3o em Farm\u00e1cia-Bioqu\u00edmica pela Universidade Estadual de Londrina (UEL), especializa\u00e7\u00e3o em An\u00e1lises Cl\u00ednicas, mestrado em Patologia Experimental e doutorado em Medicina e Ci\u00eancias da Sa\u00fade pela UEL. \u00c9 docente associada C atuando na \u00e1rea de Imunologia Cl\u00ednica. Foi coordenadora da Resid\u00eancia em An\u00e1lises Cl\u00ednicas (gest\u00e3o 2011-2012), coordenadora da Especializa\u00e7\u00e3o em An\u00e1lises Cl\u00ednicas (2014-2015), chefe do departamento de Patologia, An\u00e1lises Cl\u00ednicas e Toxicologia (PAC) do Centro de Ci\u00eancias da Sa\u00fade (CCS) da UEL nas gest\u00f5es 2016 \u00e0 2018 e 2018 \u00e0 2020 e coordenadora do Programa de P\u00f3s-Gradua\u00e7\u00e3o em Fisiopatologia Cl\u00ednica e Laboratorial (2021-2022). Foi editora chefe da Revista Universit\u00e1ria SEMINA &#8211; Ci\u00eancias Biol\u00f3gicas e da Sa\u00fade (gest\u00e3o: 2014-2017). Atua no Hospital Universit\u00e1rio como docente plantonista do setor de Imunologia Cl\u00ednica e Diagn\u00f3stico Molecular. Foi encarregada de se\u00e7\u00e3o do setor de Imunologia Cl\u00ednica do Laborat\u00f3rio de An\u00e1lises Cl\u00ednicas do HU (gest\u00f5es 2013 \u00e0 2016 e 2020 \u00e0 2022). Atua como docente e orientadora dos Programas de P\u00f3s- Gradua\u00e7\u00e3o em Patologia Experimental (conceito 7 pela CAPES) e Fisiopatologia Cl\u00ednica e Laboratorial (conceito 4 pela CAPES). Respons\u00e1vel pela coordena\u00e7\u00e3o de in\u00fameros projetos de pesquisa, atuando especialmente em ensaios cl\u00ednicos nos seguintes temas: biomarcadores s\u00e9ricos e gen\u00e9ticos associados ao<br>diagn\u00f3stico e progn\u00f3stico de doen\u00e7as autoimunes e c\u00e2ncer. Bolsista Produtividade em<br>Pesquisa ela Funda\u00e7\u00e3o Arauc\u00e1ria &#8211; Paran\u00e1 (2013 \u00e0 2015, 2019 \u00e0 2021).<\/p>\n<\/div>\n<\/div>\n<\/div>\n<\/div>\n\n\n\n<div class=\"wp-block-columns is-layout-flex wp-container-core-columns-is-layout-9d6595d7 wp-block-columns-is-layout-flex\">\n<div class=\"wp-block-column is-layout-flow wp-block-column-is-layout-flow\">\n<figure class=\"wp-block-image size-full\"><img loading=\"lazy\" decoding=\"async\" width=\"534\" height=\"593\" src=\"https:\/\/sites.uel.br\/ccs\/wp-content\/uploads\/2022\/11\/foto-sitte-CCS-3.jpg\" alt=\"\" class=\"wp-image-301\" srcset=\"https:\/\/sites.uel.br\/ccs\/wp-content\/uploads\/2022\/11\/foto-sitte-CCS-3.jpg 534w, https:\/\/sites.uel.br\/ccs\/wp-content\/uploads\/2022\/11\/foto-sitte-CCS-3-270x300.jpg 270w\" sizes=\"auto, (max-width: 534px) 100vw, 534px\" \/><\/figure>\n<\/div>\n\n\n\n<div class=\"wp-block-column is-layout-flow wp-block-column-is-layout-flow\">\n<p><strong>Vice &#8211;<\/strong> <strong>Diretora: Prof\u00aa. Dr\u00aa. Carrie Chueiri Ramos Galvan<\/strong><\/p>\n\n\n\n<p>Graduada em Fisioterapia pela Pontif\u00edcia Universidade Cat\u00f3lica do Paran\u00e1 &#8211; PUC-PR (1988); Mestre em Cirurgia na \u00c1rea de Bases da Cirurgia e Cirurgia Experimental pela Faculdade de Medicina de Botucatu da Universidade Estadual Paulista J\u00falio de Mesquita Filho (2002). Doutora em Ci\u00eancias da Sa\u00fade pela Universidade Estadual de Londrina- UEL (2015). Foi docente de Fisioterapia na PUC-PR e na Universidade Norte do Paran\u00e1 &#8211; UNOPAR. \u00c9 docente Adjunto 40h -TIDE da UEL desde 1994, junto ao departamento de Fisioterapia na \u00e1rea de Fisioterapia Cardiorrespirat\u00f3ria e atua tanto na gradua\u00e7\u00e3o como na p\u00f3s-gradua\u00e7\u00e3o. Contribuiu nos seguintes cargos eletivos: Coordenadora e Vice coordenadora de Est\u00e1gio do Curso de Fisioterapia (1995 a 1999); Coordenadora e Vice Coordenadora de Trabalho de Conclus\u00e3o do Curso de Fisioterapia (2008 a 2012); Coordenadora do Colegiado do Curso de Fisioterapia (2002 a 2004); Vice Coordenadora do Colegiado do Curso de Fisioterapia (2004 a 2006\/ 2006 a 2008). Coordenadora da Resid\u00eancia em Fisioterapia Pulmonar (2010 \u2013 2018); Vice Coordenadora Colegiado de Curso de P\u00f3s-Gradua\u00e7\u00e3o Lato Sensu modalidade Resid\u00eancia (2016 a 2018); Chefe do Departamento de Fisioterapia (2018 a 2020\/2020 a 2022). Participa tamb\u00e9m do N\u00facleo Docente Estruturante (NDE) do Curso de Fisioterapia (2018\/2020\/2022-atual). Colabora com a assist\u00eancia e forma\u00e7\u00e3o profissional junto ao Hospital Universit\u00e1rio (HU-UEL) como docente-plantonista na \u00e1rea de Fisioterapia Cardiorrespirat\u00f3ria.<br>Atuante em diversos programas e projetos de Pesquisa, Ensino e Extens\u00e3o.<\/p>\n<\/div>\n<\/div>\n","protected":false},"excerpt":{"rendered":"<p>Diretora: Prof\u00aa. Dr\u00aa. Andr\u00e9a Name Colado Sim\u00e3o Possui gradua\u00e7\u00e3o em Farm\u00e1cia-Bioqu\u00edmica pela Universidade Estadual de Londrina (UEL), especializa\u00e7\u00e3o em An\u00e1lises Cl\u00ednicas, mestrado em Patologia Experimental e doutorado em Medicina e Ci\u00eancias da Sa\u00fade pela UEL. \u00c9 docente associada C atuando na \u00e1rea de Imunologia Cl\u00ednica. Foi coordenadora da Resid\u00eancia em An\u00e1lises Cl\u00ednicas (gest\u00e3o 2011-2012), coordenadora [&hellip;]<\/p>\n","protected":false},"author":7,"featured_media":0,"parent":0,"menu_order":0,"comment_status":"closed","ping_status":"closed","template":"","meta":{"_acf_changed":false,"footnotes":""},"class_list":["post-22","page","type-page","status-publish","hentry"],"acf":[],"_links":{"self":[{"href":"https:\/\/sites.uel.br\/ccs\/wp-json\/wp\/v2\/pages\/22","targetHints":{"allow":["GET"]}}],"collection":[{"href":"https:\/\/sites.uel.br\/ccs\/wp-json\/wp\/v2\/pages"}],"about":[{"href":"https:\/\/sites.uel.br\/ccs\/wp-json\/wp\/v2\/types\/page"}],"author":[{"embeddable":true,"href":"https:\/\/sites.uel.br\/ccs\/wp-json\/wp\/v2\/users\/7"}],"replies":[{"embeddable":true,"href":"https:\/\/sites.uel.br\/ccs\/wp-json\/wp\/v2\/comments?post=22"}],"version-history":[{"count":24,"href":"https:\/\/sites.uel.br\/ccs\/wp-json\/wp\/v2\/pages\/22\/revisions"}],"predecessor-version":[{"id":316,"href":"https:\/\/sites.uel.br\/ccs\/wp-json\/wp\/v2\/pages\/22\/revisions\/316"}],"wp:attachment":[{"href":"https:\/\/sites.uel.br\/ccs\/wp-json\/wp\/v2\/media?parent=22"}],"curies":[{"name":"wp","href":"https:\/\/api.w.org\/{rel}","templated":true}]}}