{"id":1833,"date":"2024-06-24T15:07:38","date_gmt":"2024-06-24T18:07:38","guid":{"rendered":"https:\/\/sites.uel.br\/ccs\/?page_id=1833"},"modified":"2024-06-24T15:44:17","modified_gmt":"2024-06-24T18:44:17","slug":"historico-escolar","status":"publish","type":"page","link":"https:\/\/sites.uel.br\/ccs\/historico-escolar\/","title":{"rendered":"Hist\u00f3rico Escolar"},"content":{"rendered":"\n<p><\/p>\n\n\n\n<p><\/p>\n\n\n\n<p><strong>Orienta\u00e7\u00f5es para obter o Hist\u00f3rico Escolar:\u00a0<\/strong>\u00a0<\/p>\n\n\n\n<ol class=\"wp-block-list\">\n<li>Acessar o&nbsp;<a href=\"https:\/\/sistemas.uel.br\/portaldepos\/index\" target=\"_blank\" rel=\"noreferrer noopener\">Portal do Estudante de P\u00f3s-Gradua\u00e7\u00e3o<\/a>;<\/li>\n\n\n\n<li>Na aba Documentos, selecionar o \u00edcone Hist\u00f3rico Escolar e obter o documento.<\/li>\n<\/ol>\n\n\n\n<p><\/p>\n\n\n\n<p><\/p>\n\n\n\n<p><\/p>\n\n\n\n<p><strong>ATEN\u00c7\u00c3O:<\/strong><\/p>\n\n\n\n<ul class=\"wp-block-list\">\n<li>O Portal do Estudante de P\u00f3s-Gradua\u00e7\u00e3o disponibilizar\u00e1 o Hist\u00f3rico Escolar parcial;<\/li>\n\n\n\n<li>A PROPPG disponibilizar\u00e1 o Hist\u00f3rico Escolar completo ap\u00f3s o estudante finalizar o curso.&nbsp;<\/li>\n<\/ul>\n","protected":false},"excerpt":{"rendered":"<p>Orienta\u00e7\u00f5es para obter o Hist\u00f3rico Escolar:\u00a0\u00a0 ATEN\u00c7\u00c3O:<\/p>\n","protected":false},"author":15,"featured_media":0,"parent":0,"menu_order":0,"comment_status":"closed","ping_status":"closed","template":"","meta":{"_acf_changed":false,"footnotes":""},"class_list":["post-1833","page","type-page","status-publish","hentry"],"acf":[],"_links":{"self":[{"href":"https:\/\/sites.uel.br\/ccs\/wp-json\/wp\/v2\/pages\/1833","targetHints":{"allow":["GET"]}}],"collection":[{"href":"https:\/\/sites.uel.br\/ccs\/wp-json\/wp\/v2\/pages"}],"about":[{"href":"https:\/\/sites.uel.br\/ccs\/wp-json\/wp\/v2\/types\/page"}],"author":[{"embeddable":true,"href":"https:\/\/sites.uel.br\/ccs\/wp-json\/wp\/v2\/users\/15"}],"replies":[{"embeddable":true,"href":"https:\/\/sites.uel.br\/ccs\/wp-json\/wp\/v2\/comments?post=1833"}],"version-history":[{"count":3,"href":"https:\/\/sites.uel.br\/ccs\/wp-json\/wp\/v2\/pages\/1833\/revisions"}],"predecessor-version":[{"id":1839,"href":"https:\/\/sites.uel.br\/ccs\/wp-json\/wp\/v2\/pages\/1833\/revisions\/1839"}],"wp:attachment":[{"href":"https:\/\/sites.uel.br\/ccs\/wp-json\/wp\/v2\/media?parent=1833"}],"curies":[{"name":"wp","href":"https:\/\/api.w.org\/{rel}","templated":true}]}}