{"id":1770,"date":"2024-06-20T09:55:41","date_gmt":"2024-06-20T12:55:41","guid":{"rendered":"https:\/\/sites.uel.br\/ccs\/?page_id=1770"},"modified":"2024-06-25T16:16:56","modified_gmt":"2024-06-25T19:16:56","slug":"pedido-do-exame-de-defesa","status":"publish","type":"page","link":"https:\/\/sites.uel.br\/ccs\/pedido-do-exame-de-defesa\/","title":{"rendered":"Pedido do Exame de Defesa"},"content":{"rendered":"\n<p><\/p>\n\n\n\n<p><\/p>\n\n\n\n<p><\/p>\n\n\n\n<p><\/p>\n\n\n\n<p><strong>Tramita\u00e7\u00e3o para o pedido do Exame de Defesa:&nbsp;<\/strong>&nbsp;<\/p>\n\n\n\n<ol class=\"wp-block-list\">\n<li>Preencher o&nbsp;<a href=\"https:\/\/sites.uel.br\/ccs\/formularios\/\" target=\"_blank\" rel=\"noreferrer noopener\">Formul\u00e1rio de Solicita\u00e7\u00e3o de Exame Qualifica\u00e7\u00e3o\/ Defesa<\/a>;<\/li>\n\n\n\n<li>A Se\u00e7\u00e3o de P\u00f3s-Gradua\u00e7\u00e3o receber\u00e1&nbsp;os dados e cadastrar\u00e1&nbsp;o pedido no Sistema UEL;<\/li>\n\n\n\n<li>A PROPPG receber\u00e1 as informa\u00e7\u00f5es e realizar\u00e1 a homologa\u00e7\u00e3o do pedido;<\/li>\n\n\n\n<li>Ap\u00f3s a homologa\u00e7\u00e3o, a Se\u00e7\u00e3o de P\u00f3s-Gradua\u00e7\u00e3o encaminhar\u00e1 a documenta\u00e7\u00e3o, via e-mail, para a realiza\u00e7\u00e3o do Exame;<\/li>\n\n\n\n<li>Ap\u00f3s o Exame, a Ata de Exame de Defesa dever\u00e1 ser entregue na Se\u00e7\u00e3o de P\u00f3s-Gradua\u00e7\u00e3o;<\/li>\n\n\n\n<li>Ap\u00f3s o Exame, as Declara\u00e7\u00f5es de Participa\u00e7\u00f5es \u00e0 Dist\u00e2ncia dever\u00e3o ser enviadas para o e-mail da Se\u00e7\u00e3o de P\u00f3s-Gradua\u00e7\u00e3o (caso o Exame seja remoto).<\/li>\n<\/ol>\n\n\n\n<p><\/p>\n\n\n\n<p><strong>ATEN\u00c7\u00c3O:<\/strong><\/p>\n\n\n\n<ul class=\"wp-block-list\">\n<li>Para a realiza\u00e7\u00e3o do Exame de Defesa \u00e9 necess\u00e1rio que o(a) estudante tenha cumprido <strong>todos os cr\u00e9ditos<\/strong> (conforme Regimento\/Resolu\u00e7\u00e3o de cada <a href=\"https:\/\/sites.uel.br\/ccs\/programas-de-pos-graduacao\/\" target=\"_blank\" rel=\"noreferrer noopener\">Programa<\/a>);<\/li>\n\n\n\n<li>O pedido do Exame de Defesa dever\u00e1 ser solicitado em at\u00e9 <strong>30<\/strong> (trinta) dias de anteced\u00eancia \u00e0 data do Exame;<\/li>\n\n\n\n<li>A Se\u00e7\u00e3o de P\u00f3s-Gradua\u00e7\u00e3o <strong>cadastra<\/strong> os pedidos no sistema UEL \u00e0s <strong>ter\u00e7as-feiras<\/strong>;<\/li>\n\n\n\n<li>A PROPPG realiza a <strong>homologa\u00e7\u00e3o<\/strong> do pedido \u00e0s <strong>quartas-feiras<\/strong>;<\/li>\n\n\n\n<li>A Ata de Exame de Defesa deve ser <strong>original<\/strong> e com assinatura de <strong>pr\u00f3prio punho<\/strong> (a PROPPG n\u00e3o considera Atas com assinaturas eletr\u00f4nicas);&nbsp;&nbsp;<\/li>\n\n\n\n<li>Caso o Exame seja remoto, o(a) Presidente da banca poder\u00e1 assinar pelos demais membros da banca;<\/li>\n\n\n\n<li>A documenta\u00e7\u00e3o dever\u00e1 ser entregue\/enviada em at\u00e9 <strong>02<\/strong> (dois) dias ap\u00f3s o Exame.<\/li>\n<\/ul>\n\n\n\n<div class=\"wp-block-file\"><a href=\"https:\/\/sites.uel.br\/ccs\/wp-content\/uploads\/2024\/06\/DEFESA-6-2.png\">FLUXOGRAMA DE DEFESA <\/a><a href=\"https:\/\/sites.uel.br\/ccs\/wp-content\/uploads\/2024\/06\/DEFESA-6-2.png\" class=\"wp-block-file__button wp-element-button\" download>Baixar<\/a><\/div>\n","protected":false},"excerpt":{"rendered":"<p>Tramita\u00e7\u00e3o para o pedido do Exame de Defesa:&nbsp;&nbsp; ATEN\u00c7\u00c3O:<\/p>\n","protected":false},"author":15,"featured_media":0,"parent":0,"menu_order":0,"comment_status":"closed","ping_status":"closed","template":"","meta":{"_acf_changed":false,"footnotes":""},"class_list":["post-1770","page","type-page","status-publish","hentry"],"acf":[],"_links":{"self":[{"href":"https:\/\/sites.uel.br\/ccs\/wp-json\/wp\/v2\/pages\/1770","targetHints":{"allow":["GET"]}}],"collection":[{"href":"https:\/\/sites.uel.br\/ccs\/wp-json\/wp\/v2\/pages"}],"about":[{"href":"https:\/\/sites.uel.br\/ccs\/wp-json\/wp\/v2\/types\/page"}],"author":[{"embeddable":true,"href":"https:\/\/sites.uel.br\/ccs\/wp-json\/wp\/v2\/users\/15"}],"replies":[{"embeddable":true,"href":"https:\/\/sites.uel.br\/ccs\/wp-json\/wp\/v2\/comments?post=1770"}],"version-history":[{"count":11,"href":"https:\/\/sites.uel.br\/ccs\/wp-json\/wp\/v2\/pages\/1770\/revisions"}],"predecessor-version":[{"id":1851,"href":"https:\/\/sites.uel.br\/ccs\/wp-json\/wp\/v2\/pages\/1770\/revisions\/1851"}],"wp:attachment":[{"href":"https:\/\/sites.uel.br\/ccs\/wp-json\/wp\/v2\/media?parent=1770"}],"curies":[{"name":"wp","href":"https:\/\/api.w.org\/{rel}","templated":true}]}}