{"id":1499,"date":"2024-05-13T08:34:24","date_gmt":"2024-05-13T11:34:24","guid":{"rendered":"https:\/\/sites.uel.br\/ccs\/?page_id=1499"},"modified":"2024-05-29T15:53:54","modified_gmt":"2024-05-29T18:53:54","slug":"email-uel","status":"publish","type":"page","link":"https:\/\/sites.uel.br\/ccs\/email-uel\/","title":{"rendered":"E-mail Institucional"},"content":{"rendered":"\n<p><\/p>\n\n\n\n<p><strong>Orienta\u00e7\u00f5es para a emiss\u00e3o do E-mail Institucional:<\/strong><\/p>\n\n\n\n<ol class=\"wp-block-list\">\n<li>Acessar o&nbsp;<a href=\"https:\/\/sistemas.uel.br\/portaldepos\/index\" target=\"_blank\" rel=\"noreferrer noopener\">Portal do Estudante de P\u00f3s-Gradua\u00e7\u00e3o<\/a>;<\/li>\n\n\n\n<li>Selecionar o \u00edcone Servi\u00e7os Digitais UEL e seguir as orienta\u00e7\u00f5es.<\/li>\n<\/ol>\n\n\n\n<p><\/p>\n\n\n\n<p><strong>D\u00favidas: <\/strong><a href=\"https:\/\/sites.uel.br\/ati\/atendimento\/\">Canais de atendimento ATI<\/a> ou Setor de TI do CCS: <a href=\"mailto:rotunno@uel.br\" target=\"_blank\" rel=\"noreferrer noopener\">ccs-informatica@uel.br<\/a><\/p>\n\n\n\n<p><\/p>\n\n\n\n<p><\/p>\n\n\n\n<p><\/p>\n","protected":false},"excerpt":{"rendered":"<p>Orienta\u00e7\u00f5es para a emiss\u00e3o do E-mail Institucional: D\u00favidas: Canais de atendimento ATI ou Setor de TI do CCS: ccs-informatica@uel.br<\/p>\n","protected":false},"author":15,"featured_media":0,"parent":0,"menu_order":0,"comment_status":"closed","ping_status":"closed","template":"","meta":{"_acf_changed":false,"footnotes":""},"class_list":["post-1499","page","type-page","status-publish","hentry"],"acf":[],"_links":{"self":[{"href":"https:\/\/sites.uel.br\/ccs\/wp-json\/wp\/v2\/pages\/1499","targetHints":{"allow":["GET"]}}],"collection":[{"href":"https:\/\/sites.uel.br\/ccs\/wp-json\/wp\/v2\/pages"}],"about":[{"href":"https:\/\/sites.uel.br\/ccs\/wp-json\/wp\/v2\/types\/page"}],"author":[{"embeddable":true,"href":"https:\/\/sites.uel.br\/ccs\/wp-json\/wp\/v2\/users\/15"}],"replies":[{"embeddable":true,"href":"https:\/\/sites.uel.br\/ccs\/wp-json\/wp\/v2\/comments?post=1499"}],"version-history":[{"count":8,"href":"https:\/\/sites.uel.br\/ccs\/wp-json\/wp\/v2\/pages\/1499\/revisions"}],"predecessor-version":[{"id":1646,"href":"https:\/\/sites.uel.br\/ccs\/wp-json\/wp\/v2\/pages\/1499\/revisions\/1646"}],"wp:attachment":[{"href":"https:\/\/sites.uel.br\/ccs\/wp-json\/wp\/v2\/media?parent=1499"}],"curies":[{"name":"wp","href":"https:\/\/api.w.org\/{rel}","templated":true}]}}