{"id":1493,"date":"2024-05-13T08:30:58","date_gmt":"2024-05-13T11:30:58","guid":{"rendered":"https:\/\/sites.uel.br\/ccs\/?page_id=1493"},"modified":"2024-06-19T16:05:24","modified_gmt":"2024-06-19T19:05:24","slug":"wifieuel","status":"publish","type":"page","link":"https:\/\/sites.uel.br\/ccs\/wifieuel\/","title":{"rendered":"Wifi UEL"},"content":{"rendered":"\n<p><\/p>\n\n\n\n<p><strong>Orienta\u00e7\u00f5es para acessar a rede Wifi UEL:<\/strong><\/p>\n\n\n\n<ol class=\"wp-block-list\">\n<li>Realizar a <a href=\"https:\/\/sites.uel.br\/ati\/quem-pode-utilizar-o-servico-de-rede-wireless-na-uel\/\" target=\"_blank\" rel=\"noreferrer noopener\">configura\u00e7\u00e3o da rede no seu dispositivo m\u00f3vel<\/a>.<\/li>\n<\/ol>\n\n\n\n<p><strong>D\u00favidas:\u00a0<\/strong><a href=\"https:\/\/sites.uel.br\/ati\/atendimento\/\">Canais de atendimento ATI<\/a>\u00a0ou Setor de TI do CCS:\u00a0<a href=\"mailto:rotunno@uel.br\" target=\"_blank\" rel=\"noreferrer noopener\">ccs-informatica@uel.br<\/a><\/p>\n\n\n\n<p><br><\/p>\n","protected":false},"excerpt":{"rendered":"<p>Orienta\u00e7\u00f5es para acessar a rede Wifi UEL: D\u00favidas:\u00a0Canais de atendimento ATI\u00a0ou Setor de TI do CCS:\u00a0ccs-informatica@uel.br<\/p>\n","protected":false},"author":15,"featured_media":0,"parent":0,"menu_order":0,"comment_status":"closed","ping_status":"closed","template":"","meta":{"_acf_changed":false,"footnotes":""},"class_list":["post-1493","page","type-page","status-publish","hentry"],"acf":[],"_links":{"self":[{"href":"https:\/\/sites.uel.br\/ccs\/wp-json\/wp\/v2\/pages\/1493","targetHints":{"allow":["GET"]}}],"collection":[{"href":"https:\/\/sites.uel.br\/ccs\/wp-json\/wp\/v2\/pages"}],"about":[{"href":"https:\/\/sites.uel.br\/ccs\/wp-json\/wp\/v2\/types\/page"}],"author":[{"embeddable":true,"href":"https:\/\/sites.uel.br\/ccs\/wp-json\/wp\/v2\/users\/15"}],"replies":[{"embeddable":true,"href":"https:\/\/sites.uel.br\/ccs\/wp-json\/wp\/v2\/comments?post=1493"}],"version-history":[{"count":6,"href":"https:\/\/sites.uel.br\/ccs\/wp-json\/wp\/v2\/pages\/1493\/revisions"}],"predecessor-version":[{"id":1726,"href":"https:\/\/sites.uel.br\/ccs\/wp-json\/wp\/v2\/pages\/1493\/revisions\/1726"}],"wp:attachment":[{"href":"https:\/\/sites.uel.br\/ccs\/wp-json\/wp\/v2\/media?parent=1493"}],"curies":[{"name":"wp","href":"https:\/\/api.w.org\/{rel}","templated":true}]}}