{"id":1397,"date":"2024-05-07T15:12:54","date_gmt":"2024-05-07T18:12:54","guid":{"rendered":"https:\/\/sites.uel.br\/ccs\/?page_id=1397"},"modified":"2024-06-19T15:18:02","modified_gmt":"2024-06-19T18:18:02","slug":"aproveitamento-de-disciplinas","status":"publish","type":"page","link":"https:\/\/sites.uel.br\/ccs\/aproveitamento-de-disciplinas\/","title":{"rendered":"Aproveitamento de Disciplina"},"content":{"rendered":"\n<p><\/p>\n\n\n\n<p><strong>Orienta\u00e7\u00f5es para o Aproveitamento de Disciplina de cursos de P\u00f3s-Gradua\u00e7\u00e3o realizados na UEL:&nbsp;<\/strong>&nbsp;<\/p>\n\n\n\n<ol class=\"wp-block-list\">\n<li>Acessar o <a href=\"https:\/\/sistemas.uel.br\/portaldepos\/index\" target=\"_blank\" rel=\"noreferrer noopener\">Portal do Estudante de P\u00f3s-Gradua\u00e7\u00e3o<\/a>;<\/li>\n\n\n\n<li>Na aba Servi\u00e7os, acessar o \u00edcone Requerimentos e selecionar Aproveitamento UEL;<\/li>\n\n\n\n<li>Selecionar as disciplinas;&nbsp;<\/li>\n\n\n\n<li>Gerar o boleto e efetuar o pagamento;<\/li>\n\n\n\n<li>Comunicar&nbsp;o(a) Orientador(a) e o(a)Coordenador(a) do Programa de que realizou esta solicita\u00e7\u00e3o e aguardar o parecer dos mesmos;<\/li>\n\n\n\n<li>Acompanhar, via Portal do Estudante de P\u00f3s-Gradua\u00e7\u00e3o, a an\u00e1lise do seu pedido.<\/li>\n<\/ol>\n\n\n\n<p><\/p>\n\n\n\n<p><strong>Orienta\u00e7\u00f5es para o Aproveitamento de Disciplinas de cursos de P\u00f3s-Gradua\u00e7\u00e3o realizados em outras Institui\u00e7\u00f5es:&nbsp;<\/strong>&nbsp;<\/p>\n\n\n\n<ol class=\"wp-block-list\">\n<li>Acessar o&nbsp;<a href=\"https:\/\/sistemas.uel.br\/portaldepos\/index\" target=\"_blank\" rel=\"noreferrer noopener\">Portal do Estudante de P\u00f3s-Gradua\u00e7\u00e3o<\/a>;<\/li>\n\n\n\n<li>Na aba Servi\u00e7os, acessar o \u00edcone Requerimentos e selecionar Aproveitamento Externo;<\/li>\n\n\n\n<li>Selecionar as disciplinas;&nbsp;<\/li>\n\n\n\n<li>Gerar o boleto e efetuar o pagamento;<\/li>\n\n\n\n<li>Comunicar\u00a0o(a) Orientador(a) e o(a)Coordenador(a) do Programa de que realizou esta solicita\u00e7\u00e3o e aguardar o parecer dos mesmos;<\/li>\n\n\n\n<li>Acompanhar, via Portal do Estudante de P\u00f3s-Gradua\u00e7\u00e3o, a an\u00e1lise do seu pedido.<\/li>\n<\/ol>\n\n\n\n<p><strong>ATEN\u00c7\u00c3O<\/strong>:<\/p>\n\n\n\n<ul class=\"wp-block-list\">\n<li>O pedido de Aproveitamento de Disciplina deve ser solicitado ap\u00f3s o <strong>IN\u00cdCIO do <a href=\"https:\/\/sites.uel.br\/proppg\/calendarios\/\">per\u00edodo letivo<\/a><\/strong>.<\/li>\n<\/ul>\n\n\n\n<p><\/p>\n\n\n\n<p><\/p>\n\n\n\n<p><\/p>\n\n\n\n<p><\/p>\n","protected":false},"excerpt":{"rendered":"<p>Orienta\u00e7\u00f5es para o Aproveitamento de Disciplina de cursos de P\u00f3s-Gradua\u00e7\u00e3o realizados na UEL:&nbsp;&nbsp; Orienta\u00e7\u00f5es para o Aproveitamento de Disciplinas de cursos de P\u00f3s-Gradua\u00e7\u00e3o realizados em outras Institui\u00e7\u00f5es:&nbsp;&nbsp; ATEN\u00c7\u00c3O:<\/p>\n","protected":false},"author":15,"featured_media":0,"parent":0,"menu_order":0,"comment_status":"closed","ping_status":"closed","template":"","meta":{"_acf_changed":false,"footnotes":""},"class_list":["post-1397","page","type-page","status-publish","hentry"],"acf":[],"_links":{"self":[{"href":"https:\/\/sites.uel.br\/ccs\/wp-json\/wp\/v2\/pages\/1397","targetHints":{"allow":["GET"]}}],"collection":[{"href":"https:\/\/sites.uel.br\/ccs\/wp-json\/wp\/v2\/pages"}],"about":[{"href":"https:\/\/sites.uel.br\/ccs\/wp-json\/wp\/v2\/types\/page"}],"author":[{"embeddable":true,"href":"https:\/\/sites.uel.br\/ccs\/wp-json\/wp\/v2\/users\/15"}],"replies":[{"embeddable":true,"href":"https:\/\/sites.uel.br\/ccs\/wp-json\/wp\/v2\/comments?post=1397"}],"version-history":[{"count":15,"href":"https:\/\/sites.uel.br\/ccs\/wp-json\/wp\/v2\/pages\/1397\/revisions"}],"predecessor-version":[{"id":1711,"href":"https:\/\/sites.uel.br\/ccs\/wp-json\/wp\/v2\/pages\/1397\/revisions\/1711"}],"wp:attachment":[{"href":"https:\/\/sites.uel.br\/ccs\/wp-json\/wp\/v2\/media?parent=1397"}],"curies":[{"name":"wp","href":"https:\/\/api.w.org\/{rel}","templated":true}]}}