{"id":1395,"date":"2024-05-07T15:12:54","date_gmt":"2024-05-07T18:12:54","guid":{"rendered":"https:\/\/sites.uel.br\/ccs\/?page_id=1395"},"modified":"2024-06-19T15:52:45","modified_gmt":"2024-06-19T18:52:45","slug":"cancelamento-de-disciplina","status":"publish","type":"page","link":"https:\/\/sites.uel.br\/ccs\/cancelamento-de-disciplina\/","title":{"rendered":"Cancelamento de Disciplina"},"content":{"rendered":"\n<p><\/p>\n\n\n\n<p><strong>Orienta\u00e7\u00f5es para o Cancelamento de Disciplina:\u00a0<\/strong>\u00a0<\/p>\n\n\n\n<ol class=\"wp-block-list\">\n<li>Acessar o&nbsp;<a href=\"https:\/\/sistemas.uel.br\/portaldepos\/index\" target=\"_blank\" rel=\"noreferrer noopener\">Portal do Estudante de P\u00f3s-Gradua\u00e7\u00e3o<\/a>;<\/li>\n\n\n\n<li>Na aba Servi\u00e7os, acessar o \u00edcone Requerimentos e selecionar Cancelamento de Disciplina;<\/li>\n\n\n\n<li>Selecionar a Disciplina e salvar;<\/li>\n\n\n\n<li>Comunicar&nbsp;o(a) Orientador(a) e o(a)Coordenador(a) do Programa de que realizou esta solicita\u00e7\u00e3o e aguardar o parecer dos mesmos;<\/li>\n\n\n\n<li>Acompanhar, via Portal do Estudante de P\u00f3s-Gradua\u00e7\u00e3o, o cancelamento da disciplina.<\/li>\n<\/ol>\n\n\n\n<p><\/p>\n\n\n\n<p><strong>ATEN\u00c7\u00c3O:<\/strong><\/p>\n\n\n\n<ul class=\"wp-block-list\">\n<li>As disciplinas estar\u00e3o dispon\u00edveis para cancelamento, no&nbsp;&nbsp;<a href=\"https:\/\/sistemas.uel.br\/portaldepos\/index\" target=\"_blank\" rel=\"noreferrer noopener\">Portal do Estudante de P\u00f3s-Gradua\u00e7\u00e3o<\/a>,&nbsp;ap\u00f3s o&nbsp;<strong>IN\u00cdCIO&nbsp;<\/strong>do&nbsp;<a href=\"https:\/\/sites.uel.br\/proppg\/calendarios\/\" target=\"_blank\" rel=\"noreferrer noopener\">per\u00edodo letivo<\/a>;<\/li>\n\n\n\n<li>Cabe ao aluno ter conhecimento de quais disciplinas dever\u00e1 solicitar o cancelamento;<\/li>\n\n\n\n<li>O estudante poder\u00e1 solicitar o cancelamento da disciplina&nbsp;por meio do&nbsp;&nbsp;<a href=\"https:\/\/sistemas.uel.br\/portaldepos\/index\" target=\"_blank\" rel=\"noreferrer noopener\">Portal do Estudante de P\u00f3s-Gradua\u00e7\u00e3o<\/a>&nbsp;dentro do prazo fixado no <a href=\"https:\/\/sites.uel.br\/proppg\/calendarios\/\">Calend\u00e1rio da P\u00f3s-Gradua\u00e7\u00e3o<\/a>&nbsp; e desde que tenha sido ministrado, no m\u00e1ximo, 30% da sua carga hor\u00e1ria, mediante aprova\u00e7\u00e3o do orientador e da Coordena\u00e7\u00e3o do Programa.<\/li>\n<\/ul>\n","protected":false},"excerpt":{"rendered":"<p>Orienta\u00e7\u00f5es para o Cancelamento de Disciplina:\u00a0\u00a0 ATEN\u00c7\u00c3O:<\/p>\n","protected":false},"author":15,"featured_media":0,"parent":0,"menu_order":0,"comment_status":"closed","ping_status":"closed","template":"","meta":{"_acf_changed":false,"footnotes":""},"class_list":["post-1395","page","type-page","status-publish","hentry"],"acf":[],"_links":{"self":[{"href":"https:\/\/sites.uel.br\/ccs\/wp-json\/wp\/v2\/pages\/1395","targetHints":{"allow":["GET"]}}],"collection":[{"href":"https:\/\/sites.uel.br\/ccs\/wp-json\/wp\/v2\/pages"}],"about":[{"href":"https:\/\/sites.uel.br\/ccs\/wp-json\/wp\/v2\/types\/page"}],"author":[{"embeddable":true,"href":"https:\/\/sites.uel.br\/ccs\/wp-json\/wp\/v2\/users\/15"}],"replies":[{"embeddable":true,"href":"https:\/\/sites.uel.br\/ccs\/wp-json\/wp\/v2\/comments?post=1395"}],"version-history":[{"count":6,"href":"https:\/\/sites.uel.br\/ccs\/wp-json\/wp\/v2\/pages\/1395\/revisions"}],"predecessor-version":[{"id":1717,"href":"https:\/\/sites.uel.br\/ccs\/wp-json\/wp\/v2\/pages\/1395\/revisions\/1717"}],"wp:attachment":[{"href":"https:\/\/sites.uel.br\/ccs\/wp-json\/wp\/v2\/media?parent=1395"}],"curies":[{"name":"wp","href":"https:\/\/api.w.org\/{rel}","templated":true}]}}