{"id":816,"date":"2021-07-02T19:49:26","date_gmt":"2021-07-02T22:49:26","guid":{"rendered":"https:\/\/sites.uel.br\/cce\/?page_id=816"},"modified":"2026-04-15T10:34:30","modified_gmt":"2026-04-15T13:34:30","slug":"comissoes-dos-departamentos","status":"publish","type":"page","link":"https:\/\/sites.uel.br\/cce\/comissoes-dos-departamentos\/","title":{"rendered":"Comiss\u00f5es dos Departamentos"},"content":{"rendered":"\n<p><\/p>\n\n\n<h3><span style=\"color: #008000\"><strong data-rich-text-format-boundary=\"true\">Comiss\u00e3o de Ensino<\/strong><\/span><\/h3>\n<p style=\"padding-left: 40px\"><span style=\"color: #339966\"><strong data-rich-text-format-boundary=\"true\">Departamento de Computa\u00e7\u00e3o<\/strong><\/span><\/p>\n<ul>\n<li style=\"list-style-type: none\">\n<ul>\n<li><strong>Mario Lemes Proen\u00e7a Junior<\/strong><\/li>\n<li>Andr\u00e9 Luis Andrade Menolli<\/li>\n<li>Cinthyan Renata Sachs C. Barbosa<\/li>\n<\/ul>\n<\/li>\n<\/ul>\n<p style=\"padding-left: 40px\"><span style=\"color: #339966\"><strong data-rich-text-format-boundary=\"true\">Departamento de Estat\u00edstica<\/strong><\/span><\/p>\n<ul>\n<li style=\"list-style-type: none\">\n<ul>\n<li><strong>Lucas Santana da Cunha<\/strong><\/li>\n<li>Guilherme Biz<\/li>\n<li>Vandeli Marino Melem<\/li>\n<\/ul>\n<\/li>\n<\/ul>\n<p style=\"padding-left: 40px\"><span style=\"color: #339966\"><strong data-rich-text-format-boundary=\"true\">Departamento de Geografia<\/strong><\/span><\/p>\n<ul>\n<li style=\"list-style-type: none\">\n<ul>\n<li><strong>Margarida de Cassia Campos<\/strong><\/li>\n<li>Larissa Alves de Oliveira<\/li>\n<li>Daniele Barbosa de Ara\u00fajo<\/li>\n<\/ul>\n<\/li>\n<\/ul>\n<p style=\"padding-left: 40px\"><span style=\"color: #339966\"><strong data-rich-text-format-boundary=\"true\">Departamento de Geologia e Geom\u00e1tica<\/strong><\/span><\/p>\n<ul>\n<li style=\"list-style-type: none\">\n<ul>\n<li><strong>Cleuber Moraes Brito<\/strong><\/li>\n<li>Guilherme Alves de Oliveira<\/li>\n<li>Angelo Spoladore<\/li>\n<\/ul>\n<\/li>\n<\/ul>\n<p style=\"padding-left: 40px\"><span style=\"color: #339966\"><strong data-rich-text-format-boundary=\"true\">Departamento de Matem\u00e1tica<\/strong><\/span><\/p>\n<ul>\n<li style=\"list-style-type: none\">\n<ul>\n<li><strong>Ricardo Cezar Ferreira<\/strong><\/li>\n<li>Pamela Emanueli Alves<\/li>\n<li>Thiago Nagafuchi<\/li>\n<\/ul>\n<\/li>\n<\/ul>\n<p style=\"padding-left: 40px\"><span style=\"color: #339966\"><strong data-rich-text-format-boundary=\"true\">Departamento de Qu\u00edmica<\/strong><\/span><\/p>\n<ul>\n<li style=\"list-style-type: none\">\n<ul>\n<li><strong>Carla Cristina Perez<\/strong><\/li>\n<li>Marcelle de Lima Ferreira Bispo<\/li>\n<li>Maria Luiza Zeraik<\/li>\n<\/ul>\n<\/li>\n<\/ul>\n<h4>\u00a0<\/h4>\n<h3><span style=\"color: #008000\"><strong data-rich-text-format-boundary=\"true\">Comiss\u00e3o de Extens\u00e3o<\/strong><\/span><\/h3>\n<p style=\"padding-left: 40px\"><span style=\"color: #339966\"><strong data-rich-text-format-boundary=\"true\">Departamento de Bioqu\u00edmica e Biotecnologia<\/strong><\/span><\/p>\n<ul>\n<li style=\"list-style-type: none\">\n<ul>\n<li><strong>Maria Antonia Pedrine Colabone Celligoi<\/strong><\/li>\n<li>Suzana Mali de Oliveira<\/li>\n<li>Franciely Grose Colodi<\/li>\n<\/ul>\n<\/li>\n<\/ul>\n<p style=\"padding-left: 40px\"><span style=\"color: #339966\"><strong data-rich-text-format-boundary=\"true\">Departamento de Computa\u00e7\u00e3o<\/strong><\/span><\/p>\n<ul>\n<li style=\"list-style-type: none\">\n<ul>\n<li><strong>Rodolfo Miranda de Barros<\/strong><\/li>\n<li>F\u00e1bio Sakuray<\/li>\n<li>Jacques Du\u00edlio Brancher<\/li>\n<\/ul>\n<\/li>\n<\/ul>\n<p style=\"padding-left: 40px\"><span style=\"color: #339966\"><strong data-rich-text-format-boundary=\"true\">Departamento de Estat\u00edstica<\/strong><\/span><\/p>\n<ul>\n<li style=\"list-style-type: none\">\n<ul>\n<li><strong>Guilherme Biz<\/strong><\/li>\n<li>Jaqueline Aparecida Raminelli<\/li>\n<li>Lucas Santana da Cunha<\/li>\n<\/ul>\n<\/li>\n<\/ul>\n<p style=\"padding-left: 40px\"><span style=\"color: #339966\"><strong data-rich-text-format-boundary=\"true\">Departamento de F\u00edsica<\/strong><\/span><\/p>\n<ul>\n<li style=\"list-style-type: none\">\n<ul>\n<li><strong>Christiane Frig\u00e9rio Martins<\/strong><\/li>\n<li>Pietro Chimenti<\/li>\n<li>Avacir Casanova Andrello<\/li>\n<\/ul>\n<\/li>\n<\/ul>\n<p style=\"padding-left: 40px\"><span style=\"color: #339966\"><strong data-rich-text-format-boundary=\"true\">Departamento de Geografia<\/strong><\/span><\/p>\n<ul>\n<li style=\"list-style-type: none\">\n<ul>\n<li><strong>Maico Eduardo Dias<\/strong><\/li>\n<li>Jeani Delgado Paschoal Moura<\/li>\n<li>Sheila Castro dos Santos<\/li>\n<\/ul>\n<\/li>\n<\/ul>\n<p style=\"padding-left: 40px\"><span style=\"color: #339966\"><strong data-rich-text-format-boundary=\"true\">Departamento de Geologia e Geom\u00e1tica<\/strong><\/span><\/p>\n<ul>\n<li style=\"list-style-type: none\">\n<ul>\n<li><strong>Fernanda Leite Ribeiro<\/strong><\/li>\n<li>Jos\u00e9 Paulo Peccinini Pinese<\/li>\n<li>Angelo Spoladore<\/li>\n<\/ul>\n<\/li>\n<\/ul>\n<p style=\"padding-left: 40px\"><span style=\"color: #339966\"><strong data-rich-text-format-boundary=\"true\">Departamento de Matem\u00e1tica<\/strong><\/span><\/p>\n<ul>\n<li style=\"list-style-type: none\">\n<ul>\n<li><strong>Aline Aparecida de Souza Le\u00e3o<\/strong><\/li>\n<li>Michele de Oliveira Alves<\/li>\n<li>Kassiana Schmidt Surjus<\/li>\n<\/ul>\n<\/li>\n<\/ul>\n<p style=\"padding-left: 40px\"><strong style=\"color: #339966;font-size: inherit\" data-rich-text-format-boundary=\"true\">Departamento de Qu\u00edmica<\/strong><\/p>\n<ul>\n<li style=\"list-style-type: none\">\n<ul>\n<li><strong><b>Elen Julcil\u00e9ia Rom\u00e3o Sartori Braz<\/b><\/strong><\/li>\n<li>Diana Nara Ribeiro de Sousa<\/li>\n<li>M\u00e1rio Henrique Montazzolli Killner<\/li>\n<\/ul>\n<\/li>\n<\/ul>\n<h3>\u00a0<\/h3>\n<h3><span style=\"color: #008000\"><strong data-rich-text-format-boundary=\"true\">Comiss\u00e3o de Pesquisa<\/strong><\/span><\/h3>\n<p style=\"padding-left: 40px\"><span style=\"color: #339966\"><strong data-rich-text-format-boundary=\"true\">Departamento de Bioqu\u00edmica e Biotecnologia<\/strong><\/span><\/p>\n<ul>\n<li style=\"list-style-type: none\">\n<ul>\n<li><strong>Suzana Mali de Oliveira<\/strong><\/li>\n<li>Marcelo Rodrigues de Melo<\/li>\n<li>Nicole Caldas Pan<\/li>\n<\/ul>\n<\/li>\n<\/ul>\n<p style=\"padding-left: 40px\"><span style=\"color: #339966\"><strong data-rich-text-format-boundary=\"true\">Departamento de Computa\u00e7\u00e3o<\/strong><\/span><\/p>\n<ul>\n<li style=\"list-style-type: none\">\n<ul>\n<li><strong>Bruno Bogaz Zarpel\u00e3o<\/strong><\/li>\n<li>Andr\u00e9 Luis Andrade Menolli<\/li>\n<li>Jacques Du\u00edlio Brancher<\/li>\n<\/ul>\n<\/li>\n<\/ul>\n<p style=\"padding-left: 40px\"><span style=\"color: #339966\"><strong data-rich-text-format-boundary=\"true\">Departamento de Estat\u00edstica<\/strong><\/span><\/p>\n<ul>\n<li style=\"list-style-type: none\">\n<ul>\n<li><strong>Tiago Viana Flor de Santana<\/strong><\/li>\n<li>Mariana ragassi Urbano<\/li>\n<li>Rodrigo Rosseto Pescim<\/li>\n<\/ul>\n<\/li>\n<\/ul>\n<p style=\"padding-left: 40px\"><span style=\"color: #339966\"><strong data-rich-text-format-boundary=\"true\">Departamento de F\u00edsica<\/strong><\/span><\/p>\n<ul>\n<li style=\"list-style-type: none\">\n<ul>\n<li><strong>Pedro Rog\u00e9rio Sergi Gomes<\/strong><\/li>\n<li>Carlos Andr\u00e9 Hernaski<\/li>\n<li>F\u00e1bio Luiz Melqu\u00edades<\/li>\n<\/ul>\n<\/li>\n<\/ul>\n<p style=\"padding-left: 40px\"><span style=\"color: #339966\"><strong data-rich-text-format-boundary=\"true\">Departamento de Geografia<\/strong><\/span><\/p>\n<ul>\n<li style=\"list-style-type: none\">\n<ul>\n<li><strong>Deise Fabiana Ely<\/strong><\/li>\n<li>Margarida de Cassia Campos<\/li>\n<li>F\u00e1bio Cesar Alves da Cunha<\/li>\n<\/ul>\n<\/li>\n<\/ul>\n<p style=\"padding-left: 40px\"><span style=\"color: #339966\"><strong data-rich-text-format-boundary=\"true\">Departamento de Geologia e Geom\u00e1tica<\/strong><\/span><\/p>\n<ul>\n<li style=\"list-style-type: none\">\n<ul>\n<li><strong>Pedro Rodolfo Siqueira Vendrame<\/strong><\/li>\n<li>Luciano Nardini<\/li>\n<li>Rafael Calore Nardini<\/li>\n<\/ul>\n<\/li>\n<\/ul>\n<p style=\"padding-left: 40px\"><span style=\"color: #339966\"><strong data-rich-text-format-boundary=\"true\">Departamento de Matem\u00e1tica<\/strong><\/span><\/p>\n<ul>\n<li style=\"list-style-type: none\">\n<ul>\n<li><strong>Gabriel Eduardo Bittencourt de Moraes<\/strong><\/li>\n<li>Edilaine Regina dos Santos<\/li>\n<li>Rodrigo Nunes Ferreira<\/li>\n<\/ul>\n<\/li>\n<\/ul>\n<p style=\"padding-left: 40px\"><strong style=\"color: #339966;font-size: inherit\" data-rich-text-format-boundary=\"true\">Departamento de Qu\u00edmica<\/strong><\/p>\n<ul>\n<li style=\"list-style-type: none\">\n<ul>\n<li><strong>Marcela Zanetti Corazza<\/strong><\/li>\n<li>Elen Julcil\u00e9ia Rom\u00e3o Sartori Braz<\/li>\n<li>Odair Pastor Ferreira<\/li>\n<\/ul>\n<\/li>\n<\/ul>\n<h3>\u00a0<\/h3>\n<h3><span style=\"color: #008000\"><strong data-rich-text-format-boundary=\"true\">Comiss\u00e3o de P\u00f3s-Gradua\u00e7\u00e3o<\/strong><\/span><\/h3>\n<ul>\n<li style=\"list-style-type: none\">\n<p><span style=\"color: #339966\"><b>Departamento de Bioqu\u00edmica e Biotecnologia<\/b><\/span><\/p>\n<ul>\n<li style=\"font-weight: 400\"><strong>Doumit Camilios Neto<\/strong><\/li>\n<li style=\"font-weight: 400\"><span style=\"font-weight: 400\">Suzana Mali de Oliveira<\/span><\/li>\n<li style=\"font-weight: 400\"><span style=\"font-weight: 400\">Andr\u00e9 Luiz Martinez de Oliveira<\/span><\/li>\n<\/ul>\n<p><span style=\"color: #339966\"><b>Departamento de Computa\u00e7\u00e3o<\/b><\/span><\/p>\n<ul>\n<li style=\"font-weight: 400\"><strong>Mario Lemes Proen\u00e7a Junior<\/strong><\/li>\n<li style=\"font-weight: 400\"><span style=\"font-weight: 400\">Rodolfo Miranda de Barros<\/span><\/li>\n<li style=\"font-weight: 400\"><span style=\"font-weight: 400\">Jacques Duilio Brancher<\/span><\/li>\n<\/ul>\n<p><span style=\"color: #339966\"><b>Departamento de Estat\u00edstica<\/b><\/span><\/p>\n<ul>\n<li style=\"font-weight: 400\"><strong>Rodrigo Rosceto Pescim<\/strong><\/li>\n<li style=\"font-weight: 400\"><span style=\"font-weight: 400\">Mariana Ragassi Urbano<\/span><\/li>\n<li>Tiago Viana Flor de Santana<\/li>\n<\/ul>\n<p><span style=\"color: #339966\"><b>Departamento de F\u00edsica<\/b><\/span><\/p>\n<ul>\n<li style=\"font-weight: 400\"><strong>F\u00e1bio Luiz Melqu\u00edades<\/strong><\/li>\n<li style=\"font-weight: 400\"><span style=\"font-weight: 400\">Irin\u00e9a de Lourdes Batista<\/span><\/li>\n<li>Edson Laureto<\/li>\n<\/ul>\n<p><span style=\"color: #339966\"><b>Departamento de Geografia<\/b><\/span><\/p>\n<ul>\n<li style=\"font-weight: 400\"><strong>Adriana Castreghini de Freitas Pereira<\/strong><\/li>\n<li style=\"font-weight: 400\"><span style=\"font-weight: 400\">Eloiza Cristiane Torres<\/span><\/li>\n<li style=\"font-weight: 400\"><span style=\"font-weight: 400\">Ideni Terezinha Antonello<\/span><\/li>\n<\/ul>\n<p><span style=\"color: #339966\"><b>Departamento de Geologia e Geom\u00e1tica<\/b><\/span><\/p>\n<ul>\n<li style=\"font-weight: 400\"><strong>Jos\u00e9 Paulo Peccinini Pinese<\/strong><\/li>\n<li style=\"font-weight: 400\"><span style=\"font-weight: 400\">Pedro Rodolfo Siqueira Vendrame<\/span><\/li>\n<li style=\"font-weight: 400\"><span style=\"font-weight: 400\">Alexandra Scherer<\/span><\/li>\n<\/ul>\n<p><span style=\"color: #339966\"><b>Departamento de Matem\u00e1tica<\/b><\/span><\/p>\n<ul>\n<li style=\"font-weight: 400\"><strong>Adeval Lino Ferreira<\/strong><\/li>\n<li style=\"font-weight: 400\"><span style=\"font-weight: 400\">Lourdes Maria Werle de Almeida<\/span><\/li>\n<li style=\"font-weight: 400\"><span style=\"font-weight: 400\">Gabriel Eduardo Bittencourt de Moraes<\/span><\/li>\n<\/ul>\n<p><span style=\"color: #339966\"><b>Departamento de Qu\u00edmica<\/b><\/span><\/p>\n<ul>\n<li style=\"font-weight: 400\"><strong>Maria Cristina Solci<\/strong><\/li>\n<li style=\"font-weight: 400\"><span style=\"font-weight: 400\">Gizilene Maria de Carvalho<\/span><\/li>\n<li style=\"font-weight: 400\"><span style=\"font-weight: 400\">Carla Cristina Perez<\/span><\/li>\n<\/ul>\n<\/li>\n<\/ul>\n<ul>\n<li style=\"list-style-type: none\">\u00a0<\/li>\n<\/ul>\n<ul>\n<li style=\"list-style-type: none\">\u00a0<\/li>\n<\/ul>\n<ul>\n<li style=\"list-style-type: none\">\u00a0<\/li>\n<\/ul>\n\n\n<p><\/p>\n","protected":false},"excerpt":{"rendered":"<p>Comiss\u00e3o de Ensino Departamento de Computa\u00e7\u00e3o Mario Lemes Proen\u00e7a Junior Andr\u00e9 Luis Andrade Menolli Cinthyan Renata Sachs C. Barbosa Departamento de Estat\u00edstica Lucas Santana da Cunha Guilherme Biz Vandeli Marino Melem Departamento de Geografia Margarida de Cassia Campos Larissa Alves de Oliveira Daniele Barbosa de Ara\u00fajo Departamento de Geologia e Geom\u00e1tica Cleuber Moraes Brito Guilherme [&hellip;]<\/p>\n","protected":false},"author":8,"featured_media":0,"parent":0,"menu_order":0,"comment_status":"closed","ping_status":"closed","template":"","meta":{"footnotes":""},"class_list":["post-816","page","type-page","status-publish","hentry"],"_links":{"self":[{"href":"https:\/\/sites.uel.br\/cce\/wp-json\/wp\/v2\/pages\/816","targetHints":{"allow":["GET"]}}],"collection":[{"href":"https:\/\/sites.uel.br\/cce\/wp-json\/wp\/v2\/pages"}],"about":[{"href":"https:\/\/sites.uel.br\/cce\/wp-json\/wp\/v2\/types\/page"}],"author":[{"embeddable":true,"href":"https:\/\/sites.uel.br\/cce\/wp-json\/wp\/v2\/users\/8"}],"replies":[{"embeddable":true,"href":"https:\/\/sites.uel.br\/cce\/wp-json\/wp\/v2\/comments?post=816"}],"version-history":[{"count":55,"href":"https:\/\/sites.uel.br\/cce\/wp-json\/wp\/v2\/pages\/816\/revisions"}],"predecessor-version":[{"id":1772,"href":"https:\/\/sites.uel.br\/cce\/wp-json\/wp\/v2\/pages\/816\/revisions\/1772"}],"wp:attachment":[{"href":"https:\/\/sites.uel.br\/cce\/wp-json\/wp\/v2\/media?parent=816"}],"curies":[{"name":"wp","href":"https:\/\/api.w.org\/{rel}","templated":true}]}}