{"id":529,"date":"2021-04-30T15:23:14","date_gmt":"2021-04-30T18:23:14","guid":{"rendered":"https:\/\/sites.uel.br\/cce\/?page_id=529"},"modified":"2021-06-07T15:26:11","modified_gmt":"2021-06-07T18:26:11","slug":"laboratorios","status":"publish","type":"page","link":"https:\/\/sites.uel.br\/cce\/laboratorios\/","title":{"rendered":"Laborat\u00f3rios"},"content":{"rendered":"\n<p><\/p>\n\n\n<p>\u00a0<\/p>\n<p><span style=\"color: #008000;\"><strong>Departamento de Computa\u00e7\u00e3o:<\/strong><\/span><\/p>\n<ul>\n<li>Laborat\u00f3rio: <span style=\"color: #339966;\"><strong>Sec-MQ (Security Management and Quantification Research Group)<\/strong><\/span><\/li>\n<li>Coordenador: Bruno Bogaz Zarpel\u00e3o<\/li>\n<li><em>Link<\/em>: <a href=\"http:\/\/www.uel.br\/grupo-pesquisa\/secmq\/index.html\" target=\"_blank\" rel=\"noopener\">http:\/\/www.uel.br\/grupo-pesquisa\/secmq\/index.html<\/a><\/li>\n<\/ul>\n<ul>\n<li style=\"font-weight: 400;\">Laborat\u00f3rio: <span style=\"color: #339966;\"><strong>REMID\u00a0&#8211; Redes e M\u00eddias Digitais<\/strong><\/span><\/li>\n<li style=\"font-weight: 400;\">Coordenadores: Alan Salvany Felinto, Bruno Bogaz Zarpel\u00e3o e Sylvio Barbon J\u00fanior<\/li>\n<li style=\"font-weight: 400;\"><em>Link<\/em>: <a href=\"http:\/\/www.uel.br\/grupo-pesquisa\/remid\/\" target=\"_blank\" rel=\"noopener\">http:\/\/www.uel.br\/grupo-pesquisa\/remid\/<\/a><\/li>\n<\/ul>\n<ul>\n<li style=\"font-weight: 400;\">Laborat\u00f3rio: <span style=\"color: #339966;\"><strong>Orion \u2013 Redes de Computadores<\/strong><\/span><\/li>\n<li style=\"font-weight: 400;\">Coordenador: Mario Lemes Proen\u00e7a Jr.<\/li>\n<li style=\"font-weight: 400;\">Contato: (43) 3371-4678<\/li>\n<li style=\"font-weight: 400;\"><em>Link<\/em>:\u00a0<a href=\"http:\/\/www.uel.br\/grupos\/orion\/\" target=\"_blank\" rel=\"noopener\" data-saferedirecturl=\"https:\/\/www.google.com\/url?q=http:\/\/www.uel.br\/grupos\/orion\/&amp;source=gmail&amp;ust=1619892931522000&amp;usg=AFQjCNG9xB3ZpA3VH2Qx64u6z1UciyM90Q\">http:\/\/www.uel.br\/grupos\/orion\/<\/a><\/li>\n<\/ul>\n<p>\u00a0<\/p>\n<p><span style=\"color: #008000;\"><strong>Departamento de Geoci\u00eancias:<\/strong><\/span><\/p>\n<ul>\n<li>Laborat\u00f3rio: <span style=\"color: #339966;\"><strong>An\u00e1lises Territoriais Campo-Cidade<\/strong><\/span><\/li>\n<li>Coordenador: Fabio Cesar Cunha<\/li>\n<\/ul>\n<ul>\n<li>Laborat\u00f3rio: <span style=\"color: #339966;\"><strong>Cartografia<\/strong><\/span><\/li>\n<li>Coordenador: Adriana Castreghini de Freitas Pereira<\/li>\n<\/ul>\n<ul>\n<li style=\"font-weight: 400;\">Laborat\u00f3rio: <span style=\"color: #339966;\"><strong>Ensino, Pesquisa e Extens\u00e3o em Educa\u00e7\u00e3o Geogr\u00e1fica<\/strong><\/span><\/li>\n<li>Coordenadora: Eloisa Torres<\/li>\n<\/ul>\n<ul>\n<li>Laborat\u00f3rio: <span style=\"color: #339966;\"><strong>Geografia Urbana, Regional e Pol\u00edtica<\/strong><\/span><\/li>\n<li>Coordenador: Nilson Cesar Fraga<\/li>\n<\/ul>\n<ul>\n<li>Laborat\u00f3rio: <span style=\"color: #339966;\"><strong>Geografia, Territ\u00f3rio, Meio Ambiente e Conflito<\/strong><\/span><\/li>\n<li>Coordenador: Nilson Cesar Fraga<\/li>\n<\/ul>\n<ul>\n<li>Laborat\u00f3rio: <span style=\"color: #339966;\"><strong>Geoqu\u00edmica<\/strong><\/span><\/li>\n<li>Coordenador: Jos\u00e9 Paulo Peccinini Pinese<\/li>\n<\/ul>\n<ul>\n<li>Laborat\u00f3rio: <span style=\"color: #339966;\"><strong>Geoturismo e Espeleologia\u00a0\u00a0<\/strong><\/span><\/li>\n<li>Coordenador: Angelo Spoladore<\/li>\n<\/ul>\n<ul>\n<li>Laborat\u00f3rio: <strong><span style=\"color: #339966;\">Hidrogeologia<\/span><\/strong><\/li>\n<li>Coordenador: Andr\u00e9 Celigoi<\/li>\n<\/ul>\n<ul>\n<li>Laborat\u00f3rio: <strong><span style=\"color: #339966;\">Imap &amp; P &#8211; Imagens, Paisagens &amp; Personagens<\/span><\/strong><\/li>\n<li>Coordenadora: Adriana Castreghini de Freitas Pereira<\/li>\n<\/ul>\n<ul>\n<li>Laborat\u00f3rio: <strong><span style=\"color: #339966;\">Inform\u00e1tica\/Aerofotogrametria<\/span><\/strong><\/li>\n<li>Coordenadora: Osvaldo Coelho Pereira Neto<\/li>\n<\/ul>\n<ul>\n<li>Laborat\u00f3rio: <span style=\"color: #339966;\"><strong>Mineralogia\u00a0\u00a0<\/strong><\/span><\/li>\n<li>Coordenador: Cleuber Moraes Brito<\/li>\n<\/ul>\n<ul>\n<li>Laborat\u00f3rio: <span style=\"color: #339966;\"><strong>Mostru\u00e1rio Fixo de Rochas Minerais e F\u00f3sseis<\/strong><\/span><\/li>\n<li>Coordenador: Andr\u00e9 Celligoi e Cleuber Moraes Brito<\/li>\n<\/ul>\n<ul>\n<li>Laborat\u00f3rio: <strong><span style=\"color: #339966;\">Pesquisa em Climatologia Geogr\u00e1fica<\/span><\/strong><\/li>\n<li>Coordenadora: Deise Fabiana Ely<\/li>\n<\/ul>\n<ul>\n<li>Laborat\u00f3rio: <strong><span style=\"color: #339966;\">Pesquisa em Geografia F\u00edsica<\/span><\/strong><\/li>\n<li>Coordenador: Ginei Machado<\/li>\n<\/ul>\n<ul>\n<li>Laborat\u00f3rio: <strong><span style=\"color: #339966;\">Petrologia<\/span><\/strong><\/li>\n<li>Coordenador: Jos\u00e9 Paulo Peccinini Pineses<\/li>\n<\/ul>\n<ul>\n<li>Laborat\u00f3rio: <strong><span style=\"color: #339966;\">Sedimentologia e Microscopia \u00d3ptica<\/span><\/strong><\/li>\n<li>Coordenador: Edison Archela<\/li>\n<\/ul>\n<ul>\n<li>Laborat\u00f3rio: <strong><span style=\"color: #339966;\">Topografia<\/span><\/strong><\/li>\n<li>Coordenador: Paulo Lopes<\/li>\n<\/ul>\n<p>\u00a0<\/p>\n<p><span style=\"color: #008000;\"><strong>Departamento de Matem\u00e1tica:<\/strong><\/span><\/p>\n<ul>\n<li>Laborat\u00f3rio: <span style=\"color: #339966;\"><strong>Simula\u00e7\u00e3o e An\u00e1lise Num\u00e9rica \u2013 LabSAN<\/strong><\/span><\/li>\n<li>Coordenadores: Eliandro R. Cirilo, Neyva M. L. Romeiro e Paulo L. Natti<\/li>\n<li>Contato: (43) 99919-9177<\/li>\n<li><em>Link<\/em>: <a href=\"http:\/\/www.uel.br\/laboratorios\/labsan\/\">Labsan<\/a><\/li>\n<\/ul>\n\n\n<p><\/p>\n","protected":false},"excerpt":{"rendered":"<p>\u00a0 Departamento de Computa\u00e7\u00e3o: Laborat\u00f3rio: Sec-MQ (Security Management and Quantification Research Group) Coordenador: Bruno Bogaz Zarpel\u00e3o Link: http:\/\/www.uel.br\/grupo-pesquisa\/secmq\/index.html Laborat\u00f3rio: REMID\u00a0&#8211; Redes e M\u00eddias Digitais Coordenadores: Alan Salvany Felinto, Bruno Bogaz Zarpel\u00e3o e Sylvio Barbon J\u00fanior Link: http:\/\/www.uel.br\/grupo-pesquisa\/remid\/ Laborat\u00f3rio: Orion \u2013 Redes de Computadores Coordenador: Mario Lemes Proen\u00e7a Jr. Contato: (43) 3371-4678 Link:\u00a0http:\/\/www.uel.br\/grupos\/orion\/ \u00a0 Departamento de [&hellip;]<\/p>\n","protected":false},"author":9,"featured_media":0,"parent":0,"menu_order":0,"comment_status":"closed","ping_status":"closed","template":"","meta":{"footnotes":""},"class_list":["post-529","page","type-page","status-publish","hentry"],"_links":{"self":[{"href":"https:\/\/sites.uel.br\/cce\/wp-json\/wp\/v2\/pages\/529","targetHints":{"allow":["GET"]}}],"collection":[{"href":"https:\/\/sites.uel.br\/cce\/wp-json\/wp\/v2\/pages"}],"about":[{"href":"https:\/\/sites.uel.br\/cce\/wp-json\/wp\/v2\/types\/page"}],"author":[{"embeddable":true,"href":"https:\/\/sites.uel.br\/cce\/wp-json\/wp\/v2\/users\/9"}],"replies":[{"embeddable":true,"href":"https:\/\/sites.uel.br\/cce\/wp-json\/wp\/v2\/comments?post=529"}],"version-history":[{"count":15,"href":"https:\/\/sites.uel.br\/cce\/wp-json\/wp\/v2\/pages\/529\/revisions"}],"predecessor-version":[{"id":750,"href":"https:\/\/sites.uel.br\/cce\/wp-json\/wp\/v2\/pages\/529\/revisions\/750"}],"wp:attachment":[{"href":"https:\/\/sites.uel.br\/cce\/wp-json\/wp\/v2\/media?parent=529"}],"curies":[{"name":"wp","href":"https:\/\/api.w.org\/{rel}","templated":true}]}}