{"id":326,"date":"2021-04-19T16:41:16","date_gmt":"2021-04-19T19:41:16","guid":{"rendered":"https:\/\/sites.uel.br\/cce\/?page_id=326"},"modified":"2026-04-17T11:53:01","modified_gmt":"2026-04-17T14:53:01","slug":"conselho-de-centro","status":"publish","type":"page","link":"https:\/\/sites.uel.br\/cce\/apresentacao\/conselho-de-centro\/","title":{"rendered":"Conselho de Centro"},"content":{"rendered":"<p style=\"padding-left: 40px\"><strong>Diretor:<\/strong> Alan Salvany Felinto<\/p>\n<p style=\"padding-left: 40px\"><strong>Vice-Diretor:<\/strong> Silvano Cesar da Costa<\/p>\n<p><span style=\"color: #008000\"><strong>CHEFES DE DEPARTAMENTO<\/strong><\/span><\/p>\n<ul>\n<li>Carlos Alberto Hirata (Geografia);<\/li>\n<li>Roberto de Matos (Qu\u00edmica);<\/li>\n<li>Wesley Attrot (Computa\u00e7\u00e3o);<\/li>\n<li>Pedro Henrique Ramos Cerqueira(Estat\u00edstica);<\/li>\n<li>Marcello Ferreira da Costa (F\u00edsica);<\/li>\n<li>Suely Mayumi Obara Doi (Bioqu\u00edmica e Biotecnologia);<\/li>\n<li>Tulio Oliveira de Carvalho (Matem\u00e1tica);<\/li>\n<\/ul>\n<p><span style=\"color: #008000\"><strong>COORDENADORES DE COLEGIADO<\/strong><\/span><\/p>\n<ul>\n<li>Lucio Cesar de Almeida (Curso de Qu\u00edmica)<\/li>\n<li>Marcelo Alves de Carvalho (Curso de F\u00edsica)<\/li>\n<li>Jaqueline Telma Vercezi (Curso de Geografia)<\/li>\n<li>Fabiana Guillen Moreira Gasparin (Curso de Biotecnologia)<\/li>\n<li>Bruno Rodrigo Teixeira (Curso de Matem\u00e1tica)<\/li>\n<li>Evandro Baccarin (Curso de Ci\u00eancia da Computa\u00e7\u00e3o)<\/li>\n<li>Daniel dos Santos Kaster (Curso de Ci\u00eancia de Dados e Intelig\u00eancia Artificial)<\/li>\n<\/ul>\n<p><span style=\"color: #008000\"><strong>COMISS\u00c3O DE EXTENS\u00c3O <\/strong><\/span><\/p>\n<ul>\n<li>Elen Julcil\u00e9ia Rom\u00e3o Sartori Braz<\/li>\n<\/ul>\n<p><span style=\"color: #008000\"><strong>COMISS\u00c3O DE PESQUISA<\/strong><\/span><\/p>\n<ul>\n<li>Marcela Zanetti Corazza<\/li>\n<\/ul>\n<p><span style=\"color: #008000\"><strong>REPRESENTANTE DO <em>LATO SENSU<\/em><\/strong><\/span><\/p>\n<ul>\n<li>Jacques Duilio Brancher<\/li>\n<\/ul>\n<p><span style=\"color: #008000\"><strong>COORDENADORES DOS PROGRAMAS DE <em>STRICTO SENSU<\/em><\/strong><\/span><\/p>\n<ul>\n<li>Daniele Sartori (Biotecnologia)<\/li>\n<li>Edson Laureto (F\u00edsica)<\/li>\n<li>Pamela Emanueli Alves Ferreira (Ensino de Ci\u00eancias e Educa\u00e7\u00e3o Matem\u00e1tica)<\/li>\n<li>Henrique de Santana (Bioenergia)<\/li>\n<li>Luiz Henrique Dall&#8217;Antonia (Qu\u00edmica)<\/li>\n<li>Jeani Delgado Paschoal Moura (Geografia)<\/li>\n<li>F\u00e1bio Luiz Melqu\u00edades (PROFIS)<\/li>\n<li>Moises Alves de Oliveira (PROFQUI)<\/li>\n<li>Paulo Laerte Natti (Matem\u00e1tica Aplicada e Computacional)<\/li>\n<li>Bruno Bogaz Zarpel\u00e3o (Ci\u00eancia da Computa\u00e7\u00e3o)<\/li>\n<li>Adeval Lino Ferreira (PROFMAT)<\/li>\n<\/ul>\n<p><span style=\"color: #008000\"><strong>\u00d3RG\u00c3O SUPLEMENTAR <\/strong><\/span><\/p>\n<ul>\n<li>Eliana Aparecida Silicz Bueno;<\/li>\n<\/ul>\n<p><span style=\"color: #008000\"><strong>REPRESENTANTES DOS SERVIDORES T\u00c9CNICO-ADMINISTRATIVOS <\/strong><\/span><\/p>\n<ul>\n<li>Analice Barbosa dos Santos;<\/li>\n<li>Maria Lucia Correia Lemes;<\/li>\n<li>Paulo Rog\u00e9rio Catarini da Silva;<\/li>\n<li>Silvio Cesar Caldeira.<\/li>\n<\/ul>\n<p><span style=\"color: #008000\"><strong>REPRESENTANTES DISCENTES<\/strong><\/span><\/p>\n<ul>\n<li>Gabriel Peres de Souza (Curso de Ci\u00eancia da Computa\u00e7\u00e3o)<\/li>\n<li>Kenai Silva Bazani (Curso de Ci\u00eancia da Computa\u00e7\u00e3o)<\/li>\n<li>Renata Leandro Amorim (Curso de Geografia)<\/li>\n<li>Vitor Hugo de Carvalho Mendes (Curso de F\u00edsica)<\/li>\n<\/ul>\n","protected":false},"excerpt":{"rendered":"<p>Diretor: Alan Salvany Felinto Vice-Diretor: Silvano Cesar da Costa CHEFES DE DEPARTAMENTO Carlos Alberto Hirata (Geografia); Roberto de Matos (Qu\u00edmica); Wesley Attrot (Computa\u00e7\u00e3o); Pedro Henrique Ramos Cerqueira(Estat\u00edstica); Marcello Ferreira da Costa (F\u00edsica); Suely Mayumi Obara Doi (Bioqu\u00edmica e Biotecnologia); Tulio Oliveira de Carvalho (Matem\u00e1tica); COORDENADORES DE COLEGIADO Lucio Cesar de Almeida (Curso de Qu\u00edmica) Marcelo [&hellip;]<\/p>\n","protected":false},"author":1,"featured_media":0,"parent":14,"menu_order":0,"comment_status":"closed","ping_status":"closed","template":"","meta":{"footnotes":""},"class_list":["post-326","page","type-page","status-publish","hentry"],"_links":{"self":[{"href":"https:\/\/sites.uel.br\/cce\/wp-json\/wp\/v2\/pages\/326","targetHints":{"allow":["GET"]}}],"collection":[{"href":"https:\/\/sites.uel.br\/cce\/wp-json\/wp\/v2\/pages"}],"about":[{"href":"https:\/\/sites.uel.br\/cce\/wp-json\/wp\/v2\/types\/page"}],"author":[{"embeddable":true,"href":"https:\/\/sites.uel.br\/cce\/wp-json\/wp\/v2\/users\/1"}],"replies":[{"embeddable":true,"href":"https:\/\/sites.uel.br\/cce\/wp-json\/wp\/v2\/comments?post=326"}],"version-history":[{"count":19,"href":"https:\/\/sites.uel.br\/cce\/wp-json\/wp\/v2\/pages\/326\/revisions"}],"predecessor-version":[{"id":1778,"href":"https:\/\/sites.uel.br\/cce\/wp-json\/wp\/v2\/pages\/326\/revisions\/1778"}],"up":[{"embeddable":true,"href":"https:\/\/sites.uel.br\/cce\/wp-json\/wp\/v2\/pages\/14"}],"wp:attachment":[{"href":"https:\/\/sites.uel.br\/cce\/wp-json\/wp\/v2\/media?parent=326"}],"curies":[{"name":"wp","href":"https:\/\/api.w.org\/{rel}","templated":true}]}}

<p style="padding-left: 40px"><strong>Diretor:</strong> Alan Salvany Felinto</p>
<p style="padding-left: 40px"><strong>Vice-Diretor:</strong> Silvano Cesar da Costa</p>
<p><span style="color: #008000"><strong>CHEFES DE DEPARTAMENTO</strong></span></p>
<ul>
<li>Carlos Alberto Hirata (Geografia);</li>
<li>Roberto de Matos (Química);</li>
<li>Wesley Attrot (Computação);</li>
<li>Pedro Henrique Ramos Cerqueira(Estatística);</li>
<li>Marcello Ferreira da Costa (Física);</li>
<li>Suely Mayumi Obara Doi (Bioquímica e Biotecnologia);</li>
<li>Tulio Oliveira de Carvalho (Matemática);</li>
</ul>
<p><span style="color: #008000"><strong>COORDENADORES DE COLEGIADO</strong></span></p>
<ul>
<li>Lucio Cesar de Almeida (Curso de Química)</li>
<li>Marcelo Alves de Carvalho (Curso de Física)</li>
<li>Jaqueline Telma Vercezi (Curso de Geografia)</li>
<li>Fabiana Guillen Moreira Gasparin (Curso de Biotecnologia)</li>
<li>Bruno Rodrigo Teixeira (Curso de Matemática)</li>
<li>Evandro Baccarin (Curso de Ciência da Computação)</li>
<li>Daniel dos Santos Kaster (Curso de Ciência de Dados e Inteligência Artificial)</li>
</ul>
<p><span style="color: #008000"><strong>COMISSÃO DE EXTENSÃO </strong></span></p>
<ul>
<li>Elen Julciléia Romão Sartori Braz</li>
</ul>
<p><span style="color: #008000"><strong>COMISSÃO DE PESQUISA</strong></span></p>
<ul>
<li>Marcela Zanetti Corazza</li>
</ul>
<p><span style="color: #008000"><strong>REPRESENTANTE DO <em>LATO SENSU</em></strong></span></p>
<ul>
<li>Jacques Duilio Brancher</li>
</ul>
<p><span style="color: #008000"><strong>COORDENADORES DOS PROGRAMAS DE <em>STRICTO SENSU</em></strong></span></p>
<ul>
<li>Daniele Sartori (Biotecnologia)</li>
<li>Edson Laureto (Física)</li>
<li>Pamela Emanueli Alves Ferreira (Ensino de Ciências e Educação Matemática)</li>
<li>Henrique de Santana (Bioenergia)</li>
<li>Luiz Henrique Dall&#8217;Antonia (Química)</li>
<li>Jeani Delgado Paschoal Moura (Geografia)</li>
<li>Fábio Luiz Melquíades (PROFIS)</li>
<li>Moises Alves de Oliveira (PROFQUI)</li>
<li>Paulo Laerte Natti (Matemática Aplicada e Computacional)</li>
<li>Bruno Bogaz Zarpelão (Ciência da Computação)</li>
<li>Adeval Lino Ferreira (PROFMAT)</li>
</ul>
<p><span style="color: #008000"><strong>ÓRGÃO SUPLEMENTAR </strong></span></p>
<ul>
<li>Eliana Aparecida Silicz Bueno;</li>
</ul>
<p><span style="color: #008000"><strong>REPRESENTANTES DOS SERVIDORES TÉCNICO-ADMINISTRATIVOS </strong></span></p>
<ul>
<li>Analice Barbosa dos Santos;</li>
<li>Maria Lucia Correia Lemes;</li>
<li>Paulo Rogério Catarini da Silva;</li>
<li>Silvio Cesar Caldeira.</li>
</ul>
<p><span style="color: #008000"><strong>REPRESENTANTES DISCENTES</strong></span></p>
<ul>
<li>Gabriel Peres de Souza (Curso de Ciência da Computação)</li>
<li>Kenai Silva Bazani (Curso de Ciência da Computação)</li>
<li>Renata Leandro Amorim (Curso de Geografia)</li>
<li>Vitor Hugo de Carvalho Mendes (Curso de Física)</li>
</ul>

<p>Diretor: Alan Salvany Felinto Vice-Diretor: Silvano Cesar da Costa CHEFES DE DEPARTAMENTO Carlos Alberto Hirata (Geografia); Roberto de Matos (Química); Wesley Attrot (Computação); Pedro Henrique Ramos Cerqueira(Estatística); Marcello Ferreira da Costa (Física); Suely Mayumi Obara Doi (Bioquímica e Biotecnologia); Tulio Oliveira de Carvalho (Matemática); COORDENADORES DE COLEGIADO Lucio Cesar de Almeida (Curso de Química) Marcelo [&hellip;]</p>
