{"id":1597,"date":"2023-08-04T16:22:41","date_gmt":"2023-08-04T19:22:41","guid":{"rendered":"https:\/\/sites.uel.br\/cce\/?page_id=1597"},"modified":"2023-08-04T16:59:16","modified_gmt":"2023-08-04T19:59:16","slug":"ingressante-matematica-2023","status":"publish","type":"page","link":"https:\/\/sites.uel.br\/cce\/ingressante-matematica-2023\/","title":{"rendered":"Ingressante &#8211; Matem\u00e1tica 2023"},"content":{"rendered":"<p>Sejam bem-vindos ao Curso de Matem\u00e1tica da UEL.<\/p>\n<p><strong>Colegiado do Curso de Matem\u00e1tica<\/strong><\/p>\n<p>Para o perfeito funcionamento acad\u00eamico do curso \u00e9 necess\u00e1rio uma equipe formada por docentes, t\u00e9cnicos e discentes, nominada Colegiado, cuja fun\u00e7\u00e3o est\u00e1 prevista no regulamento interno da UEL, dispondo que:<\/p>\n<p>\u00a0<strong>Art. 64.<\/strong> Os Colegiados de Cursos de Gradua\u00e7\u00e3o exercem a coordena\u00e7\u00e3o pedag\u00f3gica dos cursos e ser\u00e3o constitu\u00eddos por representantes docentes da \u00e1rea principal de conhecimento e da \u00e1rea b\u00e1sica e\/ou complementar de conhecimento, estudantes e servidores, na forma prevista nos\u00a7\u00a7 2\u00ba e 3\u00ba do Art. 27 do Estatuto da Universidade. (Art. Alterado atrav\u00e9s da Res. CU 168\/2007).<\/p>\n<p><strong>\u00a0Par\u00e1grafo \u00fanico<\/strong>. Cada curso de gradua\u00e7\u00e3o ter\u00e1 um \u00fanico Colegiado, independentemente do n\u00famero de habilita\u00e7\u00f5es, salvo nos casos de especificidades da forma\u00e7\u00e3o profissional com curr\u00edculos sem tronco comum, casos em que, com a aprova\u00e7\u00e3o do Conselho de Ensino, Pesquisa e Extens\u00e3o, poder\u00e1 haver separa\u00e7\u00e3o em mais de um Colegiado. (Par\u00e1grafo Alterado atrav\u00e9s da Res.CU 168\/2007).<\/p>\n<p>A Coordenadora do Colegiado do Curso de Matem\u00e1tica quer recepcion\u00e1-los.<\/p>\n<p><strong>Coordenadora de Colegiado do Curso de Matem\u00e1tica &#8211; Prof<sup>a<\/sup> Sandra Malta Barbosa<\/strong><\/p>\n<p><img loading=\"lazy\" decoding=\"async\" class=\"\" src=\"https:\/\/sites.uel.br\/ser\/wp-content\/uploads\/2023\/07\/matematica-1024x683.png\" width=\"476\" height=\"317\" \/><\/p>\n<p><strong>Vice-Coordenador de Colegiado do Curso de Matem\u00e1tica &#8211; Prof. Rodrigo Nunes Monteiro<\/strong><\/p>\n<p><img loading=\"lazy\" decoding=\"async\" class=\"\" src=\"https:\/\/sites.uel.br\/ser\/wp-content\/uploads\/2023\/07\/matematica_rodrigo_vice_coordenador-1024x683.png\" width=\"471\" height=\"314\" \/><\/p>\n<p>e-mail:\u00a0<a href=\"mailto:academica.cce@uel.br\">academica.cce@uel.br<\/a><\/p>\n<p>\u00a0<\/p>\n\n\n<h3 class=\"wp-block-heading\">Conhe\u00e7a a Secretaria do Departamento de Matem\u00e1tica<\/h3>\n\n\n\n<p>Nosso pessoal t\u00e9cnico-administrativo est\u00e1 preparado para atend\u00ea-los. Conhe\u00e7a um pouco da secretaria do departamento ao qual seu curso est\u00e1 vinculado.<\/p>\n\n\n\n<p>Secret\u00e1rio &#8211; Paulo Rog\u00e9rio Corso&nbsp; &nbsp; &nbsp; &nbsp; &nbsp; &nbsp; &nbsp; &nbsp; &nbsp; &nbsp;Contato: (43) 3371-4226 &nbsp; &#8211;&nbsp; mat@uel.br<\/p>\n\n\n\n<figure class=\"wp-block-embed is-type-video is-provider-youtube wp-block-embed-youtube wp-embed-aspect-16-9 wp-has-aspect-ratio\"><div class=\"wp-block-embed__wrapper\">\n<iframe loading=\"lazy\" title=\"Secretaria do Departamento de Matem\u00e1tica\" width=\"500\" height=\"281\" src=\"https:\/\/www.youtube.com\/embed\/YxDg9-i-x6E?feature=oembed\" frameborder=\"0\" allow=\"accelerometer; autoplay; clipboard-write; encrypted-media; gyroscope; picture-in-picture; web-share\" referrerpolicy=\"strict-origin-when-cross-origin\" allowfullscreen><\/iframe>\n<\/div><\/figure>\n\n\n\n<p><strong>Programa\u00e7\u00e3o &#8211; Semana de Recep\u00e7\u00e3o aos Ingressantes &#8211; UEL 2023<\/strong><\/p>\n\n\n\n<p>Programa\u00e7\u00e3o &#8211; Matem\u00e1tica (Bacharelado)<\/p>\n\n\n\n<div data-wp-interactive=\"core\/file\" class=\"wp-block-file\"><object data-wp-bind--hidden=\"!state.hasPdfPreview\" hidden class=\"wp-block-file__embed\" data=\"https:\/\/sites.uel.br\/cce\/wp-content\/uploads\/2023\/08\/matematica-bacharelado-2023.pdf\" type=\"application\/pdf\" style=\"width:100%;height:600px\" aria-label=\"Incorporado de matematica-bacharelado-2023.\"><\/object><a id=\"wp-block-file--media-3785c6ff-186a-42c8-8e73-cb67e6d76309\" href=\"https:\/\/sites.uel.br\/cce\/wp-content\/uploads\/2023\/08\/matematica-bacharelado-2023.pdf\">matematica-bacharelado-2023<\/a><a href=\"https:\/\/sites.uel.br\/cce\/wp-content\/uploads\/2023\/08\/matematica-bacharelado-2023.pdf\" class=\"wp-block-file__button wp-element-button\" download aria-describedby=\"wp-block-file--media-3785c6ff-186a-42c8-8e73-cb67e6d76309\">Baixar<\/a><\/div>\n\n\n\n<p>Programa\u00e7\u00e3o &#8211; Matem\u00e1tica (Licenciatura)<\/p>\n\n\n\n<div data-wp-interactive=\"core\/file\" class=\"wp-block-file\"><object data-wp-bind--hidden=\"!state.hasPdfPreview\" hidden class=\"wp-block-file__embed\" data=\"https:\/\/sites.uel.br\/cce\/wp-content\/uploads\/2023\/08\/matematica-licenciatura-2023.pdf\" type=\"application\/pdf\" style=\"width:100%;height:600px\" aria-label=\"Incorporado de matematica-licenciatura-2023.\"><\/object><a id=\"wp-block-file--media-c0670596-509f-47fd-8220-bf8e25bf96fa\" href=\"https:\/\/sites.uel.br\/cce\/wp-content\/uploads\/2023\/08\/matematica-licenciatura-2023.pdf\">matematica-licenciatura-2023<\/a><a href=\"https:\/\/sites.uel.br\/cce\/wp-content\/uploads\/2023\/08\/matematica-licenciatura-2023.pdf\" class=\"wp-block-file__button wp-element-button\" download aria-describedby=\"wp-block-file--media-c0670596-509f-47fd-8220-bf8e25bf96fa\">Baixar<\/a><\/div>\n","protected":false},"excerpt":{"rendered":"<p>Sejam bem-vindos ao Curso de Matem\u00e1tica da UEL. Colegiado do Curso de Matem\u00e1tica Para o perfeito funcionamento acad\u00eamico do curso \u00e9 necess\u00e1rio uma equipe formada por docentes, t\u00e9cnicos e discentes, nominada Colegiado, cuja fun\u00e7\u00e3o est\u00e1 prevista no regulamento interno da UEL, dispondo que: \u00a0Art. 64. Os Colegiados de Cursos de Gradua\u00e7\u00e3o exercem a coordena\u00e7\u00e3o pedag\u00f3gica [&hellip;]<\/p>\n","protected":false},"author":8,"featured_media":0,"parent":0,"menu_order":0,"comment_status":"closed","ping_status":"closed","template":"","meta":{"footnotes":""},"class_list":["post-1597","page","type-page","status-publish","hentry"],"_links":{"self":[{"href":"https:\/\/sites.uel.br\/cce\/wp-json\/wp\/v2\/pages\/1597","targetHints":{"allow":["GET"]}}],"collection":[{"href":"https:\/\/sites.uel.br\/cce\/wp-json\/wp\/v2\/pages"}],"about":[{"href":"https:\/\/sites.uel.br\/cce\/wp-json\/wp\/v2\/types\/page"}],"author":[{"embeddable":true,"href":"https:\/\/sites.uel.br\/cce\/wp-json\/wp\/v2\/users\/8"}],"replies":[{"embeddable":true,"href":"https:\/\/sites.uel.br\/cce\/wp-json\/wp\/v2\/comments?post=1597"}],"version-history":[{"count":2,"href":"https:\/\/sites.uel.br\/cce\/wp-json\/wp\/v2\/pages\/1597\/revisions"}],"predecessor-version":[{"id":1621,"href":"https:\/\/sites.uel.br\/cce\/wp-json\/wp\/v2\/pages\/1597\/revisions\/1621"}],"wp:attachment":[{"href":"https:\/\/sites.uel.br\/cce\/wp-json\/wp\/v2\/media?parent=1597"}],"curies":[{"name":"wp","href":"https:\/\/api.w.org\/{rel}","templated":true}]}}

Ingressante &#8211; Matemática 2023

<p>Sejam bem-vindos ao Curso de Matemática da UEL.</p>
<p><strong>Colegiado do Curso de Matemática</strong></p>
<p>Para o perfeito funcionamento acadêmico do curso é necessário uma equipe formada por docentes, técnicos e discentes, nominada Colegiado, cuja função está prevista no regulamento interno da UEL, dispondo que:</p>
<p> <strong>Art. 64.</strong> Os Colegiados de Cursos de Graduação exercem a coordenação pedagógica dos cursos e serão constituídos por representantes docentes da área principal de conhecimento e da área básica e/ou complementar de conhecimento, estudantes e servidores, na forma prevista nos§§ 2º e 3º do Art. 27 do Estatuto da Universidade. (Art. Alterado através da Res. CU 168/2007).</p>
<p><strong> Parágrafo único</strong>. Cada curso de graduação terá um único Colegiado, independentemente do número de habilitações, salvo nos casos de especificidades da formação profissional com currículos sem tronco comum, casos em que, com a aprovação do Conselho de Ensino, Pesquisa e Extensão, poderá haver separação em mais de um Colegiado. (Parágrafo Alterado através da Res.CU 168/2007).</p>
<p>A Coordenadora do Colegiado do Curso de Matemática quer recepcioná-los.</p>
<p><strong>Coordenadora de Colegiado do Curso de Matemática &#8211; Prof<sup>a</sup> Sandra Malta Barbosa</strong></p>
<p><img loading="lazy" decoding="async" class="" src="https://sites.uel.br/ser/wp-content/uploads/2023/07/matematica-1024x683.png" width="476" height="317" /></p>
<p><strong>Vice-Coordenador de Colegiado do Curso de Matemática &#8211; Prof. Rodrigo Nunes Monteiro</strong></p>
<p><img loading="lazy" decoding="async" class="" src="https://sites.uel.br/ser/wp-content/uploads/2023/07/matematica_rodrigo_vice_coordenador-1024x683.png" width="471" height="314" /></p>
<p>e-mail: <a href="mailto:academica.cce@uel.br">academica.cce@uel.br</a></p>
<p> </p>


<h3 class="wp-block-heading">Conheça a Secretaria do Departamento de Matemática</h3>



<p>Nosso pessoal técnico-administrativo está preparado para atendê-los. Conheça um pouco da secretaria do departamento ao qual seu curso está vinculado.</p>



<p>Secretário &#8211; Paulo Rogério Corso&nbsp; &nbsp; &nbsp; &nbsp; &nbsp; &nbsp; &nbsp; &nbsp; &nbsp; &nbsp;Contato: (43) 3371-4226 &nbsp; &#8211;&nbsp; mat@uel.br</p>



<figure class="wp-block-embed is-type-video is-provider-youtube wp-block-embed-youtube wp-embed-aspect-16-9 wp-has-aspect-ratio"><div class="wp-block-embed__wrapper">
<iframe loading="lazy" title="Secretaria do Departamento de Matemática" width="500" height="281" src="https://www.youtube.com/embed/YxDg9-i-x6E?feature=oembed" frameborder="0" allow="accelerometer; autoplay; clipboard-write; encrypted-media; gyroscope; picture-in-picture; web-share" referrerpolicy="strict-origin-when-cross-origin" allowfullscreen></iframe>
</div></figure>



<p><strong>Programação &#8211; Semana de Recepção aos Ingressantes &#8211; UEL 2023</strong></p>



<p>Programação &#8211; Matemática (Bacharelado)</p>



<div data-wp-interactive="core/file" class="wp-block-file"><object data-wp-bind--hidden="!state.hasPdfPreview" hidden class="wp-block-file__embed" data="https://sites.uel.br/cce/wp-content/uploads/2023/08/matematica-bacharelado-2023.pdf" type="application/pdf" style="width:100%;height:600px" aria-label="Incorporado de matematica-bacharelado-2023."></object><a id="wp-block-file--media-3785c6ff-186a-42c8-8e73-cb67e6d76309" href="https://sites.uel.br/cce/wp-content/uploads/2023/08/matematica-bacharelado-2023.pdf">matematica-bacharelado-2023</a><a href="https://sites.uel.br/cce/wp-content/uploads/2023/08/matematica-bacharelado-2023.pdf" class="wp-block-file__button wp-element-button" download aria-describedby="wp-block-file--media-3785c6ff-186a-42c8-8e73-cb67e6d76309">Baixar</a></div>



<p>Programação &#8211; Matemática (Licenciatura)</p>



<div data-wp-interactive="core/file" class="wp-block-file"><object data-wp-bind--hidden="!state.hasPdfPreview" hidden class="wp-block-file__embed" data="https://sites.uel.br/cce/wp-content/uploads/2023/08/matematica-licenciatura-2023.pdf" type="application/pdf" style="width:100%;height:600px" aria-label="Incorporado de matematica-licenciatura-2023."></object><a id="wp-block-file--media-c0670596-509f-47fd-8220-bf8e25bf96fa" href="https://sites.uel.br/cce/wp-content/uploads/2023/08/matematica-licenciatura-2023.pdf">matematica-licenciatura-2023</a><a href="https://sites.uel.br/cce/wp-content/uploads/2023/08/matematica-licenciatura-2023.pdf" class="wp-block-file__button wp-element-button" download aria-describedby="wp-block-file--media-c0670596-509f-47fd-8220-bf8e25bf96fa">Baixar</a></div>

<p>Sejam bem-vindos ao Curso de Matemática da UEL. Colegiado do Curso de Matemática Para o perfeito funcionamento acadêmico do curso é necessário uma equipe formada por docentes, técnicos e discentes, nominada Colegiado, cuja função está prevista no regulamento interno da UEL, dispondo que:  Art. 64. Os Colegiados de Cursos de Graduação exercem a coordenação pedagógica [&hellip;]</p>
